000
CXUS51 KBTV 010700
CF6SLK
PRELIMINARY LOCAL CLIMATOLOGICAL DATA (WS FORM: F-6)
STATION: SARANAC LAKE NY
MONTH: AUGUST
YEAR: 2022
LATITUDE: 44 23 N
LONGITUDE: 74 12 W
TEMPERATURE IN F: :PCPN: SNOW: WIND :SUNSHINE: SKY :PK WND
================================================================================
1 2 3 4 5 6A 6B 7 8 9 10 11 12 13 14 15 16 17 18
12Z AVG MX 2MIN
DY MAX MIN AVG DEP HDD CDD WTR SNW DPTH SPD SPD DIR MIN PSBL S-S WX SPD DR
================================================================================
1 82 49 66 3 0 1 0.00 M M 4.2 16 220 M M 3 12 23 200
2 76 49 63 0 2 0 0.18 M M 3.3 13 230 M M 7 18 18 320
3 79 41 60 -3 5 0 0.00 M M 4.5 18 200 M M 2 12 24 200
4 79 58 69 6 0 4 0.02 M M 4.7 13 220 M M 4 1 18 220
5 83 60 72 9 0 7 0.49 M M 4.0 13 70 M M 6 13 15 290
6 87 56 72 9 0 7 0.00 M M 4.1 18 200 M M 3 1 23 330
7 85 65 75 12 0 10 T M M 5.8 15 220 M M 3 22 240
8 87 68 78 15 0 13 0.28 M M 8.1 25 220 M M 7 1 33 220
9 73 57 65 2 0 0 0.17 M M 4.6 14 220 M M 10 1 19 240
10 73 53 63 0 2 0 0.00 M M 2.8 13 220 M M 6 1 16 220
11 72 47 60 -2 5 0 0.22 M M 2.8 10 270 M M 6 13 18 280
12 67 40 54 -8 11 0 0.00 M M 3.2 13 300 M M 5 1 19 270
13 73 42 58 -4 7 0 0.00 M M 2.0 13 20 M M 4 12 18 30
14 74 37 56 -6 9 0 0.00 M M 0.9 6 260 M M 4 12 M M
15 79 40 60 -2 5 0 0.00 M M 2.8 13 70 M M 2 16 80
16 80 44 62 0 3 0 0.00 M M 4.5 20 60 M M 3 3 23 60
17 77 53 65 3 0 0 0.00 M M 4.3 18 70 M M 4 23 80
18 74 54 64 2 1 0 0.06 M M 2.9 12 290 M M 6 1 19 300
19 80 51 66 4 0 1 0.00 M M 5.1 14 230 M M 1 12 19 200
20 86 45 66 5 0 1 0.01 M M 1.8 12 220 M M 4 12 14 220
21 83 55 69 8 0 4 0.02 M M 4.2 21 210 M M 3 1 26 210
22 78 60 69 8 0 4 0.06 M M 1.9 13 190 M M 8 12 16 200
23 71 61 66 5 0 1 0.61 M M 0.7 9 220 M M 8 123 11 180
24 79 56 68 7 0 3 T M M 2.5 12 260 M M 6 1 17 250
25 76 54 65 5 0 0 0.00 M M 3.6 12 50 M M 6 1 14 40
26 77 54 66 6 0 1 0.22 M M 2.2 14 240 M M 7 13 17 200
27 73 45 59 -1 6 0 0.00 M M 2.5 9 360 M M 5 1 15 40
28 81 44 63 3 2 0 0.00 M M 2.3 14 210 M M 4 12 19 200
29 86 55 71 11 0 6 0.14 M M 10.1 21 200 M M 2 13 30 260
30 81 61 71 11 0 6 1.52 M M 7.3 18 190 M M 6 138 33 220
31 70 53 62 3 3 0 0.26 M M 7.1 17 230 M M 7 13 24 230
================================================================================
SM 2421 1607 61 69 4.26 M 120.8 M 152
================================================================================
AV 78.1 51.8 3.9 FASTST M M 5 MAX(MPH)
MISC ----> 25 220 # 33 220
================================================================================
NOTES:
# LAST OF SEVERAL OCCURRENCES
COLUMN 17 PEAK WIND IN M.P.H.
PRELIMINARY LOCAL CLIMATOLOGICAL DATA (WS FORM: F-6) , PAGE 2
STATION: SARANAC LAKE NY
MONTH: AUGUST
YEAR: 2022
LATITUDE: 44 23 N
LONGITUDE: 74 12 W
[TEMPERATURE DATA] [PRECIPITATION DATA] SYMBOLS USED IN COLUMN 16
AVERAGE MONTHLY: 65.0 TOTAL FOR MONTH: 4.26 1 = FOG OR MIST
DPTR FM NORMAL: 3.3 DPTR FM NORMAL: 0.70 2 = FOG REDUCING VISIBILITY
HIGHEST: 87 ON 8, 6 GRTST 24HR 1.59 ON 29-30 TO 1/4 MILE OR LESS
LOWEST: 37 ON 14 3 = THUNDER
SNOW, ICE PELLETS, HAIL 4 = ICE PELLETS
TOTAL MONTH: M 5 = HAIL
GRTST 24HR M ON M 6 = FREEZING RAIN OR DRIZZLE
GRTST DEPTH: M ON M 7 = DUSTSTORM OR SANDSTORM:
VSBY 1/2 MILE OR LESS
8 = SMOKE OR HAZE
[NO. OF DAYS WITH] [WEATHER - DAYS WITH] 9 = BLOWING SNOW
X = TORNADO
MAX 32 OR BELOW: 0 0.01 INCH OR MORE: 15
MAX 90 OR ABOVE: 0 0.10 INCH OR MORE: 10
MIN 32 OR BELOW: 0 0.50 INCH OR MORE: 2
MIN 0 OR BELOW: 0 1.00 INCH OR MORE: 1
[HDD (BASE 65) ]
TOTAL THIS MO. 61 CLEAR (SCALE 0-3) 7
DPTR FM NORMAL -74 PTCLDY (SCALE 4-7) 23
TOTAL FM JUL 1 150 CLOUDY (SCALE 8-10) 1
DPTR FM NORMAL -75
[CDD (BASE 65) ]
TOTAL THIS MO. 69
DPTR FM NORMAL 37 [PRESSURE DATA]
TOTAL FM JAN 1 143 HIGHEST SLP M ON M
DPTR FM NORMAL 32 LOWEST SLP 29.67 ON 30
[REMARKS]
#FINAL-08-22#