000
CXUS56 KLOX 011255
CF6SMO
PRELIMINARY LOCAL CLIMATOLOGICAL DATA (WS FORM: F-6)
STATION: SANTA MONICA AIRPORT CA
MONTH: FEBRUARY
YEAR: 2023
LATITUDE: 34 0 N
LONGITUDE: 118 27 W
TEMPERATURE IN F: :PCPN: SNOW: WIND :SUNSHINE: SKY :PK WND
================================================================================
1 2 3 4 5 6A 6B 7 8 9 10 11 12 13 14 15 16 17 18
12Z AVG MX 2MIN
DY MAX MIN AVG DEP HDD CDD WTR SNW DPTH SPD SPD DIR MIN PSBL S-S WX SPD DR
================================================================================
1 64 41 53 -4 12 0 0.00 M M 3.9 10 250 M M 0 15 240
2 67 42 55 -2 10 0 0.00 M M 4.5 9 240 M M 0 12 240
3 66 48 57 0 8 0 0.00 M M 3.1 13 230 M M 0 16 230
4 66 45 56 -1 9 0 0.00 M M 4.2 9 230 M M 0 21 230
5 63 51 57 0 8 0 0.01 M M 5.2 20 350 M M 3 1 35 20
6 71 51 61 4 4 0 0.00 M M 7.3 22 360 M M 0 37 360
7 67 44 56 -1 9 0 0.00 M M 3.4 12 200 M M 0 15 200
8 69 46 58 1 7 0 0.00 M M 3.5 10 210 M M 0 13 230
9 76 46 61 4 4 0 0.00 M M 3.9 8 240 M M 0 10 240
10 78 54 66 9 0 1 0.00 M M 4.6 10 240 M M 0 17 20
11 60 48 54 -3 11 0 0.00 M M 4.8 16 240 M M 1 23 230
12 57 44 51 -6 14 0 0.00 M M 4.1 14 230 M M 2 21 220
13 61 48 55 -2 10 0 T M M 4.3 12 210 M M 5 16 220
14 59 48 54 -3 11 0 0.00 M M 6.6 17 10 M M 6 33 350
15 64 45 55 -2 10 0 0.00 M M 9.2 21 10 M M 0 31 10
16 61 39 50 -7 15 0 0.00 M M 4.5 10 260 M M 0 14 260
17 69 46 58 1 7 0 0.00 M M 4.3 13 200 M M 0 20 270
18 67 45 56 -1 9 0 0.00 M M 4.0 15 210 M M 0 17 210
19 63 43 53 -4 12 0 0.00 M M 3.5 15 200 M M 0 M M
20 68 45 57 0 8 0 0.00 M M 3.6 13 230 M M M 16 220
21 60 48 54 -3 11 0 0.00 M M 6.7 16 300 M M 7 25 290
22 55 45 50 -7 15 0 0.00 M M 11.5 24 250 M M 2 38 280
23 52 43 48 -10 17 0 0.30 M M 4.7 15 280 M M 7 13 27 260
24 55 44 50 -8 15 0 2.32 M M 12.4 26 150 M M 10 1 42 150
25 50 43 47 -11 18 0 1.00 M M 5.9 13 130 M M 6 13 17 260
26 54 40 47 -11 18 0 0.26 M M 4.2 14 220 M M 6 1 17 250
27 54 45 50 -8 15 0 0.35 M M 3.8 13 110 M M 10 1 17 140
28 56 43 50 -8 15 0 0.92 M M 7.1 17 220 M M 6 1 22 220
================================================================================
SM 1752 1270 302 1 5.16 M 148.8 M 71
================================================================================
AV 62.6 45.4 5.3 FASTST M M 3 MAX(MPH)
MISC ----> 26 150 42 150
================================================================================
NOTES:
# LAST OF SEVERAL OCCURRENCES
COLUMN 17 PEAK WIND IN M.P.H.
PRELIMINARY LOCAL CLIMATOLOGICAL DATA (WS FORM: F-6) , PAGE 2
STATION: SANTA MONICA AIRPORT CA
MONTH: FEBRUARY
YEAR: 2023
LATITUDE: 34 0 N
LONGITUDE: 118 27 W
[TEMPERATURE DATA] [PRECIPITATION DATA] SYMBOLS USED IN COLUMN 16
AVERAGE MONTHLY: 54.0 TOTAL FOR MONTH: 5.16 1 = FOG OR MIST
DPTR FM NORMAL: -3.3 DPTR FM NORMAL: 1.82 2 = FOG REDUCING VISIBILITY
HIGHEST: 78 ON 10 GRTST 24HR 2.69 ON 24-25 TO 1/4 MILE OR LESS
LOWEST: 39 ON 16 3 = THUNDER
SNOW, ICE PELLETS, HAIL 4 = ICE PELLETS
TOTAL MONTH: M 5 = HAIL
GRTST 24HR M ON M 6 = FREEZING RAIN OR DRIZZLE
GRTST DEPTH: M ON M 7 = DUSTSTORM OR SANDSTORM:
VSBY 1/2 MILE OR LESS
8 = SMOKE OR HAZE
[NO. OF DAYS WITH] [WEATHER - DAYS WITH] 9 = BLOWING SNOW
X = TORNADO
MAX 32 OR BELOW: 0 0.01 INCH OR MORE: 7
MAX 90 OR ABOVE: 0 0.10 INCH OR MORE: 6
MIN 32 OR BELOW: 0 0.50 INCH OR MORE: 3
MIN 0 OR BELOW: 0 1.00 INCH OR MORE: 2
[HDD (BASE 65) ]
TOTAL THIS MO. 302 CLEAR (SCALE 0-3) 17
DPTR FM NORMAL 80 PTCLDY (SCALE 4-7) 8
TOTAL FM JUL 1 1104 CLOUDY (SCALE 8-10) 3
DPTR FM NORMAL 182
[CDD (BASE 65) ]
TOTAL THIS MO. 1
DPTR FM NORMAL -6 [PRESSURE DATA]
TOTAL FM JAN 1 1 HIGHEST SLP 30.35 ON 2
DPTR FM NORMAL -6 LOWEST SLP 29.61 ON 21
[REMARKS]
#FINAL-02-23#