000
CXUS56 KLOX 011255
CF6SMX
PRELIMINARY LOCAL CLIMATOLOGICAL DATA (WS FORM: F-6)
STATION: SANTA MARIA AIRPORT CA
MONTH: NOVEMBER
YEAR: 2022
LATITUDE: 34 54 N
LONGITUDE: 120 27 W
TEMPERATURE IN F: :PCPN: SNOW: WIND :SUNSHINE: SKY :PK WND
================================================================================
1 2 3 4 5 6A 6B 7 8 9 10 11 12 13 14 15 16 17 18
12Z AVG MX 2MIN
DY MAX MIN AVG DEP HDD CDD WTR SNW DPTH SPD SPD DIR MIN PSBL S-S WX SPD DR
================================================================================
1 68 48 58 -2 7 0 0.01 M M 5.7 16 260 M M 7 1 19 250
2 61 44 53 -7 12 0 0.00 M M 7.4 23 300 M M 1 28 300
3 61 37 49 -11 16 0 0.00 M M 5.6 22 300 M M 0 26 300
4 67 44 56 -4 9 0 0.00 M M 8.2 22 300 M M 0 8 28 300
5 68 45 57 -3 8 0 0.00 M M 10.1 26 300 M M 0 32 300
6 67 48 58 -1 7 0 0.00 M M 4.9 15 300 M M 6 12 20 290
7 60 46 53 -6 12 0 0.07 M M 4.6 17 260 M M 8 18 19 260
8 57 47 52 -7 13 0 0.86 M M 10.4 26 170 M M 8 1 34 170
9 59 40 50 -9 15 0 0.05 M M 5.8 17 310 M M 4 1 22 310
10 67 38 53 -5 12 0 0.00 M M 6.3 16 40 M M 0 19 30
11 65 36 51 -7 14 0 0.00 M M 3.6 13 300 M M 0 17 330
12 60 36 48 -10 17 0 0.00 M M 5.0 20 290 M M 0 1 24 290
13 62 39 51 -7 14 0 0.00 M M 6.6 17 300 M M 0 22 30
14 62 33 48 -10 17 0 0.00 M M 4.4 12 320 M M 0 15 320
15 61 34 48 -9 17 0 0.00 M M 3.2 9 300 M M 0 11 320
16 75 36 56 -1 9 0 0.00 M M 3.9 13 340 M M 0 15 220
17 68 37 53 -4 12 0 0.00 M M 3.1 13 280 M M 0 14 300
18 65 35 50 -7 15 0 0.00 M M 5.9 22 290 M M 0 27 300
19 73 35 54 -2 11 0 0.00 M M 4.3 17 210 M M 0 21 230
20 73 33 53 -3 12 0 0.00 M M 4.0 14 290 M M 0 16 290
21 70 36 53 -3 12 0 0.00 M M 2.7 8 280 M M 0 10 290
22 70 34 52 -4 13 0 0.00 M M 4.1 15 300 M M 0 8 18 310
23 74 40 57 2 8 0 0.00 M M 6.8 17 310 M M 0 23 320
24 77 38 58 3 7 0 0.00 M M 2.9 14 320 M M 0 15 330
25 76 39 58 3 7 0 0.00 M M 3.3 12 290 M M 0 15 290
26 71 37 54 -1 11 0 0.00 M M 4.1 16 290 M M 0 1 20 290
27 70 36 53 -1 12 0 0.00 M M 3.1 12 310 M M 1 13 290
28 61 43 52 -2 13 0 0.00 M M 6.6 24 290 M M 3 18 30 290
29 63 37 50 -4 15 0 0.00 M M 3.5 14 300 M M 0 16 310
30 63 38 51 -3 14 0 0.00 M M 3.6 14 310 M M 6 18 320
================================================================================
SM 1994 1169 361 0 0.99 M 153.7 M 44
================================================================================
AV 66.5 39.0 5.1 FASTST M M 1 MAX(MPH)
MISC ----> # 26 300 34 170
================================================================================
NOTES:
# LAST OF SEVERAL OCCURRENCES
COLUMN 17 PEAK WIND IN M.P.H.
PRELIMINARY LOCAL CLIMATOLOGICAL DATA (WS FORM: F-6) , PAGE 2
STATION: SANTA MARIA AIRPORT CA
MONTH: NOVEMBER
YEAR: 2022
LATITUDE: 34 54 N
LONGITUDE: 120 27 W
[TEMPERATURE DATA] [PRECIPITATION DATA] SYMBOLS USED IN COLUMN 16
AVERAGE MONTHLY: 52.7 TOTAL FOR MONTH: 0.99 1 = FOG OR MIST
DPTR FM NORMAL: -4.4 DPTR FM NORMAL: -0.13 2 = FOG REDUCING VISIBILITY
HIGHEST: 77 ON 24 GRTST 24HR 0.91 ON 8- 9 TO 1/4 MILE OR LESS
LOWEST: 33 ON 20,14 3 = THUNDER
SNOW, ICE PELLETS, HAIL 4 = ICE PELLETS
TOTAL MONTH: M 5 = HAIL
GRTST 24HR M ON M 6 = FREEZING RAIN OR DRIZZLE
GRTST DEPTH: M ON M 7 = DUSTSTORM OR SANDSTORM:
VSBY 1/2 MILE OR LESS
8 = SMOKE OR HAZE
[NO. OF DAYS WITH] [WEATHER - DAYS WITH] 9 = BLOWING SNOW
X = TORNADO
MAX 32 OR BELOW: 0 0.01 INCH OR MORE: 4
MAX 90 OR ABOVE: 0 0.10 INCH OR MORE: 1
MIN 32 OR BELOW: 0 0.50 INCH OR MORE: 1
MIN 0 OR BELOW: 0 1.00 INCH OR MORE: 0
[HDD (BASE 65) ]
TOTAL THIS MO. 361 CLEAR (SCALE 0-3) 23
DPTR FM NORMAL 118 PTCLDY (SCALE 4-7) 6
TOTAL FM JUL 1 637 CLOUDY (SCALE 8-10) 1
DPTR FM NORMAL 112
[CDD (BASE 65) ]
TOTAL THIS MO. 0
DPTR FM NORMAL -8 [PRESSURE DATA]
TOTAL FM JAN 1 202 HIGHEST SLP 30.35 ON 4
DPTR FM NORMAL 35 LOWEST SLP 29.67 ON 8
[REMARKS]
#FINAL-11-22#