000
CXUS54 KMAF 011110
CF6SNK
PRELIMINARY LOCAL CLIMATOLOGICAL DATA (WS FORM: F-6)
STATION: SNYDER WINSTON FIELD
MONTH: JUNE
YEAR: 2023
LATITUDE: 32 41 N
LONGITUDE: 100 57 W
TEMPERATURE IN F: :PCPN: SNOW: WIND :SUNSHINE: SKY :PK WND
================================================================================
1 2 3 4 5 6A 6B 7 8 9 10 11 12 13 14 15 16 17 18
12Z AVG MX 2MIN
DY MAX MIN AVG DEP HDD CDD WTR SNW DPTH SPD SPD DIR MIN PSBL S-S WX SPD DR
================================================================================
1 78 65 72 M 0 7 0.02 M M 11.2 20 140 M M 4 31 140
2 85 61 73 M 0 8 0.18 M M 12.4 39 270 M M 4 3 60 270
3 75 59 67 M 0 2 0.13 M M 6.7 13 50 M M 8 1 16 80
4 75 60 68 M 0 3 0.15 M M 5.2 10 70 M M 3 3 24 10
5 78 61 70 M 0 5 M M M 6.9 13 40 M M 5 18 330
6 82 60 71 M 0 6 M M M 4.1 9 80 M M 1 1 17 80
7 82 62 72 M 0 7 0.01 M M 5.3 26 280 M M 1 8 39 280
8 88 62 75 M 0 10 0.03 M M 6.3 21 290 M M 1 24 290
9 93 65 79 M 0 14 M M M 6.8 12 170 M M 0 9 180
10 97 65 81 M 0 16 M M M 8.8 18 270 M M 0 24 270
11 98 67 83 M 0 18 M M M 8.1 18 210 M M 0 22 210
12 77 64 71 M 0 6 M M M 12.8 20 60 M M 7 25 60
13 86 64 75 M 0 10 M M M 8.1 12 40 M M 5 1 16 130
14 91 69 80 M 0 15 M M M 7.0 12 50 M M 5 12 M M
15 103 67 85 M 0 20 M M M 8.4 23 250 M M 0 18 31 250
16 91 63 77 M 0 12 M M M 7.0 13 90 M M 0 18 20
17 101 69 85 M 0 20 M M M 5.6 20 110 M M 0 33 230
18 95 69 82 M 0 17 M M M 8.4 14 90 M M 0 22 30
19 107 70 89 M 0 24 M M M 7.8 16 160 M M 0 24 150
20 108 77 93 M 0 28 M M M 7.7 12 360 M M 0 8 18 330
21 108 68 88 M 0 23 M M M 8.0 24 100 M M 0 35 100
22 93 69 81 M 0 16 M M M 11.7 23 80 M M 0 29 80
23 100 71 86 M 0 21 0.27 M M 11.7 24 240 M M 1 37 240
24 106 72 89 M 0 24 M M M 11.6 18 200 M M 0 25 170
25 106 76 91 M 0 26 M M M 9.9 17 210 M M 0 21 210
26 100 73 87 M 0 22 M M M 6.4 15 260 M M 0 22 260
27 109 76 93 M 0 28 M M M 9.2 17 180 M M 0 26 180
28 106 79 93 M 0 28 M M M 13.2 21 170 M M 0 31 170
29 100 75 88 M 0 23 M M M 12.7 21 180 M M 0 29 170
30 96 68 82 M 0 17 1.28 M M 14.3 30 320 M M 4 3 52 320
================================================================================
SM 2814 2026 0 476 2.07 M 263.2 M 49
================================================================================
AV 93.8 67.5 8.8 FASTST M M 2 MAX(MPH)
MISC ----> 39 270 60 270
================================================================================
NOTES:
# LAST OF SEVERAL OCCURRENCES
COLUMN 17 PEAK WIND IN M.P.H.
PRELIMINARY LOCAL CLIMATOLOGICAL DATA (WS FORM: F-6) , PAGE 2
STATION: SNYDER WINSTON FIELD
MONTH: JUNE
YEAR: 2023
LATITUDE: 32 41 N
LONGITUDE: 100 57 W
[TEMPERATURE DATA] [PRECIPITATION DATA] SYMBOLS USED IN COLUMN 16
AVERAGE MONTHLY: 80.7 TOTAL FOR MONTH: 2.07 1 = FOG OR MIST
DPTR FM NORMAL: 0.0 DPTR FM NORMAL: M 2 = FOG REDUCING VISIBILITY
HIGHEST: 109 ON 27 GRTST 24HR 1.28 ON 30-30 TO 1/4 MILE OR LESS
LOWEST: 59 ON 3 3 = THUNDER
SNOW, ICE PELLETS, HAIL 4 = ICE PELLETS
TOTAL MONTH: M 5 = HAIL
GRTST 24HR M ON M 6 = FREEZING RAIN OR DRIZZLE
GRTST DEPTH: M ON M 7 = DUSTSTORM OR SANDSTORM:
VSBY 1/2 MILE OR LESS
8 = SMOKE OR HAZE
[NO. OF DAYS WITH] [WEATHER - DAYS WITH] 9 = BLOWING SNOW
X = TORNADO
MAX 32 OR BELOW: 0 0.01 INCH OR MORE: 8
MAX 90 OR ABOVE: 20 0.10 INCH OR MORE: 5
MIN 32 OR BELOW: 0 0.50 INCH OR MORE: 1
MIN 0 OR BELOW: 0 1.00 INCH OR MORE: 1
[HDD (BASE 65) ]
TOTAL THIS MO. 0 CLEAR (SCALE 0-3) 22
DPTR FM NORMAL M PTCLDY (SCALE 4-7) 8
TOTAL FM JUL 1 2531 CLOUDY (SCALE 8-10) 0
DPTR FM NORMAL M
[CDD (BASE 65) ]
TOTAL THIS MO. 476
DPTR FM NORMAL M [PRESSURE DATA]
TOTAL FM JAN 1 800 HIGHEST SLP M ON M
DPTR FM NORMAL M LOWEST SLP M ON M
[REMARKS]
#FINAL-06-23#