000
CXUS54 KMAF 011210
CF6SNK
PRELIMINARY LOCAL CLIMATOLOGICAL DATA (WS FORM: F-6)
STATION: SNYDER WINSTON FIELD
MONTH: JANUARY
YEAR: 2022
LATITUDE: 32 41 N
LONGITUDE: 100 57 W
TEMPERATURE IN F: :PCPN: SNOW: WIND :SUNSHINE: SKY :PK WND
================================================================================
1 2 3 4 5 6A 6B 7 8 9 10 11 12 13 14 15 16 17 18
12Z AVG MX 2MIN
DY MAX MIN AVG DEP HDD CDD WTR SNW DPTH SPD SPD DIR MIN PSBL S-S WX SPD DR
================================================================================
1 63 18 41 M 24 0 0.18 M M 15.3 25 350 M M 4 32 250
2 42 17 30 M 35 0 M M M 8.2 16 330 M M 0 23 330
3 56 20 38 M 27 0 M M M 8.0 13 190 M M 0 17 210
4 72 27 50 M 15 0 M M M 11.2 23 230 M M 0 30 230
5 52 36 44 M 21 0 M M M 8.9 20 40 M M 0 25 340
6 36 20 28 M 37 0 M M M 10.9 21 10 M M 0 30 10
7 53 15 34 M 31 0 M M M 8.0 14 160 M M 0 17 200
8 77 42 60 M 5 0 M M M 13.1 21 240 M M 3 1 26 190
9 52 35 44 M 21 0 M M M 13.3 23 10 M M 2 32 360
10 53 26 40 M 25 0 M M M 4.1 10 30 M M 0 M M
11 52 32 42 M 23 0 M M M 7.3 14 210 M M 4 22 190
12 64 28 46 M 19 0 M M M 6.1 12 220 M M 0 16 230
13 71 35 53 M 12 0 M M M 4.3 8 160 M M 0 M M
14 78 36 57 M 8 0 M M M 15.7 39 360 M M 0 8 51 360
15 46 31 39 M 26 0 M M M 21.8 40 350 M M 1 51 350
16 69 19 44 M 21 0 M M M 7.0 17 250 M M 0 23 250
17 66 34 50 M 15 0 M M M 5.8 10 180 M M 0 18 170
18 74 41 58 M 7 0 M M M 12.6 26 250 M M 0 33 240
19 57 31 44 M 21 0 M M M 13.7 22 10 M M 3 31 10
20 31 21 26 M 39 0 M M M 12.8 23 10 M M 9 31 10
21 47 19 33 M 32 0 M M M 6.4 13 140 M M 2 21 160
22 50 22 36 M 29 0 M M M 4.7 9 120 M M 3 M M
23 56 33 45 M 20 0 M M M 4.9 8 210 M M 2 M M
24 61 33 47 M 18 0 M M M 5.7 9 270 M M 2 M M
25 56 31 44 M 21 0 M M M 12.9 22 50 M M 0 29 50
26 30 24 27 M 38 0 M M M 9.5 21 50 M M 10 28 50
27 50 22 36 M 29 0 M M M 8.1 15 10 M M 4 1 21 30
28 52 25 39 M 26 0 M M M 7.3 12 310 M M 0 17 290
29 61 25 43 M 22 0 M M M 9.5 17 240 M M 0 23 240
30 67 33 50 M 15 0 M M M 6.7 13 200 M M 1 17 170
31 66 46 56 M 9 0 M M M 7.1 13 250 M M 1 17 220
================================================================================
SM 1760 877 691 0 0.18 M 290.7 M 51
================================================================================
AV 56.8 28.3 9.4 FASTST M M 2 MAX(MPH)
MISC ----> 40 350 # 51 360
================================================================================
NOTES:
# LAST OF SEVERAL OCCURRENCES
COLUMN 17 PEAK WIND IN M.P.H.
PRELIMINARY LOCAL CLIMATOLOGICAL DATA (WS FORM: F-6) , PAGE 2
STATION: SNYDER WINSTON FIELD
MONTH: JANUARY
YEAR: 2022
LATITUDE: 32 41 N
LONGITUDE: 100 57 W
[TEMPERATURE DATA] [PRECIPITATION DATA] SYMBOLS USED IN COLUMN 16
AVERAGE MONTHLY: 42.5 TOTAL FOR MONTH: 0.18 1 = FOG OR MIST
DPTR FM NORMAL: 0.0 DPTR FM NORMAL: M 2 = FOG REDUCING VISIBILITY
HIGHEST: 78 ON 14 GRTST 24HR 0.18 ON 1- 1 TO 1/4 MILE OR LESS
LOWEST: 15 ON 7 3 = THUNDER
SNOW, ICE PELLETS, HAIL 4 = ICE PELLETS
TOTAL MONTH: M 5 = HAIL
GRTST 24HR M ON M 6 = FREEZING RAIN OR DRIZZLE
GRTST DEPTH: M ON M 7 = DUSTSTORM OR SANDSTORM:
VSBY 1/2 MILE OR LESS
8 = SMOKE OR HAZE
[NO. OF DAYS WITH] [WEATHER - DAYS WITH] 9 = BLOWING SNOW
X = TORNADO
MAX 32 OR BELOW: 2 0.01 INCH OR MORE: 1
MAX 90 OR ABOVE: 0 0.10 INCH OR MORE: 1
MIN 32 OR BELOW: 20 0.50 INCH OR MORE: 0
MIN 0 OR BELOW: 0 1.00 INCH OR MORE: 0
[HDD (BASE 65) ]
TOTAL THIS MO. 691 CLEAR (SCALE 0-3) 25
DPTR FM NORMAL M PTCLDY (SCALE 4-7) 4
TOTAL FM JUL 1 1334 CLOUDY (SCALE 8-10) 2
DPTR FM NORMAL M
[CDD (BASE 65) ]
TOTAL THIS MO. 0
DPTR FM NORMAL M [PRESSURE DATA]
TOTAL FM JAN 1 0 HIGHEST SLP M ON M
DPTR FM NORMAL M LOWEST SLP M ON M
[REMARKS]
#FINAL-01-22#