625
CXUS54 KMAF 011110
CF6SNK
PRELIMINARY LOCAL CLIMATOLOGICAL DATA (WS FORM: F-6)
STATION: SNYDER WINSTON FIELD
MONTH: MARCH
YEAR: 2021
LATITUDE: 32 41 N
LONGITUDE: 100 57 W
TEMPERATURE IN F: :PCPN: SNOW: WIND :SUNSHINE: SKY :PK WND
================================================================================
1 2 3 4 5 6A 6B 7 8 9 10 11 12 13 14 15 16 17 18
12Z AVG MX 2MIN
DY MAX MIN AVG DEP HDD CDD WTR SNW DPTH SPD SPD DIR MIN PSBL S-S WX SPD DR
================================================================================
1 48 36 42 M 23 0 0.01 M M 13.9 24 340 M M 7 32 340
2 59 24 42 M 23 0 M M M 5.1 9 230 M M 0 18 0
3 75 33 54 M 11 0 M M M 10.1 16 240 M M 0 25 210
4 85 46 66 M 0 1 M M M 12.2 25 260 M M 0 40 260
5 61 45 53 M 12 0 M M M 17.6 30 350 M M 3 41 360
6 62 37 50 M 15 0 M M M 7.1 10 140 M M 0 16 110
7 65 40 53 M 12 0 M M M 11.5 22 170 M M 1 28 170
8 68 42 55 M 10 0 M M M 13.5 21 160 M M 1 29 170
9 72 52 62 M 3 0 M M M 17.9 26 200 M M 2 31 200
10 79 56 68 M 0 3 M M M 14.7 21 170 M M 0 26 160
11 78 56 67 M 0 2 M M M 8.9 20 140 M M 0 17 130
12 77 62 70 M 0 5 M M M 12.6 18 170 M M 6 24 170
13 78 56 67 M 0 2 0.15 M M 17.0 33 140 M M 7 3 39 140
14 64 38 51 M 14 0 M M M 17.5 36 220 M M 5 8 41 230
15 74 42 58 M 7 0 M M M 9.9 16 250 M M 0 21 240
16 83 50 67 M 0 2 M M M 11.8 23 280 M M 1 8 29 190
17 66 43 55 M 10 0 M M M 22.5 33 300 M M 4 8 41 310
18 62 35 49 M 16 0 M M M 8.7 14 360 M M 0 20 340
19 62 34 48 M 17 0 M M M 6.7 12 90 M M 0 18 60
20 70 41 56 M 9 0 M M M 9.5 16 140 M M 0 22 140
21 77 46 62 M 3 0 M M M 15.0 24 190 M M 0 31 190
22 66 44 55 M 10 0 M M M 17.3 25 250 M M 6 38 33 250
23 67 36 52 M 13 0 M M M 6.9 13 60 M M 0 18 280
24 61 43 52 M 13 0 M M M 15.4 25 350 M M 3 38 20
25 67 36 52 M 13 0 M M M 10.4 16 250 M M 2 28 260
26 81 44 63 M 2 0 M M M 12.0 23 220 M M 0 30 220
27 75 50 63 M 2 0 M M M 11.6 18 10 M M 0 29 20
28 68 44 56 M 9 0 M M M 8.5 16 30 M M 0 20 30
29 80 42 61 M 4 0 M M M 13.9 23 210 M M 0 32 200
30 73 52 63 M 2 0 M M M 13.6 22 40 M M 0 30 40
31 62 46 54 M 11 0 M M M 16.2 24 30 M M 3 33 30
================================================================================
SM 2165 1351 264 15 0.16 M 389.5 M 51
================================================================================
AV 69.8 43.6 12.6 FASTST M M 2 MAX(MPH)
MISC ----> 36 220 # 41 360
================================================================================
NOTES:
# LAST OF SEVERAL OCCURRENCES
COLUMN 17 PEAK WIND IN M.P.H.
PRELIMINARY LOCAL CLIMATOLOGICAL DATA (WS FORM: F-6) , PAGE 2
STATION: SNYDER WINSTON FIELD
MONTH: MARCH
YEAR: 2021
LATITUDE: 32 41 N
LONGITUDE: 100 57 W
[TEMPERATURE DATA] [PRECIPITATION DATA] SYMBOLS USED IN COLUMN 16
AVERAGE MONTHLY: 56.7 TOTAL FOR MONTH: 0.16 1 = FOG OR MIST
DPTR FM NORMAL: 0.0 DPTR FM NORMAL: M 2 = FOG REDUCING VISIBILITY
HIGHEST: 85 ON 4 GRTST 24HR 0.15 ON 13-13 TO 1/4 MILE OR LESS
LOWEST: 24 ON 2 3 = THUNDER
SNOW, ICE PELLETS, HAIL 4 = ICE PELLETS
TOTAL MONTH: M 5 = HAIL
GRTST 24HR M ON M 6 = FREEZING RAIN OR DRIZZLE
GRTST DEPTH: M ON M 7 = DUSTSTORM OR SANDSTORM:
VSBY 1/2 MILE OR LESS
8 = SMOKE OR HAZE
[NO. OF DAYS WITH] [WEATHER - DAYS WITH] 9 = BLOWING SNOW
X = TORNADO
MAX 32 OR BELOW: 0 0.01 INCH OR MORE: 2
MAX 90 OR ABOVE: 0 0.10 INCH OR MORE: 1
MIN 32 OR BELOW: 1 0.50 INCH OR MORE: 0
MIN 0 OR BELOW: 0 1.00 INCH OR MORE: 0
[HDD (BASE 65) ]
TOTAL THIS MO. 264 CLEAR (SCALE 0-3) 24
DPTR FM NORMAL M PTCLDY (SCALE 4-7) 7
TOTAL FM JUL 1 2748 CLOUDY (SCALE 8-10) 0
DPTR FM NORMAL M
[CDD (BASE 65) ]
TOTAL THIS MO. 15
DPTR FM NORMAL M [PRESSURE DATA]
TOTAL FM JAN 1 15 HIGHEST SLP M ON M
DPTR FM NORMAL M LOWEST SLP M ON M
[REMARKS]
#FINAL-03-21#