000
CXUS56 KMTR 010900
CF6SNS
PRELIMINARY LOCAL CLIMATOLOGICAL DATA (WS FORM: F-6)
STATION: SALINAS AIRPORT
MONTH: MAY
YEAR: 2023
LATITUDE: 36 40 N
LONGITUDE: 121 36 W
TEMPERATURE IN F: :PCPN: SNOW: WIND :SUNSHINE: SKY :PK WND
================================================================================
1 2 3 4 5 6A 6B 7 8 9 10 11 12 13 14 15 16 17 18
12Z AVG MX 2MIN
DY MAX MIN AVG DEP HDD CDD WTR SNW DPTH SPD SPD DIR MIN PSBL S-S WX SPD DR
================================================================================
1 62 51 57 -1 8 0 0.02 M M 12.8 23 260 M M 10 31 270
2 63 49 56 -2 9 0 0.12 M M 10.5 21 140 M M 9 27 130
3 61 51 56 -2 9 0 0.01 M M 15.9 29 130 M M 9 36 140
4 63 48 56 -2 9 0 0.00 M M 6.8 16 300 M M 8 21 280
5 69 49 59 1 6 0 T M M 6.0 17 290 M M 6 23 300
6 67 48 58 0 7 0 0.00 M M 6.5 16 320 M M 6 26 320
7 68 50 59 1 6 0 0.00 M M 7.3 17 290 M M 4 25 300
8 71 48 60 2 5 0 0.00 M M 7.2 16 290 M M 3 24 300
9 67 53 60 1 5 0 0.00 M M 9.3 21 270 M M 4 27 280
10 65 54 60 1 5 0 0.00 M M 9.1 17 280 M M 6 23 310
11 66 49 58 -1 7 0 0.00 M M 8.1 17 270 M M 3 27 300
12 71 53 62 3 3 0 0.00 M M 7.7 17 290 M M 4 24 290
13 79 52 66 7 0 1 0.00 M M 6.8 16 310 M M 4 22 300
14 69 54 62 3 3 0 0.00 M M 10.7 22 340 M M 7 33 340
15 69 56 63 4 2 0 0.00 M M 7.4 16 320 M M 6 22 310
16 73 55 64 5 1 0 0.00 M M 8.2 18 310 M M 6 1 25 300
17 72 54 63 4 2 0 0.00 M M 8.3 18 290 M M 7 1 23 300
18 67 53 60 0 5 0 0.00 M M 9.4 20 290 M M 5 1 26 300
19 68 56 62 2 3 0 0.00 M M 9.5 20 300 M M 7 26 320
20 67 55 61 1 4 0 T M M 10.4 17 300 M M 7 25 320
21 66 56 61 1 4 0 0.00 M M 8.7 17 310 M M 8 24 300
22 68 54 61 1 4 0 T M M 8.7 17 310 M M 7 27 310
23 66 56 61 1 4 0 0.00 M M 10.3 20 290 M M 10 25 270
24 67 56 62 2 3 0 0.00 M M 9.4 17 310 M M 10 26 300
25 64 55 60 0 5 0 0.00 M M 7.3 16 290 M M 10 21 300
26 68 57 63 3 2 0 0.00 M M 7.3 16 280 M M 9 25 290
27 68 56 62 2 3 0 T M M 8.1 16 290 M M 8 23 280
28 62 55 59 -1 6 0 T M M 8.9 15 310 M M 10 1 20 290
29 69 57 63 3 2 0 0.00 M M 6.9 17 310 M M 8 24 300
30 70 58 64 3 1 0 0.00 M M 7.8 17 290 M M 8 26 300
31 64 56 60 -1 5 0 0.00 M M 9.5 17 290 M M 9 1 28 290
================================================================================
SM 2089 1654 138 1 0.15 M 270.8 M 218
================================================================================
AV 67.4 53.4 8.7 FASTST M M 7 MAX(MPH)
MISC ----> 29 130 36 140
================================================================================
NOTES:
# LAST OF SEVERAL OCCURRENCES
COLUMN 17 PEAK WIND IN M.P.H.
PRELIMINARY LOCAL CLIMATOLOGICAL DATA (WS FORM: F-6) , PAGE 2
STATION: SALINAS AIRPORT
MONTH: MAY
YEAR: 2023
LATITUDE: 36 40 N
LONGITUDE: 121 36 W
[TEMPERATURE DATA] [PRECIPITATION DATA] SYMBOLS USED IN COLUMN 16
AVERAGE MONTHLY: 60.4 TOTAL FOR MONTH: 0.15 1 = FOG OR MIST
DPTR FM NORMAL: 1.1 DPTR FM NORMAL: -0.23 2 = FOG REDUCING VISIBILITY
HIGHEST: 79 ON 13 GRTST 24HR 0.12 ON 1- 2 TO 1/4 MILE OR LESS
LOWEST: 48 ON 8, 6 3 = THUNDER
SNOW, ICE PELLETS, HAIL 4 = ICE PELLETS
TOTAL MONTH: M 5 = HAIL
GRTST 24HR M ON M 6 = FREEZING RAIN OR DRIZZLE
GRTST DEPTH: M ON M 7 = DUSTSTORM OR SANDSTORM:
VSBY 1/2 MILE OR LESS
8 = SMOKE OR HAZE
[NO. OF DAYS WITH] [WEATHER - DAYS WITH] 9 = BLOWING SNOW
X = TORNADO
MAX 32 OR BELOW: 0 0.01 INCH OR MORE: 3
MAX 90 OR ABOVE: 0 0.10 INCH OR MORE: 1
MIN 32 OR BELOW: 0 0.50 INCH OR MORE: 0
MIN 0 OR BELOW: 0 1.00 INCH OR MORE: 0
[HDD (BASE 65) ]
TOTAL THIS MO. 138 CLEAR (SCALE 0-3) 2
DPTR FM NORMAL -47 PTCLDY (SCALE 4-7) 20
TOTAL FM JUL 1 2474 CLOUDY (SCALE 8-10) 9
DPTR FM NORMAL -47
[CDD (BASE 65) ]
TOTAL THIS MO. 1
DPTR FM NORMAL -7 [PRESSURE DATA]
TOTAL FM JAN 1 1 HIGHEST SLP M ON M
DPTR FM NORMAL -13 LOWEST SLP 29.80 ON 3
[REMARKS]
#FINAL-05-23#