000
CXUS56 KMTR 010900
CF6SNS
PRELIMINARY LOCAL CLIMATOLOGICAL DATA (WS FORM: F-6)
STATION: SALINAS AIRPORT
MONTH: APRIL
YEAR: 2023
LATITUDE: 36 40 N
LONGITUDE: 121 36 W
TEMPERATURE IN F: :PCPN: SNOW: WIND :SUNSHINE: SKY :PK WND
================================================================================
1 2 3 4 5 6A 6B 7 8 9 10 11 12 13 14 15 16 17 18
12Z AVG MX 2MIN
DY MAX MIN AVG DEP HDD CDD WTR SNW DPTH SPD SPD DIR MIN PSBL S-S WX SPD DR
================================================================================
1 65 41 53 -3 12 0 0.00 M M 5.2 16 290 M M 1 22 300
2 60 47 54 -2 11 0 T M M 8.6 21 280 M M 7 18 27 270
3 57 42 50 -6 15 0 0.00 M M 14.5 31 290 M M 1 7 42 290
4 58 37 48 -8 17 0 0.00 M M 6.9 18 270 M M 1 7 26 300
5 60 42 51 -5 14 0 0.00 M M 6.3 16 290 M M 1 22 280
6 71 41 56 0 9 0 0.00 M M 6.9 22 290 M M 0 28 300
7 63 51 57 1 8 0 0.01 M M 6.4 13 330 M M 8 1 17 340
8 69 51 60 4 5 0 0.00 M M 5.4 16 300 M M 5 23 310
9 76 48 62 6 3 0 0.00 M M 6.0 17 290 M M 0 22 280
10 72 53 63 7 2 0 T M M 8.6 23 290 M M 3 1 29 290
11 65 50 58 2 7 0 T M M 10.1 21 250 M M 4 1 26 250
12 60 47 54 -2 11 0 0.00 M M 11.0 22 280 M M 3 29 280
13 63 41 52 -4 13 0 0.00 M M 8.8 18 270 M M 1 26 300
14 61 48 55 -2 10 0 0.00 M M 8.6 15 270 M M 4 24 300
15 65 46 56 -1 9 0 0.00 M M 5.8 17 280 M M 3 25 290
16 62 49 56 -1 9 0 0.00 M M 9.1 18 240 M M 4 18 25 250
17 61 47 54 -3 11 0 T M M 7.2 18 280 M M 4 26 280
18 62 48 55 -2 10 0 0.02 M M 9.6 20 270 M M 2 1 26 260
19 63 46 55 -2 10 0 T M M 7.0 18 270 M M 2 24 300
20 70 41 56 -1 9 0 0.00 M M 6.7 17 290 M M 0 26 280
21 81 46 64 7 1 0 0.00 M M 7.0 21 280 M M 0 1 26 290
22 70 50 60 3 5 0 0.00 M M 8.1 17 310 M M 3 12 23 320
23 61 53 57 0 8 0 0.00 M M 11.5 18 270 M M 8 1 26 280
24 67 49 58 1 7 0 0.00 M M 10.1 20 300 M M 3 18 24 280
25 70 50 60 3 5 0 0.00 M M 6.9 17 290 M M 4 18 22 280
26 74 47 61 4 4 0 0.00 M M 7.3 17 300 M M 4 12 24 320
27 80 50 65 7 0 0 0.00 M M 8.6 18 320 M M 5 12 24 310
28 67 51 59 1 6 0 0.00 M M 8.4 17 290 M M 6 1 22 290
29 65 52 59 1 6 0 0.00 M M 6.6 17 310 M M 7 25 310
30 64 51 58 0 7 0 0.00 M M 12.5 23 250 M M 9 30 260
================================================================================
SM 1982 1415 244 0 0.03 M 245.7 M 103
================================================================================
AV 66.1 47.2 8.2 FASTST M M 3 MAX(MPH)
MISC ----> 31 290 42 290
================================================================================
NOTES:
# LAST OF SEVERAL OCCURRENCES
COLUMN 17 PEAK WIND IN M.P.H.
PRELIMINARY LOCAL CLIMATOLOGICAL DATA (WS FORM: F-6) , PAGE 2
STATION: SALINAS AIRPORT
MONTH: APRIL
YEAR: 2023
LATITUDE: 36 40 N
LONGITUDE: 121 36 W
[TEMPERATURE DATA] [PRECIPITATION DATA] SYMBOLS USED IN COLUMN 16
AVERAGE MONTHLY: 56.6 TOTAL FOR MONTH: 0.03 1 = FOG OR MIST
DPTR FM NORMAL: -0.1 DPTR FM NORMAL: -0.92 2 = FOG REDUCING VISIBILITY
HIGHEST: 81 ON 21 GRTST 24HR 0.02 ON 7- 7 TO 1/4 MILE OR LESS
LOWEST: 37 ON 4 3 = THUNDER
SNOW, ICE PELLETS, HAIL 4 = ICE PELLETS
TOTAL MONTH: M 5 = HAIL
GRTST 24HR M ON M 6 = FREEZING RAIN OR DRIZZLE
GRTST DEPTH: M ON M 7 = DUSTSTORM OR SANDSTORM:
VSBY 1/2 MILE OR LESS
8 = SMOKE OR HAZE
[NO. OF DAYS WITH] [WEATHER - DAYS WITH] 9 = BLOWING SNOW
X = TORNADO
MAX 32 OR BELOW: 0 0.01 INCH OR MORE: 2
MAX 90 OR ABOVE: 0 0.10 INCH OR MORE: 0
MIN 32 OR BELOW: 0 0.50 INCH OR MORE: 0
MIN 0 OR BELOW: 0 1.00 INCH OR MORE: 0
[HDD (BASE 65) ]
TOTAL THIS MO. 244 CLEAR (SCALE 0-3) 15
DPTR FM NORMAL -8 PTCLDY (SCALE 4-7) 12
TOTAL FM JUL 1 2336 CLOUDY (SCALE 8-10) 3
DPTR FM NORMAL -1
[CDD (BASE 65) ]
TOTAL THIS MO. 0
DPTR FM NORMAL -5 [PRESSURE DATA]
TOTAL FM JAN 1 0 HIGHEST SLP M ON M
DPTR FM NORMAL -6 LOWEST SLP 29.90 ON 13
[REMARKS]
#FINAL-04-23#