000
CXUS56 KMTR 011100
CF6SNS
PRELIMINARY LOCAL CLIMATOLOGICAL DATA (WS FORM: F-6)
STATION: SALINAS AIRPORT
MONTH: JANUARY
YEAR: 2022
LATITUDE: 36 40 N
LONGITUDE: 121 36 W
TEMPERATURE IN F: :PCPN: SNOW: WIND :SUNSHINE: SKY :PK WND
================================================================================
1 2 3 4 5 6A 6B 7 8 9 10 11 12 13 14 15 16 17 18
12Z AVG MX 2MIN
DY MAX MIN AVG DEP HDD CDD WTR SNW DPTH SPD SPD DIR MIN PSBL S-S WX SPD DR
================================================================================
1 59 35 47 -4 18 0 0.00 M M 2.6 12 100 M M 0 18 13 100
2 62 38 50 -1 15 0 0.00 M M 9.2 16 130 M M 0 22 130
3 57 40 49 -2 16 0 0.00 M M 6.6 18 140 M M 7 20 130
4 63 47 55 4 10 0 T M M 7.7 17 130 M M 8 1 20 130
5 64 50 57 6 8 0 0.00 M M 4.4 13 300 M M 7 12 16 310
6 64 46 55 4 10 0 T M M 6.8 12 280 M M 8 12 14 310
7 59 50 55 3 10 0 T M M 3.7 10 330 M M 9 1 14 260
8 65 42 54 2 11 0 0.00 M M 5.1 17 140 M M 3 12 20 140
9 68 44 56 4 9 0 0.00 M M 11.1 23 130 M M 0 28 130
10 71 44 58 6 7 0 0.00 M M 7.4 21 140 M M 0 24 140
11 72 42 57 5 8 0 0.00 M M 5.1 14 140 M M 0 8 17 140
12 70 46 58 6 7 0 0.00 M M 8.6 21 140 M M 0 8 25 140
13 66 45 56 4 9 0 0.00 M M 3.6 14 120 M M 0 18 18 120
14 65 43 54 2 11 0 0.00 M M 4.5 17 120 M M 0 8 21 120
15 74 47 61 9 4 0 T M M 10.0 23 140 M M 2 28 140
16 71 52 62 10 3 0 T M M 6.3 14 100 M M 8 16 110
17 64 49 57 5 8 0 T M M 5.1 14 140 M M 7 16 140
18 63 49 56 4 9 0 0.00 M M 4.7 14 290 M M 6 8 16 310
19 68 45 57 5 8 0 0.00 M M 5.8 16 280 M M 4 1 19 290
20 71 42 57 5 8 0 0.00 M M 5.3 18 130 M M 0 21 140
21 71 42 57 5 8 0 0.00 M M 5.5 18 350 M M 0 23 340
22 68 38 53 1 12 0 0.00 M M 5.4 14 140 M M 0 16 140
23 72 38 55 3 10 0 0.00 M M 7.5 17 150 M M 0 21 150
24 64 37 51 -1 14 0 0.00 M M 6.5 14 300 M M 0 17 310
25 65 37 51 -1 14 0 0.00 M M 4.6 14 290 M M 1 12 16 290
26 69 44 57 5 8 0 0.00 M M 6.9 17 120 M M 2 128 21 120
27 74 42 58 6 7 0 0.00 M M 9.2 22 140 M M 1 12 25 140
28 74 43 59 7 6 0 0.00 M M 11.1 22 140 M M 0 25 140
29 70 40 55 3 10 0 0.00 M M 5.9 13 130 M M 0 16 140
30 65 37 51 -2 14 0 0.00 M M 7.2 20 140 M M 0 22 140
31 64 39 52 -1 13 0 0.00 M M 4.9 14 300 M M 3 12 17 290
================================================================================
SM 2072 1333 305 0 T M 198.3 M 76
================================================================================
AV 66.8 43.0 6.4 FASTST M M 2 MAX(MPH)
MISC ----> # 23 130 # 28 130
================================================================================
NOTES:
# LAST OF SEVERAL OCCURRENCES
COLUMN 17 PEAK WIND IN M.P.H.
PRELIMINARY LOCAL CLIMATOLOGICAL DATA (WS FORM: F-6) , PAGE 2
STATION: SALINAS AIRPORT
MONTH: JANUARY
YEAR: 2022
LATITUDE: 36 40 N
LONGITUDE: 121 36 W
[TEMPERATURE DATA] [PRECIPITATION DATA] SYMBOLS USED IN COLUMN 16
AVERAGE MONTHLY: 54.9 TOTAL FOR MONTH: T 1 = FOG OR MIST
DPTR FM NORMAL: 3.0 DPTR FM NORMAL: -2.63 2 = FOG REDUCING VISIBILITY
HIGHEST: 74 ON 28,27 GRTST 24HR 0.28 ON 3- 4 TO 1/4 MILE OR LESS
LOWEST: 35 ON 1 3 = THUNDER
SNOW, ICE PELLETS, HAIL 4 = ICE PELLETS
TOTAL MONTH: M 5 = HAIL
GRTST 24HR M ON M 6 = FREEZING RAIN OR DRIZZLE
GRTST DEPTH: M ON M 7 = DUSTSTORM OR SANDSTORM:
VSBY 1/2 MILE OR LESS
8 = SMOKE OR HAZE
[NO. OF DAYS WITH] [WEATHER - DAYS WITH] 9 = BLOWING SNOW
X = TORNADO
MAX 32 OR BELOW: 0 0.01 INCH OR MORE: 0
MAX 90 OR ABOVE: 0 0.10 INCH OR MORE: 0
MIN 32 OR BELOW: 0 0.50 INCH OR MORE: 0
MIN 0 OR BELOW: 0 1.00 INCH OR MORE: 0
[HDD (BASE 65) ]
TOTAL THIS MO. 305 CLEAR (SCALE 0-3) 21
DPTR FM NORMAL -100 PTCLDY (SCALE 4-7) 7
TOTAL FM JUL 1 991 CLOUDY (SCALE 8-10) 3
DPTR FM NORMAL -448
[CDD (BASE 65) ]
TOTAL THIS MO. 0
DPTR FM NORMAL 0 [PRESSURE DATA]
TOTAL FM JAN 1 0 HIGHEST SLP 30.45 ON 10
DPTR FM NORMAL 0 LOWEST SLP 29.97 ON 7
[REMARKS]
#FINAL-01-22#