000
CXUS56 KMTR 010900
CF6SNS
PRELIMINARY LOCAL CLIMATOLOGICAL DATA (WS FORM: F-6)
STATION: SALINAS AIRPORT
MONTH: OCTOBER
YEAR: 2021
LATITUDE: 36 40 N
LONGITUDE: 121 36 W
TEMPERATURE IN F: :PCPN: SNOW: WIND :SUNSHINE: SKY :PK WND
================================================================================
1 2 3 4 5 6A 6B 7 8 9 10 11 12 13 14 15 16 17 18
12Z AVG MX 2MIN
DY MAX MIN AVG DEP HDD CDD WTR SNW DPTH SPD SPD DIR MIN PSBL S-S WX SPD DR
================================================================================
1 90 52 71 8 0 6 0.00 M M 8.3 17 320 M M 1 12 21 130
2 86 51 69 6 0 4 0.00 M M 6.9 16 340 M M 1 12 19 310
3 92 48 70 7 0 5 0.00 M M 6.2 18 140 M M 2 12 22 140
4 85 56 71 8 0 6 0.00 M M 7.1 17 320 M M 2 21 320
5 72 57 65 2 0 0 0.00 M M 7.2 17 290 M M 6 1 21 290
6 66 56 61 -2 4 0 0.00 M M 5.8 15 290 M M 4 19 300
7 66 55 61 -2 4 0 0.00 M M 7.2 17 290 M M 4 22 290
8 66 52 59 -4 6 0 0.00 M M 8.3 21 280 M M 3 26 280
9 77 50 64 1 1 0 0.00 M M 6.3 21 310 M M 3 23 320
10 74 47 61 -1 4 0 0.00 M M 7.9 20 260 M M 1 25 270
11 66 48 57 -5 8 0 0.00 M M 12.7 29 300 M M 1 8 35 300
12 68 48 58 -4 7 0 0.00 M M 9.4 23 280 M M 0 8 28 270
13 69 40 55 -7 10 0 0.00 M M 5.6 17 290 M M 3 19 290
14 77 46 62 0 3 0 0.00 M M 5.7 18 310 M M 0 23 330
15 89 47 68 6 0 3 0.00 M M 7.5 18 120 M M 0 8 21 130
16 92 50 71 9 0 6 0.00 M M 10.3 23 140 M M 0 26 140
17 67 47 57 -5 8 0 0.09 M M 9.8 23 270 M M 3 1 29 280
18 64 50 57 -5 8 0 0.01 M M 4.7 15 280 M M 2 1 19 280
19 70 44 57 -4 8 0 0.00 M M 9.7 21 140 M M 1 25 140
20 67 57 62 1 3 0 0.05 M M 8.8 24 150 M M 10 1 28 150
21 73 58 66 5 0 1 T M M 4.9 20 340 M M 5 1 22 330
22 65 57 61 0 4 0 0.06 M M 7.6 24 140 M M 8 1 30 150
23 68 53 61 0 4 0 0.00 M M 4.5 15 300 M M 5 19 300
24 76 58 67 6 0 2 0.65 M M 16.9 36 140 M M 10 1 41 140
25 65 54 60 0 5 0 0.76 M M 8.0 21 290 M M 6 1 25 280
26 68 47 58 -2 7 0 0.00 M M 4.6 13 280 M M 2 18 290
27 75 50 63 3 2 0 0.00 M M 5.3 18 300 M M 0 21 300
28 85 54 70 10 0 5 0.00 M M 6.5 17 130 M M 0 20 130
29 77 57 67 7 0 2 0.00 M M 7.5 15 330 M M 1 18 18 300
30 68 57 63 3 2 0 T M M 4.8 13 310 M M 9 1 18 330
31 67 52 60 0 5 0 0.00 M M 4.1 12 300 M M 2 8 16 320
================================================================================
SM 2290 1598 103 40 1.62 M 230.1 M 95
================================================================================
AV 73.9 51.5 7.4 FASTST M M 3 MAX(MPH)
MISC ----> 36 140 41 140
================================================================================
NOTES:
# LAST OF SEVERAL OCCURRENCES
COLUMN 17 PEAK WIND IN M.P.H.
PRELIMINARY LOCAL CLIMATOLOGICAL DATA (WS FORM: F-6) , PAGE 2
STATION: SALINAS AIRPORT
MONTH: OCTOBER
YEAR: 2021
LATITUDE: 36 40 N
LONGITUDE: 121 36 W
[TEMPERATURE DATA] [PRECIPITATION DATA] SYMBOLS USED IN COLUMN 16
AVERAGE MONTHLY: 62.7 TOTAL FOR MONTH: 1.62 1 = FOG OR MIST
DPTR FM NORMAL: 1.1 DPTR FM NORMAL: 1.02 2 = FOG REDUCING VISIBILITY
HIGHEST: 92 ON 16, 3 GRTST 24HR 1.41 ON 24-25 TO 1/4 MILE OR LESS
LOWEST: 40 ON 13 3 = THUNDER
SNOW, ICE PELLETS, HAIL 4 = ICE PELLETS
TOTAL MONTH: M 5 = HAIL
GRTST 24HR M ON M 6 = FREEZING RAIN OR DRIZZLE
GRTST DEPTH: M ON M 7 = DUSTSTORM OR SANDSTORM:
VSBY 1/2 MILE OR LESS
8 = SMOKE OR HAZE
[NO. OF DAYS WITH] [WEATHER - DAYS WITH] 9 = BLOWING SNOW
X = TORNADO
MAX 32 OR BELOW: 0 0.01 INCH OR MORE: 6
MAX 90 OR ABOVE: 3 0.10 INCH OR MORE: 2
MIN 32 OR BELOW: 0 0.50 INCH OR MORE: 2
MIN 0 OR BELOW: 0 1.00 INCH OR MORE: 0
[HDD (BASE 65) ]
TOTAL THIS MO. 103 CLEAR (SCALE 0-3) 20
DPTR FM NORMAL -28 PTCLDY (SCALE 4-7) 7
TOTAL FM JUL 1 162 CLOUDY (SCALE 8-10) 4
DPTR FM NORMAL -170
[CDD (BASE 65) ]
TOTAL THIS MO. 40
DPTR FM NORMAL 13 [PRESSURE DATA]
TOTAL FM JAN 1 138 HIGHEST SLP M ON M
DPTR FM NORMAL 10 LOWEST SLP 29.65 ON 24
[REMARKS]
#FINAL-10-21#