000
CXUS56 KMTR 171751
CF6SNS
PRELIMINARY LOCAL CLIMATOLOGICAL DATA (WS FORM: F-6)
STATION: SALINAS AIRPORT
MONTH: OCTOBER
YEAR: 2020
LATITUDE: 36 40 N
LONGITUDE: 121 36 W
TEMPERATURE IN F: :PCPN: SNOW: WIND :SUNSHINE: SKY :PK WND
================================================================================
1 2 3 4 5 6A 6B 7 8 9 10 11 12 13 14 15 16 17 18
12Z AVG MX 2MIN
DY MAX MIN AVG DEP HDD CDD WTR SNW DPTH SPD SPD DIR MIN PSBL S-S WX SPD DR
================================================================================
1 97 57 77 14 0 12 0.00 M M 6.0 14 330 M M 3 8 17 320
2 93 56 75 12 0 10 0.00 M M 6.4 15 330 M M 3 18 18 330
3 85 52 69 6 0 4 0.00 M M 6.6 14 320 M M 4 128 16 320
4 76 52 64 1 1 0 0.00 M M 5.6 16 310 M M 4 12 20 330
5 76 49 63 0 2 0 0.00 M M 5.4 17 320 M M 4 12 20 330
6 70 51 61 -1 4 0 0.00 M M 6.3 16 310 M M 5 128 19 310
7 69 53 61 -1 4 0 0.00 M M 6.2 17 300 M M 8 18 23 300
8 66 56 61 -1 4 0 T M M 6.9 15 300 M M 10 18 17 320
9 73 56 65 3 0 0 T M M 4.9 15 310 M M 5 1 18 290
10 77 56 67 5 0 2 0.00 M M 6.9 20 300 M M 5 25 310
11 82 57 70 8 0 5 0.00 M M 5.7 18 310 M M 4 1 22 300
12 87 51 69 7 0 4 0.00 M M 5.4 15 320 M M 0 8 18 310
13 86 51 69 7 0 4 0.00 M M 6.2 15 310 M M 0 19 310
14 87 53 70 8 0 5 0.00 M M 4.3 16 310 M M 0 20 310
15 97 57 77 16 0 12 0.00 M M 3.9 16 310 M M 0 19 300
16 99 57 78 17 0 13 0.00 M M 6.8 17 340 M M 0 32 320
17 96 56 76 15 0 11 0.00 M M 7.6 18 350 M M 0 21 360
18 82 52 67 6 0 2 0.00 M M 6.7 18 310 M M 2 12 21 310
19 78 54 66 5 0 1 0.00 M M 6.7 20 330 M M 6 12 22 320
20 75 51 63 2 2 0 0.00 M M 5.4 17 310 M M 5 12 M M
21 80 50 65 4 0 0 0.00 M M 6.9 16 320 M M 2 12 22 320
22 70 55 63 3 2 0 0.00 M M 6.5 16 320 M M 8 1 20 320
23 73 58 66 6 0 1 0.00 M M 5.4 17 140 M M 4 21 140
24 72 52 62 2 3 0 0.00 M M 4.9 15 340 M M 5 18 300
25 67 52 60 0 5 0 0.00 M M 6.9 15 320 M M 5 19 320
26 78 42 60 0 5 0 0.00 M M 4.5 16 300 M M 0 19 320
27 79 45 62 2 3 0 0.00 M M 6.6 17 140 M M 0 21 290
28 79 45 62 2 3 0 0.00 M M 7.5 20 140 M M 0 23 140
29 81 45 63 4 2 0 0.00 M M 7.9 17 130 M M 1 12 21 140
30 73 42 58 -1 7 0 0.00 M M 5.4 15 310 M M 4 12 18 320
31 86 45 66 7 0 1 0.00 M M 7.2 17 140 M M 2 12 21 140
================================================================================
SM 2489 1608 47 87 T M 189.6 M 99
================================================================================
AV 80.3 51.9 6.1 FASTST M M 3 MAX(MPH)
MISC ----> # 20 300 32 320
================================================================================
NOTES:
# LAST OF SEVERAL OCCURRENCES
COLUMN 17 PEAK WIND IN M.P.H.
PRELIMINARY LOCAL CLIMATOLOGICAL DATA (WS FORM: F-6) , PAGE 2
STATION: SALINAS AIRPORT
MONTH: OCTOBER
YEAR: 2020
LATITUDE: 36 40 N
LONGITUDE: 121 36 W
[TEMPERATURE DATA] [PRECIPITATION DATA] SYMBOLS USED IN COLUMN 16
AVERAGE MONTHLY: 66.1 TOTAL FOR MONTH: T 1 = FOG OR MIST
DPTR FM NORMAL: 4.9 DPTR FM NORMAL: -0.58 2 = FOG REDUCING VISIBILITY
HIGHEST: 99 ON 16 GRTST 24HR 0.01 ON 8- 9 TO 1/4 MILE OR LESS
LOWEST: 42 ON 30,26 3 = THUNDER
SNOW, ICE PELLETS, HAIL 4 = ICE PELLETS
TOTAL MONTH: M 5 = HAIL
GRTST 24HR M ON M 6 = FREEZING RAIN OR DRIZZLE
GRTST DEPTH: M ON M 7 = DUSTSTORM OR SANDSTORM:
VSBY 1/2 MILE OR LESS
8 = SMOKE OR HAZE
[NO. OF DAYS WITH] [WEATHER - DAYS WITH] 9 = BLOWING SNOW
X = TORNADO
MAX 32 OR BELOW: 0 0.01 INCH OR MORE: 0
MAX 90 OR ABOVE: 5 0.10 INCH OR MORE: 0
MIN 32 OR BELOW: 0 0.50 INCH OR MORE: 0
MIN 0 OR BELOW: 0 1.00 INCH OR MORE: 0
[HDD (BASE 65) ]
TOTAL THIS MO. 47 CLEAR (SCALE 0-3) 14
DPTR FM NORMAL -92 PTCLDY (SCALE 4-7) 16
TOTAL FM JUL 1 104 CLOUDY (SCALE 8-10) 1
DPTR FM NORMAL -228
[CDD (BASE 65) ]
TOTAL THIS MO. 87
DPTR FM NORMAL 65 [PRESSURE DATA]
TOTAL FM JAN 1 344 HIGHEST SLP 30.17 ON 26
DPTR FM NORMAL 217 LOWEST SLP 29.81 ON 21
[REMARKS]
#FINAL-10-20#