000
CXUS56 KMTR 031818
CF6SNS
PRELIMINARY LOCAL CLIMATOLOGICAL DATA (WS FORM: F-6)
STATION: SALINAS AIRPORT
MONTH: MARCH
YEAR: 2020
LATITUDE: 36 40 N
LONGITUDE: 121 36 W
TEMPERATURE IN F: :PCPN: SNOW: WIND :SUNSHINE: SKY :PK WND
================================================================================
1 2 3 4 5 6A 6B 7 8 9 10 11 12 13 14 15 16 17 18
12Z AVG MX 2MIN
DY MAX MIN AVG DEP HDD CDD WTR SNW DPTH SPD SPD DIR MIN PSBL S-S WX SPD DR
================================================================================
1 54 40 47 -7 18 0 0.04 0.0 0 4.2 16 290 M M 6 20 280
2 67 35 51 -3 14 0 0.00 0.0 0 4.9 15 290 M M 0 18 300
3 75 38 57 3 8 0 0.00 0.0 0 7.3 20 290 M M 0 25 290
4 75 44 60 6 5 0 0.00 0.0 M 10.7 21 340 M M 3 24 350
5 64 51 58 4 7 0 0.00 0.0 0 7.6 16 300 M M 8 20 300
6 61 51 56 2 9 0 0.00 0.0 0 6.6 16 310 M M 8 21 320
7 59 49 54 0 11 0 0.01 M 0 6.4 18 290 M M 9 22 290
8 59 47 53 -1 12 0 T M 0 6.1 17 350 M M 6 1 20 340
9 70 46 58 4 7 0 T M 0 7.5 20 150 M M 3 24 150
10 66 52 59 5 6 0 0.08 M M 7.5 20 140 M M 7 M M
11 71 45 58 4 7 0 0.00 M M 6.3 17 300 M M 1 13 22 300
12 68 44 56 2 9 0 0.00 M M 6.0 16 310 M M 3 12 21 330
13 65 52 59 4 6 0 0.00 M M 8.6 16 340 M M 9 23 140
14 64 49 57 2 8 0 0.11 M M 6.5 24 250 M M 9 1 33 240
15 58 49 54 -1 11 0 0.37 M M 8.1 15 260 M M 10 1 M M
16 56 43 50 -5 15 0 0.49 M M 5.3 13 160 M M 6 1 M M
17 55 40 48 -7 17 0 0.03 M M 9.1 23 140 M M 4 27 130
18 57 39 48 -7 17 0 0.00 M M 7.8 17 300 M M 8 22 300
19 61 45 53 -2 12 0 0.03 M M 5.7 16 300 M M 7 1 21 310
20 62 43 53 -2 12 0 T M M 7.0 17 140 M M 5 8 26 130
21 63 50 57 2 8 0 0.07 M M 7.3 20 150 M M 9 1 23 160
22 64 48 56 1 9 0 0.39 M M 8.4 18 140 M M 8 1 20 340
23 58 50 54 -1 11 0 0.01 M M 6.3 16 290 M M 10 1 18 300
24 62 49 56 1 9 0 0.09 M M 6.2 21 250 M M 9 1 24 250
25 56 43 50 -5 15 0 0.11 M M 7.4 20 290 M M 6 1 26 280
26 57 39 48 -7 17 0 0.05 M M 5.0 20 50 M M 5 13 25 290
27 58 40 49 -6 16 0 0.00 M M 6.5 17 280 M M 4 23 280
28 61 44 53 -2 12 0 0.02 M M 5.2 15 290 M M 9 1 18 290
29 64 48 56 1 9 0 T M M 6.3 17 320 M M 6 1 21 320
30 65 49 57 2 8 0 0.00 M M 5.2 16 290 M M 4 22 280
31 68 45 57 1 8 0 0.00 M M 7.3 18 310 M M 0 22 320
================================================================================
SM 1943 1407 333 0 1.90 0.0 210.3 M 182
================================================================================
AV 62.7 45.4 6.8 FASTST M M 6 MAX(MPH)
MISC ----> 24 250 33 240
================================================================================
NOTES:
# LAST OF SEVERAL OCCURRENCES
COLUMN 17 PEAK WIND IN M.P.H.
PRELIMINARY LOCAL CLIMATOLOGICAL DATA (WS FORM: F-6) , PAGE 2
STATION: SALINAS AIRPORT
MONTH: MARCH
YEAR: 2020
LATITUDE: 36 40 N
LONGITUDE: 121 36 W
[TEMPERATURE DATA] [PRECIPITATION DATA] SYMBOLS USED IN COLUMN 16
AVERAGE MONTHLY: 54.0 TOTAL FOR MONTH: 1.90 1 = FOG OR MIST
DPTR FM NORMAL: -0.7 DPTR FM NORMAL: -0.36 2 = FOG REDUCING VISIBILITY
HIGHEST: 75 ON 4, 3 GRTST 24HR 0.55 ON 15-16 TO 1/4 MILE OR LESS
LOWEST: 35 ON 2 3 = THUNDER
SNOW, ICE PELLETS, HAIL 4 = ICE PELLETS
TOTAL MONTH: 0.0 INCH 5 = HAIL
GRTST 24HR 0.0 6 = FREEZING RAIN OR DRIZZLE
GRTST DEPTH: 0 7 = DUSTSTORM OR SANDSTORM:
VSBY 1/2 MILE OR LESS
8 = SMOKE OR HAZE
[NO. OF DAYS WITH] [WEATHER - DAYS WITH] 9 = BLOWING SNOW
X = TORNADO
MAX 32 OR BELOW: 0 0.01 INCH OR MORE: 15
MAX 90 OR ABOVE: 0 0.10 INCH OR MORE: 5
MIN 32 OR BELOW: 0 0.50 INCH OR MORE: 0
MIN 0 OR BELOW: 0 1.00 INCH OR MORE: 0
[HDD (BASE 65) ]
TOTAL THIS MO. 333 CLEAR (SCALE 0-3) 7
DPTR FM NORMAL 13 PTCLDY (SCALE 4-7) 14
TOTAL FM JUL 1 1928 CLOUDY (SCALE 8-10) 10
DPTR FM NORMAL -208
[CDD (BASE 65) ]
TOTAL THIS MO. 0
DPTR FM NORMAL -1 [PRESSURE DATA]
TOTAL FM JAN 1 0 HIGHEST SLP 30.35 ON 30
DPTR FM NORMAL -1 LOWEST SLP 29.76 ON 13
[REMARKS]
#FINAL-03-20#