000
CXUS56 KMTR 010900
CF6SNS
PRELIMINARY LOCAL CLIMATOLOGICAL DATA (WS FORM: F-6)
STATION: SALINAS AIRPORT
MONTH: AUGUST
YEAR: 2023
LATITUDE: 36 40 N
LONGITUDE: 121 36 W
TEMPERATURE IN F: :PCPN: SNOW: WIND :SUNSHINE: SKY :PK WND
================================================================================
1 2 3 4 5 6A 6B 7 8 9 10 11 12 13 14 15 16 17 18
12Z AVG MX 2MIN
DY MAX MIN AVG DEP HDD CDD WTR SNW DPTH SPD SPD DIR MIN PSBL S-S WX SPD DR
================================================================================
1 68 59 64 1 1 0 T M M 8.8 18 310 M M 9 8 24 310
2 70 60 65 2 0 0 T M M 8.5 18 280 M M 9 8 24 280
3 74 61 68 5 0 3 0.00 M M 11.2 17 300 M M 6 25 300
4 73 60 67 4 0 2 0.00 M M 8.9 18 290 M M 7 24 300
5 73 58 66 2 0 1 0.00 M M 9.0 18 300 M M 5 8 23 290
6 77 57 67 3 0 2 0.00 M M 8.0 17 330 M M 4 128 22 330
7 73 56 65 1 0 0 0.00 M M 8.0 21 330 M M 3 8 28 300
8 72 59 66 2 0 1 0.00 M M 7.3 17 310 M M 7 8 29 300
9 73 60 67 3 0 2 0.00 M M 6.3 16 320 M M 7 22 310
10 76 60 68 4 0 3 0.00 M M 7.4 17 330 M M 7 8 24 320
11 76 62 69 5 0 4 T M M 8.0 17 320 M M 6 25 280
12 76 62 69 5 0 4 0.00 M M 7.9 16 320 M M 4 22 330
13 80 61 71 7 0 6 0.00 M M 8.1 17 330 M M 4 18 22 340
14 75 61 68 4 0 3 0.00 M M 7.1 18 310 M M 6 18 25 310
15 77 59 68 4 0 3 0.00 M M 7.4 17 330 M M 5 128 24 330
16 77 59 68 4 0 3 0.00 M M 7.4 16 320 M M 6 18 22 300
17 72 58 65 1 0 0 0.00 M M 6.0 18 320 M M 8 1 24 320
18 74 59 67 3 0 2 T M M 5.5 16 320 M M 5 1 22 320
19 73 56 65 1 0 0 0.00 M M 6.0 17 320 M M 5 23 310
20 81 61 71 7 0 6 0.00 M M 6.7 15 290 M M 4 19 320
21 75 62 69 5 0 4 T M M 7.1 16 300 M M 5 18 22 310
22 78 60 69 5 0 4 0.00 M M 5.9 17 290 M M 1 23 290
23 86 60 73 9 0 8 0.00 M M 7.2 17 310 M M 0 1 23 330
24 74 62 68 4 0 3 0.00 M M 9.4 20 320 M M 8 1 29 340
25 73 61 67 3 0 2 0.00 M M 7.1 16 290 M M 7 22 290
26 71 60 66 2 0 1 0.00 M M 7.8 17 310 M M 8 18 22 320
27 78 59 69 5 0 4 0.00 M M 6.7 20 290 M M 4 18 24 280
28 77 55 66 2 0 1 0.00 M M 7.9 18 290 M M 3 128 25 290
29 75 58 67 3 0 2 0.00 M M 9.2 17 300 M M 1 18 23 300
30 88 52 70 6 0 5 0.00 M M 6.4 17 300 M M 0 8 23 290
31 68 57 63 -1 2 0 0.00 M M 8.7 18 310 M M 7 18 25 300
================================================================================
SM 2333 1834 3 79 T M 236.9 M 161
================================================================================
AV 75.3 59.2 7.6 FASTST M M 5 MAX(MPH)
MISC ----> 21 330 # 29 300
================================================================================
NOTES:
# LAST OF SEVERAL OCCURRENCES
COLUMN 17 PEAK WIND IN M.P.H.
PRELIMINARY LOCAL CLIMATOLOGICAL DATA (WS FORM: F-6) , PAGE 2
STATION: SALINAS AIRPORT
MONTH: AUGUST
YEAR: 2023
LATITUDE: 36 40 N
LONGITUDE: 121 36 W
[TEMPERATURE DATA] [PRECIPITATION DATA] SYMBOLS USED IN COLUMN 16
AVERAGE MONTHLY: 67.2 TOTAL FOR MONTH: T 1 = FOG OR MIST
DPTR FM NORMAL: 3.2 DPTR FM NORMAL: -0.03 2 = FOG REDUCING VISIBILITY
HIGHEST: 88 ON 30 GRTST 24HR T ON 1- 1 TO 1/4 MILE OR LESS
LOWEST: 52 ON 30 3 = THUNDER
SNOW, ICE PELLETS, HAIL 4 = ICE PELLETS
TOTAL MONTH: M 5 = HAIL
GRTST 24HR M ON M 6 = FREEZING RAIN OR DRIZZLE
GRTST DEPTH: M ON M 7 = DUSTSTORM OR SANDSTORM:
VSBY 1/2 MILE OR LESS
8 = SMOKE OR HAZE
[NO. OF DAYS WITH] [WEATHER - DAYS WITH] 9 = BLOWING SNOW
X = TORNADO
MAX 32 OR BELOW: 0 0.01 INCH OR MORE: 0
MAX 90 OR ABOVE: 0 0.10 INCH OR MORE: 0
MIN 32 OR BELOW: 0 0.50 INCH OR MORE: 0
MIN 0 OR BELOW: 0 1.00 INCH OR MORE: 0
[HDD (BASE 65) ]
TOTAL THIS MO. 3 CLEAR (SCALE 0-3) 5
DPTR FM NORMAL -55 PTCLDY (SCALE 4-7) 23
TOTAL FM JUL 1 19 CLOUDY (SCALE 8-10) 3
DPTR FM NORMAL -123
[CDD (BASE 65) ]
TOTAL THIS MO. 79
DPTR FM NORMAL 54 [PRESSURE DATA]
TOTAL FM JAN 1 89 HIGHEST SLP M ON M
DPTR FM NORMAL 25 LOWEST SLP 29.62 ON 20
[REMARKS]
#FINAL-08-23#