000
CXUS56 KPQR 011301
CF6SPB
PRELIMINARY LOCAL CLIMATOLOGICAL DATA (WS FORM: F-6)
STATION: SCAPPOOSE OR
MONTH: FEBRUARY
YEAR: 2023
LATITUDE: 45 46 N
LONGITUDE: 122 50 W
TEMPERATURE IN F: :PCPN: SNOW: WIND :SUNSHINE: SKY :PK WND
================================================================================
1 2 3 4 5 6A 6B 7 8 9 10 11 12 13 14 15 16 17 18
12Z AVG MX 2MIN
DY MAX MIN AVG DEP HDD CDD WTR SNW DPTH SPD SPD DIR MIN PSBL S-S WX SPD DR
================================================================================
1 48 26 37 -4 28 0 0.00 M M 1.8 8 150 M M 0 9 150
2 48 24 36 -5 29 0 0.00 M M 1.4 10 130 M M 0 12 160
3 50 31 41 0 24 0 0.14 M M 3.7 15 130 M M 8 1 19 140
4 50 41 46 4 19 0 0.07 M M 2.7 10 230 M M 8 1 13 220
5 51 37 44 2 21 0 0.16 M M 5.8 18 260 M M 9 1 24 270
6 49 37 43 1 22 0 0.02 M M 3.0 9 140 M M 10 1 12 160
7 51 35 43 1 22 0 0.10 M M 4.6 14 230 M M 7 1 19 280
8 51 32 42 0 23 0 T M M 3.0 7 120 M M 6 1 10 160
9 59 33 46 4 19 0 0.03 M M 3.9 14 150 M M 3 17 150
10 56 41 49 7 16 0 0.01 M M 2.8 12 330 M M 7 1 15 340
11 52 34 43 1 22 0 0.00 M M 6.5 13 10 M M 3 17 320
12 48 30 39 -3 26 0 0.00 M M 1.2 6 150 M M 6 12 8 150
13 49 34 42 0 23 0 0.15 M M 5.6 22 310 M M 9 12 30 290
14 46 28 37 -5 28 0 0.05 M M 4.4 16 10 M M 5 1 22 310
15 43 25 34 -9 31 0 0.00 M M 1.1 5 270 M M 4 12 6 280
16 45 27 36 -7 29 0 0.00 M M 0.5 7 290 M M 5 18 8 290
17 49 37 43 0 22 0 T M M 1.2 8 330 M M 10 1 11 320
18 49 39 44 1 21 0 0.01 M M 2.3 12 260 M M 10 18 14 280
19 53 37 45 2 20 0 0.00 M M 2.7 12 240 M M 9 1 14 220
20 52 44 48 5 17 0 0.00 M M 4.9 25 280 M M 10 40 280
21 47 36 42 -2 23 0 0.16 M M 6.5 21 280 M M 7 1 35 290
22 37 29 33 -11 32 0 0.69 M M 5.7 15 120 M M 10 1 19 140
23 31 21 26 -18 39 0 0.03 M M 9.5 21 120 M M 7 1 27 130
24 38 14 26 -18 39 0 0.00 M M 3.5 12 60 M M 0 1 15 50
25 40 16 28 -16 37 0 T M M 2.5 7 150 M M 1 1 10 140
26 42 33 38 -6 27 0 0.20 M M 4.7 15 230 M M 9 1 19 230
27 40 35 38 -6 27 0 0.11 M M 4.0 15 120 M M 10 1 19 130
28 38 28 33 -12 32 0 0.11 M M 3.0 13 160 M M 8 1 17 160
================================================================================
SM 1312 884 718 0 2.04 M 102.5 M 181
================================================================================
AV 46.9 31.6 3.7 FASTST M M 6 MAX(MPH)
MISC ----> 25 280 40 280
================================================================================
NOTES:
# LAST OF SEVERAL OCCURRENCES
COLUMN 17 PEAK WIND IN M.P.H.
PRELIMINARY LOCAL CLIMATOLOGICAL DATA (WS FORM: F-6) , PAGE 2
STATION: SCAPPOOSE OR
MONTH: FEBRUARY
YEAR: 2023
LATITUDE: 45 46 N
LONGITUDE: 122 50 W
[TEMPERATURE DATA] [PRECIPITATION DATA] SYMBOLS USED IN COLUMN 16
AVERAGE MONTHLY: 39.2 TOTAL FOR MONTH: 2.04 1 = FOG OR MIST
DPTR FM NORMAL: -3.5 DPTR FM NORMAL: -2.58 2 = FOG REDUCING VISIBILITY
HIGHEST: 59 ON 9 GRTST 24HR 0.69 ON 22-22 TO 1/4 MILE OR LESS
LOWEST: 14 ON 24 3 = THUNDER
SNOW, ICE PELLETS, HAIL 4 = ICE PELLETS
TOTAL MONTH: M 5 = HAIL
GRTST 24HR M ON M 6 = FREEZING RAIN OR DRIZZLE
GRTST DEPTH: M ON M 7 = DUSTSTORM OR SANDSTORM:
VSBY 1/2 MILE OR LESS
8 = SMOKE OR HAZE
[NO. OF DAYS WITH] [WEATHER - DAYS WITH] 9 = BLOWING SNOW
X = TORNADO
MAX 32 OR BELOW: 1 0.01 INCH OR MORE: 16
MAX 90 OR ABOVE: 0 0.10 INCH OR MORE: 9
MIN 32 OR BELOW: 13 0.50 INCH OR MORE: 1
MIN 0 OR BELOW: 0 1.00 INCH OR MORE: 0
[HDD (BASE 65) ]
TOTAL THIS MO. 718 CLEAR (SCALE 0-3) 6
DPTR FM NORMAL 94 PTCLDY (SCALE 4-7) 11
TOTAL FM JUL 1 3208 CLOUDY (SCALE 8-10) 11
DPTR FM NORMAL -94
[CDD (BASE 65) ]
TOTAL THIS MO. 0
DPTR FM NORMAL 0 [PRESSURE DATA]
TOTAL FM JAN 1 0 HIGHEST SLP 30.54 ON 8
DPTR FM NORMAL 0 LOWEST SLP 29.38 ON 27
[REMARKS]
#FINAL-02-23#