000
CXUS56 KPQR 011155
CF6SPB
PRELIMINARY LOCAL CLIMATOLOGICAL DATA (WS FORM: F-6)
STATION: SCAPPOOSE OR
MONTH: MAY
YEAR: 2022
LATITUDE: 45 46 N
LONGITUDE: 122 50 W
TEMPERATURE IN F: :PCPN: SNOW: WIND :SUNSHINE: SKY :PK WND
================================================================================
1 2 3 4 5 6A 6B 7 8 9 10 11 12 13 14 15 16 17 18
12Z AVG MX 2MIN
DY MAX MIN AVG DEP HDD CDD WTR SNW DPTH SPD SPD DIR MIN PSBL S-S WX SPD DR
================================================================================
1 64 43 54 0 11 0 0.00 M M 1.9 9 100 M M 5 1 14 120
2 62 48 55 1 10 0 0.03 M M 6.4 14 320 M M 9 23 150
3 61 43 52 -2 13 0 0.00 M M 3.9 12 360 M M 6 15 360
4 73 43 58 3 7 0 0.00 M M 3.4 10 360 M M 1 13 360
5 59 47 53 -2 12 0 0.28 M M 5.3 15 200 M M 10 1 21 220
6 64 47 56 1 9 0 0.72 M M 4.0 15 270 M M 10 1 23 250
7 59 44 52 -3 13 0 0.03 M M 4.5 20 240 M M 8 28 280
8 55 38 47 -9 18 0 0.06 M M 2.8 12 320 M M 6 17 330
9 54 36 45 -11 20 0 0.07 M M 2.4 10 10 M M 8 1 15 290
10 61 35 48 -8 17 0 T M M 2.9 12 330 M M 7 128 16 340
11 62 38 50 -6 15 0 T M M 4.4 17 140 M M 6 22 130
12 57 39 48 -9 17 0 0.21 M M 7.5 17 160 M M 8 1 30 200
13 56 35 46 -11 19 0 0.32 M M 2.4 9 250 M M 7 1 12 240
14 71 50 61 4 4 0 0.18 M M 4.5 15 220 M M 7 1 22 210
15 68 54 61 4 4 0 0.47 M M 4.0 15 230 M M 10 1 20 230
16 63 46 55 -3 10 0 T M M 5.2 13 310 M M 9 17 310
17 65 42 54 -4 11 0 0.00 M M 3.9 12 350 M M 3 14 340
18 63 48 56 -2 9 0 0.15 M M 5.5 14 280 M M 9 18 19 310
19 59 43 51 -7 14 0 0.05 M M 5.1 16 300 M M 6 1 26 290
20 63 38 51 -7 14 0 0.00 M M 4.0 10 340 M M 5 15 350
21 73 45 59 1 6 0 0.00 M M 6.8 16 350 M M 0 23 360
22 75 44 60 2 5 0 0.00 M M 4.1 12 300 M M 1 16 310
23 69 51 60 1 5 0 0.00 M M 4.9 16 350 M M 6 23 340
24 66 44 55 -4 10 0 0.02 M M 1.2 10 240 M M 8 13 230
25 73 54 64 5 1 0 T M M 4.3 10 340 M M 5 1 13 340
26 73 53 63 4 2 0 0.03 M M 1.8 12 150 M M 6 1 14 150
27 62 52 57 -2 8 0 0.04 M M 4.4 13 230 M M 8 1 15 240
28 59 50 55 -4 10 0 0.53 M M 2.2 12 350 M M 10 1 16 320
29 61 50 56 -3 9 0 0.02 M M 6.7 16 280 M M 9 25 290
30 66 50 58 -2 7 0 0.02 M M 3.5 13 10 M M 7 16 20
31 79 48 64 4 1 0 0.00 M M 3.8 9 360 M M 3 12 320
================================================================================
SM 1995 1398 311 0 3.23 M 127.7 M 203
================================================================================
AV 64.4 45.1 4.1 FASTST M M 7 MAX(MPH)
MISC ----> 20 240 30 200
================================================================================
NOTES:
# LAST OF SEVERAL OCCURRENCES
COLUMN 17 PEAK WIND IN M.P.H.
PRELIMINARY LOCAL CLIMATOLOGICAL DATA (WS FORM: F-6) , PAGE 2
STATION: SCAPPOOSE OR
MONTH: MAY
YEAR: 2022
LATITUDE: 45 46 N
LONGITUDE: 122 50 W
[TEMPERATURE DATA] [PRECIPITATION DATA] SYMBOLS USED IN COLUMN 16
AVERAGE MONTHLY: 54.7 TOTAL FOR MONTH: 3.23 1 = FOG OR MIST
DPTR FM NORMAL: -2.5 DPTR FM NORMAL: 0.74 2 = FOG REDUCING VISIBILITY
HIGHEST: 79 ON 31 GRTST 24HR 0.74 ON 6- 7 TO 1/4 MILE OR LESS
LOWEST: 35 ON 13,10 3 = THUNDER
SNOW, ICE PELLETS, HAIL 4 = ICE PELLETS
TOTAL MONTH: M 5 = HAIL
GRTST 24HR M ON M 6 = FREEZING RAIN OR DRIZZLE
GRTST DEPTH: M ON M 7 = DUSTSTORM OR SANDSTORM:
VSBY 1/2 MILE OR LESS
8 = SMOKE OR HAZE
[NO. OF DAYS WITH] [WEATHER - DAYS WITH] 9 = BLOWING SNOW
X = TORNADO
MAX 32 OR BELOW: 0 0.01 INCH OR MORE: 18
MAX 90 OR ABOVE: 0 0.10 INCH OR MORE: 8
MIN 32 OR BELOW: 0 0.50 INCH OR MORE: 2
MIN 0 OR BELOW: 0 1.00 INCH OR MORE: 0
[HDD (BASE 65) ]
TOTAL THIS MO. 311 CLEAR (SCALE 0-3) 4
DPTR FM NORMAL 58 PTCLDY (SCALE 4-7) 16
TOTAL FM JUL 1 4402 CLOUDY (SCALE 8-10) 11
DPTR FM NORMAL -157
[CDD (BASE 65) ]
TOTAL THIS MO. 0
DPTR FM NORMAL -11 [PRESSURE DATA]
TOTAL FM JAN 1 0 HIGHEST SLP 30.31 ON 20
DPTR FM NORMAL -12 LOWEST SLP 29.60 ON 28
[REMARKS]
#FINAL-05-22#