000
CXUS52 KTBW 031027
CF6SPG
PRELIMINARY LOCAL CLIMATOLOGICAL DATA (WS FORM: F-6)
STATION: SAINT PETERSBURG
MONTH: FEBRUARY
YEAR: 2023
LATITUDE: 27 46 N
LONGITUDE: 82 38 W
TEMPERATURE IN F: :PCPN: SNOW: WIND :SUNSHINE: SKY :PK WND
================================================================================
1 2 3 4 5 6A 6B 7 8 9 10 11 12 13 14 15 16 17 18
12Z AVG MX 2MIN
DY MAX MIN AVG DEP HDD CDD WTR SNW DPTH SPD SPD DIR MIN PSBL S-S WX SPD DR
================================================================================
1 78 65 72 9 0 7 0.00 0.0 0 2.4 12 270 M M 3 18 250
2 78 65 72 9 0 7 0.00 0.0 0 4.7 12 220 M M 1 12 17 220
3 74 57 66 3 0 1 0.06 0.0 0 13.1 24 40 M M 7 1 32 340
4 72 55 64 1 1 0 0.00 0.0 0 16.0 23 30 M M 1 32 30
5 75 63 69 5 0 4 0.00 0.0 0 8.3 16 50 M M 4 18 50
6 76 64 70 6 0 5 0.00 0.0 0 6.7 17 90 M M 1 21 80
7 75 62 69 5 0 4 0.00 0.0 0 11.2 20 80 M M 1 22 80
8 78 65 72 8 0 7 0.00 0.0 0 7.9 15 130 M M 0 19 130
9 83 66 75 11 0 10 0.00 0.0 0 9.6 17 200 M M 2 25 190
10 81 68 75 11 0 10 0.00 0.0 0 7.9 21 190 M M 1 30 190
11 79 68 74 10 0 9 0.10 0.0 0 11.7 25 210 M M 4 1 41 200
12 67 60 64 0 1 0 0.02 0.0 0 15.0 26 270 M M 9 1 40 270
13 67 55 61 -4 4 0 0.00 0.0 0 6.1 14 320 M M 0 20 20
14 75 57 66 1 0 1 0.00 0.0 0 5.3 13 80 M M 0 15 200
15 78 63 71 6 0 6 0.00 0.0 0 8.3 16 150 M M 0 22 200
16 81 66 74 9 0 9 0.00 0.0 0 9.8 17 200 M M 1 26 210
17 80 66 73 8 0 8 0.01 0.0 0 9.2 20 320 M M 3 1 29 330
18 70 54 62 -3 3 0 0.00 0.0 0 15.3 23 20 M M 1 30 10
19 78 60 69 3 0 4 0.00 0.0 0 7.8 17 50 M M 6 20 50
20 73 62 68 2 0 3 0.00 0.0 0 5.6 15 260 M M 3 23 270
21 76 67 72 6 0 7 0.00 0.0 0 7.4 15 250 M M 3 20 240
22 82 66 74 8 0 9 0.00 0.0 0 8.0 17 200 M M 0 1 26 220
23 83 69 76 10 0 11 0.00 0.0 0 7.3 15 250 M M 0 20 260
24 85 69 77 11 0 12 0.00 0.0 0 5.2 15 350 M M 1 18 19 340
25 83 69 76 10 0 11 0.00 0.0 0 6.6 13 260 M M 1 17 250
26 80 66 73 7 0 8 0.00 0.0 0 6.2 15 260 M M 1 22 260
27 76 64 70 3 0 5 0.00 0.0 0 7.3 16 250 M M 2 24 200
28 78 71 75 8 0 10 0.00 0.0 0 9.8 17 230 M M 2 27 260
================================================================================
SM 2161 1782 9 168 0.19 0.0 239.7 M 58
================================================================================
AV 77.2 63.6 8.6 FASTST M M 2 MAX(MPH)
MISC ----> 26 270 41 200
================================================================================
NOTES:
# LAST OF SEVERAL OCCURRENCES
COLUMN 17 PEAK WIND IN M.P.H.
PRELIMINARY LOCAL CLIMATOLOGICAL DATA (WS FORM: F-6) , PAGE 2
STATION: SAINT PETERSBURG
MONTH: FEBRUARY
YEAR: 2023
LATITUDE: 27 46 N
LONGITUDE: 82 38 W
[TEMPERATURE DATA] [PRECIPITATION DATA] SYMBOLS USED IN COLUMN 16
AVERAGE MONTHLY: 70.4 TOTAL FOR MONTH: 0.19 1 = FOG OR MIST
DPTR FM NORMAL: 5.5 DPTR FM NORMAL: -1.83 2 = FOG REDUCING VISIBILITY
HIGHEST: 85 ON 24 GRTST 24HR 0.12 ON 11-12 TO 1/4 MILE OR LESS
LOWEST: 54 ON 18 3 = THUNDER
SNOW, ICE PELLETS, HAIL 4 = ICE PELLETS
TOTAL MONTH: 0.0 INCH 5 = HAIL
GRTST 24HR 0.0 6 = FREEZING RAIN OR DRIZZLE
GRTST DEPTH: 0 7 = DUSTSTORM OR SANDSTORM:
VSBY 1/2 MILE OR LESS
8 = SMOKE OR HAZE
[NO. OF DAYS WITH] [WEATHER - DAYS WITH] 9 = BLOWING SNOW
X = TORNADO
MAX 32 OR BELOW: 0 0.01 INCH OR MORE: 4
MAX 90 OR ABOVE: 0 0.10 INCH OR MORE: 1
MIN 32 OR BELOW: 0 0.50 INCH OR MORE: 0
MIN 0 OR BELOW: 0 1.00 INCH OR MORE: 0
[HDD (BASE 65) ]
TOTAL THIS MO. 9 CLEAR (SCALE 0-3) 22
DPTR FM NORMAL -67 PTCLDY (SCALE 4-7) 5
TOTAL FM JUL 1 202 CLOUDY (SCALE 8-10) 1
DPTR FM NORMAL -119
[CDD (BASE 65) ]
TOTAL THIS MO. 168
DPTR FM NORMAL 94 [PRESSURE DATA]
TOTAL FM JAN 1 242 HIGHEST SLP 30.36 ON 4
DPTR FM NORMAL 116 LOWEST SLP 29.88 ON 11
[REMARKS]
#FINAL-02-23#