000
CXUS53 KILX 010900
CF6SPI
PRELIMINARY LOCAL CLIMATOLOGICAL DATA (WS FORM: F-6)
STATION: SPRINGFIELD IL
MONTH: JULY
YEAR: 2022
LATITUDE: 39 50 N
LONGITUDE: 89 41 W
TEMPERATURE IN F: :PCPN: SNOW: WIND :SUNSHINE: SKY :PK WND
================================================================================
1 2 3 4 5 6A 6B 7 8 9 10 11 12 13 14 15 16 17 18
12Z AVG MX 2MIN
DY MAX MIN AVG DEP HDD CDD WTR SNW DPTH SPD SPD DIR MIN PSBL S-S WX SPD DR
================================================================================
1 87 69 78 2 0 13 T 0.0 0 7.0 15 330 M M 2 21 330
2 83 64 74 -2 0 9 T 0.0 0 4.9 14 60 M M 3 1 19 50
3 87 58 73 -3 0 8 0.00 0.0 0 6.8 15 130 M M 1 21 120
4 92 72 82 6 0 17 0.00 0.0 0 10.2 20 160 M M 1 27 210
5 97 78 88 12 0 23 0.00 0.0 0 7.7 16 230 M M 0 23 250
6 86 74 80 3 0 15 0.36 0.0 0 3.3 22 350 M M 4 138 30 350
7 80 72 76 -1 0 11 1.18 0.0 0 4.5 17 280 M M 8 13 25 280
8 83 71 77 0 0 12 3.71 0.0 0 8.0 22 80 M M 8 13 26 80
9 84 65 75 -2 0 10 0.06 0.0 0 11.8 20 30 M M 6 1 27 20
10 84 61 73 -4 0 8 0.00 0.0 0 3.2 8 140 M M 0 11 280
11 89 65 77 0 0 12 0.00 0.0 0 6.7 13 280 M M 1 18 230
12 84 66 75 -2 0 10 0.00 0.0 0 6.7 15 330 M M 0 21 330
13 87 63 75 -2 0 10 0.00 0.0 0 5.2 12 260 M M 0 18 230
14 85 67 76 -1 0 11 0.01 0.0 0 6.1 10 80 M M 3 14 50
15 80 71 76 -1 0 11 0.08 0.0 0 8.3 17 140 M M 6 25 150
16 90 70 80 3 0 15 0.00 0.0 0 4.8 13 350 M M 2 17 210
17 82 68 75 -2 0 10 0.34 0.0 0 2.5 10 340 M M 7 1 15 340
18 88 66 77 0 0 12 0.00 0.0 0 2.6 10 10 M M 1 1 14 10
19 87 66 77 0 0 12 0.00 0.0 0 6.5 14 190 M M 2 1 21 210
20 88 69 79 2 0 14 0.00 0.0 0 8.7 16 270 M M 0 26 260
21 90 64 77 1 0 12 0.00 0.0 0 5.5 14 250 M M 0 21 260
22 90 63 77 1 0 12 0.00 0.0 0 5.3 12 180 M M 0 17 190
23 94 75 85 9 0 20 0.00 0.0 0 9.0 16 200 M M 0 26 180
24 87 69 78 2 0 13 0.09 0.0 0 8.6 23 360 M M 2 3 34 20
25 78 63 71 -5 0 6 0.01 0.0 0 2.3 9 340 M M 3 12 350
26 73 64 69 -7 0 4 0.12 0.0 0 4.5 12 180 M M 10 1 18 170
27 84 69 77 1 0 12 0.07 0.0 0 6.2 17 270 M M 6 1 26 270
28 86 63 75 -1 0 10 0.00 0.0 0 4.2 10 10 M M 4 12 15 330
29 81 56 69 -7 0 4 0.00 0.0 0 2.8 12 320 M M 1 19 320
30 83 57 70 -6 0 5 0.00 0.0 0 2.1 7 90 M M 2 1 11 100
31 82 60 71 -5 0 6 0.00 0.0 0 6.2 13 170 M M 5 17 180
================================================================================
SM 2651 2058 0 347 6.03 0.0 182.2 M 88
================================================================================
AV 85.5 66.4 5.9 FASTST M M 3 MAX(MPH)
MISC ----> 23 360 34 20
================================================================================
NOTES:
# LAST OF SEVERAL OCCURRENCES
COLUMN 17 PEAK WIND IN M.P.H.
PRELIMINARY LOCAL CLIMATOLOGICAL DATA (WS FORM: F-6) , PAGE 2
STATION: SPRINGFIELD IL
MONTH: JULY
YEAR: 2022
LATITUDE: 39 50 N
LONGITUDE: 89 41 W
[TEMPERATURE DATA] [PRECIPITATION DATA] SYMBOLS USED IN COLUMN 16
AVERAGE MONTHLY: 76.0 TOTAL FOR MONTH: 6.03 1 = FOG OR MIST
DPTR FM NORMAL: -0.5 DPTR FM NORMAL: 2.18 2 = FOG REDUCING VISIBILITY
HIGHEST: 97 ON 5 GRTST 24HR 3.72 ON 8- 9 TO 1/4 MILE OR LESS
LOWEST: 56 ON 29 3 = THUNDER
SNOW, ICE PELLETS, HAIL 4 = ICE PELLETS
TOTAL MONTH: 0.0 INCH 5 = HAIL
GRTST 24HR 0.0 6 = FREEZING RAIN OR DRIZZLE
GRTST DEPTH: 0 7 = DUSTSTORM OR SANDSTORM:
VSBY 1/2 MILE OR LESS
8 = SMOKE OR HAZE
[NO. OF DAYS WITH] [WEATHER - DAYS WITH] 9 = BLOWING SNOW
X = TORNADO
MAX 32 OR BELOW: 0 0.01 INCH OR MORE: 11
MAX 90 OR ABOVE: 6 0.10 INCH OR MORE: 5
MIN 32 OR BELOW: 0 0.50 INCH OR MORE: 2
MIN 0 OR BELOW: 0 1.00 INCH OR MORE: 2
[HDD (BASE 65) ]
TOTAL THIS MO. 0 CLEAR (SCALE 0-3) 21
DPTR FM NORMAL -1 PTCLDY (SCALE 4-7) 9
TOTAL FM JUL 1 0 CLOUDY (SCALE 8-10) 1
DPTR FM NORMAL 0
[CDD (BASE 65) ]
TOTAL THIS MO. 347
DPTR FM NORMAL -10 [PRESSURE DATA]
TOTAL FM JAN 1 822 HIGHEST SLP 30.21 ON 30
DPTR FM NORMAL 61 LOWEST SLP 29.69 ON 20
[REMARKS]
#FINAL-07-22#