000
CXUS53 KILX 010900
CF6SPI
PRELIMINARY LOCAL CLIMATOLOGICAL DATA (WS FORM: F-6)
STATION: SPRINGFIELD IL
MONTH: AUGUST
YEAR: 2021
LATITUDE: 39 50 N
LONGITUDE: 89 41 W
TEMPERATURE IN F: :PCPN: SNOW: WIND :SUNSHINE: SKY :PK WND
================================================================================
1 2 3 4 5 6A 6B 7 8 9 10 11 12 13 14 15 16 17 18
12Z AVG MX 2MIN
DY MAX MIN AVG DEP HDD CDD WTR SNW DPTH SPD SPD DIR MIN PSBL S-S WX SPD DR
================================================================================
1 82 59 71 -5 0 6 0.00 0.0 0 6.2 14 350 M M 3 18 19 360
2 79 58 69 -7 0 4 0.00 0.0 0 4.3 12 10 M M 1 1 16 40
3 81 54 68 -8 0 3 0.00 0.0 0 2.1 10 50 M M 1 1 14 30
4 84 57 71 -5 0 6 0.00 0.0 0 1.6 10 30 M M 1 1 13 30
5 83 59 71 -5 0 6 0.00 0.0 0 5.7 13 180 M M 1 19 170
6 82 69 76 0 0 11 0.00 0.0 0 8.4 14 200 M M 2 19 190
7 88 69 79 3 0 14 0.00 0.0 0 8.1 15 180 M M 1 1 23 180
8 88 70 79 3 0 14 0.66 0.0 0 11.4 33 260 M M 3 13 45 260
9 87 70 79 3 0 14 2.18 0.0 0 12.8 22 190 M M 5 13 34 190
10 90 76 83 7 0 18 T 0.0 0 8.6 20 220 M M 1 31 220
11 89 77 83 7 0 18 0.00 0.0 0 11.3 25 200 M M 1 38 190
12 89 68 79 4 0 14 0.61 0.0 0 7.9 31 330 M M 3 13 46 300
13 84 64 74 -1 0 9 0.00 0.0 0 4.8 13 330 M M 1 1 18 360
14 84 60 72 -3 0 7 0.00 0.0 0 3.7 10 20 M M 0 14 350
15 79 60 70 -5 0 5 0.00 0.0 0 5.4 14 40 M M 0 22 30
16 82 59 71 -4 0 6 0.00 0.0 0 3.8 13 70 M M 3 16 50
17 85 64 75 0 0 10 0.00 0.0 0 1.6 9 30 M M 2 1 11 110
18 87 64 76 1 0 11 0.00 0.0 0 1.4 9 250 M M 2 12 12 240
19 89 63 76 1 0 11 0.00 0.0 0 0.9 7 250 M M 2 128 8 20
20 88 66 77 2 0 12 0.00 0.0 0 5.8 14 160 M M 2 128 20 150
21 84 71 78 4 0 13 0.27 0.0 0 4.3 16 340 M M 6 18 22 360
22 85 66 76 2 0 11 0.00 0.0 0 4.6 13 360 M M 2 18 17 360
23 91 63 77 3 0 12 0.01 0.0 0 4.6 23 270 M M 1 13 25 190
24 93 71 82 8 0 17 0.02 0.0 0 8.6 30 10 M M 1 3 43 20
25 94 71 83 9 0 18 0.81 0.0 0 6.5 21 50 M M 2 13 30 10
26 93 69 81 7 0 16 0.04 0.0 0 5.1 22 110 M M 2 13 28 130
27 91 68 80 6 0 15 0.00 0.0 0 7.2 20 200 M M 1 28 200
28 89 74 82 9 0 17 0.00 0.0 M 8.7 15 180 M M 1 22 170
29 90 73 82 9 0 17 0.00 0.0 0 6.4 17 260 M M 4 23 260
30 88 69 79 6 0 14 0.00 0.0 0 4.2 14 170 M M 3 1 18 170
31 85 67 76 3 0 11 1.09 0.0 0 6.6 20 50 M M 7 1 29 50
================================================================================
SM 2683 2048 0 360 5.69 0.0 182.6 M 65
================================================================================
AV 86.5 66.1 5.9 FASTST M M 2 MAX(MPH)
MISC ----> 33 260 46 300
================================================================================
NOTES:
# LAST OF SEVERAL OCCURRENCES
COLUMN 17 PEAK WIND IN M.P.H.
PRELIMINARY LOCAL CLIMATOLOGICAL DATA (WS FORM: F-6) , PAGE 2
STATION: SPRINGFIELD IL
MONTH: AUGUST
YEAR: 2021
LATITUDE: 39 50 N
LONGITUDE: 89 41 W
[TEMPERATURE DATA] [PRECIPITATION DATA] SYMBOLS USED IN COLUMN 16
AVERAGE MONTHLY: 76.3 TOTAL FOR MONTH: 5.69 1 = FOG OR MIST
DPTR FM NORMAL: 1.4 DPTR FM NORMAL: 2.32 2 = FOG REDUCING VISIBILITY
HIGHEST: 94 ON 25 GRTST 24HR 2.84 ON 8- 9 TO 1/4 MILE OR LESS
LOWEST: 54 ON 3 3 = THUNDER
SNOW, ICE PELLETS, HAIL 4 = ICE PELLETS
TOTAL MONTH: 0.0 INCH 5 = HAIL
GRTST 24HR 0.0 6 = FREEZING RAIN OR DRIZZLE
GRTST DEPTH: 0 7 = DUSTSTORM OR SANDSTORM:
VSBY 1/2 MILE OR LESS
8 = SMOKE OR HAZE
[NO. OF DAYS WITH] [WEATHER - DAYS WITH] 9 = BLOWING SNOW
X = TORNADO
MAX 32 OR BELOW: 0 0.01 INCH OR MORE: 9
MAX 90 OR ABOVE: 7 0.10 INCH OR MORE: 6
MIN 32 OR BELOW: 0 0.50 INCH OR MORE: 5
MIN 0 OR BELOW: 0 1.00 INCH OR MORE: 2
[HDD (BASE 65) ]
TOTAL THIS MO. 0 CLEAR (SCALE 0-3) 25
DPTR FM NORMAL -3 PTCLDY (SCALE 4-7) 6
TOTAL FM JUL 1 2 CLOUDY (SCALE 8-10) 0
DPTR FM NORMAL 1
[CDD (BASE 65) ]
TOTAL THIS MO. 360
DPTR FM NORMAL 52 [PRESSURE DATA]
TOTAL FM JAN 1 1130 HIGHEST SLP 30.25 ON 14
DPTR FM NORMAL 61 LOWEST SLP 29.68 ON 31
[REMARKS]
#FINAL-08-21#