000
CXUS54 KLZK 011130
CF6SRC
PRELIMINARY LOCAL CLIMATOLOGICAL DATA (WS FORM: F-6)
STATION: Searcy Airport
MONTH: JULY
YEAR: 2020
LATITUDE: 35 12 N
LONGITUDE: 91 44 W
TEMPERATURE IN F: :PCPN: SNOW: WIND :SUNSHINE: SKY :PK WND
================================================================================
1 2 3 4 5 6A 6B 7 8 9 10 11 12 13 14 15 16 17 18
12Z AVG MX 2MIN
DY MAX MIN AVG DEP HDD CDD WTR SNW DPTH SPD SPD DIR MIN PSBL S-S WX SPD DR
================================================================================
1 88 71 80 0 0 15 0.29 M M 5.6 14 50 M M 5 13 M M
2 95 69 82 1 0 17 0.89 M M 1.7 5 20 M M 3 13 M M
3 94 71 83 2 0 18 T M M 2.9 8 200 M M 0 M M
4 89 73 81 0 0 16 0.09 M M 2.8 9 40 M M 3 138 M M
5 90 71 81 0 0 16 0.07 M M 2.0 9 90 M M 3 13 M M
6 92 68 80 -1 0 15 0.01 M M 3.0 7 70 M M 1 1 M M
7 93 71 82 1 0 17 0.00 M M 3.7 14 190 M M 1 18 M M
8 90 71 81 0 0 16 0.00 M M 1.3 6 130 M M 5 18 M M
9 86 70 78 -3 0 13 0.05 M M 0.9 4 210 M M 4 13 M M
10 93 67 80 -1 0 15 0.00 M M 2.1 7 99 M M 1 12 M M
11 96 71 84 3 0 19 0.00 M M 4.0 9 210 M M 1 1 M M
12 93 70 82 1 0 17 0.00 M M 6.1 10 320 M M 2 17 290
13 91 67 79 -2 0 14 0.00 M M 2.9 10 60 M M 1 8 M M
14 93 72 83 1 0 18 0.04 M M 5.3 12 130 M M 3 3 M M
15 94 75 85 3 0 20 0.00 M M 6.1 13 170 M M 1 1 M M
16 94 74 84 2 0 19 0.34 M M 1.8 5 210 M M 2 13 M M
17 92 74 83 1 0 18 0.00 M M 3.3 9 190 M M 1 1 M M
18 94 72 83 1 0 18 0.00 M M 4.3 13 180 M M 0 1 M M
19 96 73 85 3 0 20 0.00 M M 4.3 9 190 M M 1 1 M M
20 97 74 86 4 0 21 0.00 M M 4.1 12 150 M M 1 1 M M
21 94 73 84 2 0 19 0.00 M M 4.1 9 190 M M 2 13 M M
22 86 75 81 -1 0 16 0.21 M M 3.1 10 180 M M 3 1 M M
23 94 74 84 2 0 19 0.10 M M 4.3 12 40 M M 0 3 M M
24 94 75 85 3 0 20 0.00 M M 4.8 12 160 M M 2 M M
25 92 74 83 1 0 18 0.00 M M 4.0 9 160 M M 3 18 M M
26 93 71 82 0 0 17 0.00 M M 4.0 8 150 M M 1 M M
27 92 71 82 0 0 17 0.00 M M 3.9 8 200 M M 0 1 M M
28 94 71 83 1 0 18 0.00 M M 3.2 8 160 M M 1 1 M M
29 93 74 84 2 0 19 0.46 M M 3.7 13 160 M M 4 13 17 200
30 90 80 85 3 0 20 T M M 6.0 10 190 M M 8 M M
31 83 71 77 -5 0 12 0.08 M M 6.2 13 190 M M 7 20 190
================================================================================
SM 2855 2233 0 537 2.63 M 115.5 M 70
================================================================================
AV 92.1 72.0 3.7 FASTST M M 2 MAX(MPH)
MISC ----> # 14 50 # 20 190
================================================================================
NOTES:
# LAST OF SEVERAL OCCURRENCES
COLUMN 17 PEAK WIND IN M.P.H.
PRELIMINARY LOCAL CLIMATOLOGICAL DATA (WS FORM: F-6) , PAGE 2
STATION: Searcy Airport
MONTH: JULY
YEAR: 2020
LATITUDE: 35 12 N
LONGITUDE: 91 44 W
[TEMPERATURE DATA] [PRECIPITATION DATA] SYMBOLS USED IN COLUMN 16
AVERAGE MONTHLY: 82.1 TOTAL FOR MONTH: 2.63 1 = FOG OR MIST
DPTR FM NORMAL: 0.8 DPTR FM NORMAL: -1.10 2 = FOG REDUCING VISIBILITY
HIGHEST: 97 ON 20 GRTST 24HR 0.89 ON 2- 2 TO 1/4 MILE OR LESS
LOWEST: 67 ON 13,10 3 = THUNDER
SNOW, ICE PELLETS, HAIL 4 = ICE PELLETS
TOTAL MONTH: M 5 = HAIL
GRTST 24HR M ON M 6 = FREEZING RAIN OR DRIZZLE
GRTST DEPTH: M ON M 7 = DUSTSTORM OR SANDSTORM:
VSBY 1/2 MILE OR LESS
8 = SMOKE OR HAZE
[NO. OF DAYS WITH] [WEATHER - DAYS WITH] 9 = BLOWING SNOW
X = TORNADO
MAX 32 OR BELOW: 0 0.01 INCH OR MORE: 12
MAX 90 OR ABOVE: 26 0.10 INCH OR MORE: 6
MIN 32 OR BELOW: 0 0.50 INCH OR MORE: 1
MIN 0 OR BELOW: 0 1.00 INCH OR MORE: 0
[HDD (BASE 65) ]
TOTAL THIS MO. 0 CLEAR (SCALE 0-3) 24
DPTR FM NORMAL 0 PTCLDY (SCALE 4-7) 6
TOTAL FM JUL 1 0 CLOUDY (SCALE 8-10) 1
DPTR FM NORMAL 0
[CDD (BASE 65) ]
TOTAL THIS MO. 537
DPTR FM NORMAL 30 [PRESSURE DATA]
TOTAL FM JAN 1 1078 HIGHEST SLP M ON M
DPTR FM NORMAL -41 LOWEST SLP M ON M
[REMARKS]
#FINAL-07-20#