000
CXUS54 KEPZ 011200
CF6SRR
PRELIMINARY LOCAL CLIMATOLOGICAL DATA (WS FORM: F-6)
STATION: RUIDOSO AWOS
MONTH: APRIL
YEAR: 2020
LATITUDE: 33 28 N
LONGITUDE: 105 32 W
TEMPERATURE IN F: :PCPN: SNOW: WIND :SUNSHINE: SKY :PK WND
================================================================================
1 2 3 4 5 6A 6B 7 8 9 10 11 12 13 14 15 16 17 18
12Z AVG MX 2MIN
DY MAX MIN AVG DEP HDD CDD WTR SNW DPTH SPD SPD DIR MIN PSBL S-S WX SPD DR
================================================================================
1 68 46 57 M 8 0 0.00 0.0 0 16.6 30 260 M M 2 41 260
2 64 48 56 M 9 0 0.00 0.0 0 17.8 25 240 M M 0 31 250
3 52 28 40 M 25 0 0.00 M 0 8.6 14 130 M M 0 18 150
4 63 28 46 M 19 0 0.00 M 0 9.8 24 200 M M 1 1 32 200
5 64 39 52 M 13 0 0.00 M 0 12.6 25 230 M M 0 31 240
6 64 43 54 M 11 0 0.00 0.0 0 11.1 23 220 M M 0 27 230
7 68 46 57 M 8 0 0.00 0.0 0 11.2 18 230 M M 2 20 200
8 66 46 56 M 9 0 0.00 0.0 0 10.1 18 220 M M 0 24 220
9 64 46 55 M 10 0 0.00 0.0 0 11.4 23 220 M M 0 29 220
10 64 39 52 M 13 0 0.00 0.0 0 10.3 22 230 M M 2 28 230
11 61 39 50 M 15 0 0.00 0.0 0 15.7 31 240 M M 0 39 240
12 59 36 48 M 17 0 0.02 M 0 17.1 27 270 M M 4 2 37 310
13 39 28 34 M 31 0 0.07 M 0 8.5 17 150 M M 9 2 20 130
14 50 28 39 M 26 0 0.00 0.0 0 8.3 17 320 M M 5 12 25 300
15 57 27 42 M 23 0 0.00 0.0 0 8.5 16 290 M M 0 23 320
16 68 39 54 M 11 0 0.00 0.0 0 15.2 29 230 M M 0 36 230
17 64 28 46 M 19 0 0.00 0.0 0 8.6 22 130 M M 0 16 150
18 64 37 51 M 14 0 0.00 0.0 0 16.0 32 250 M M 1 46 250
19 64 41 53 M 12 0 0.00 0.0 0 15.6 24 290 M M 0 35 290
20 68 46 57 M 8 0 0.00 0.0 0 8.6 16 260 M M 0 24 260
21 68 48 58 M 7 0 0.00 0.0 0 15.0 24 220 M M 2 35 240
22 66 43 55 M 10 0 0.00 0.0 0 13.5 24 310 M M 1 35 310
23 68 41 55 M 10 0 0.00 0.0 0 13.7 22 290 M M 1 38 300
24 72 52 62 M 3 0 0.00 0.0 0 15.0 29 310 M M 1 39 290
25 68 39 54 M 11 0 0.00 0.0 0 8.5 21 330 M M 2 29 330
26 77 46 62 M 3 0 0.00 0.0 0 8.9 18 190 M M 0 28 190
27 77 57 67 M 0 2 0.00 0.0 0 9.9 17 230 M M 1 27 300
28 79 57 68 M 0 3 0.00 0.0 0 11.5 18 320 M M 0 30 300
29 68 45 57 M 8 0 0.00 0.0 0 10.5 15 120 M M 0 24 110
30 81 45 63 M 2 0 0.00 0.0 0 8.6 20 230 M M 0 23 310
================================================================================
SM 1955 1231 355 5 0.09 0.0 356.7 M 34
================================================================================
AV 65.2 41.0 11.9 FASTST M M 1 MAX(MPH)
MISC ----> # 32 250 # 46 250
================================================================================
NOTES:
# LAST OF SEVERAL OCCURRENCES
COLUMN 17 PEAK WIND IN M.P.H.
PRELIMINARY LOCAL CLIMATOLOGICAL DATA (WS FORM: F-6) , PAGE 2
STATION: RUIDOSO AWOS
MONTH: APRIL
YEAR: 2020
LATITUDE: 33 28 N
LONGITUDE: 105 32 W
[TEMPERATURE DATA] [PRECIPITATION DATA] SYMBOLS USED IN COLUMN 16
AVERAGE MONTHLY: 53.1 TOTAL FOR MONTH: 0.09 1 = FOG OR MIST
DPTR FM NORMAL: M DPTR FM NORMAL: M 2 = FOG REDUCING VISIBILITY
HIGHEST: 81 ON 30 GRTST 24HR 0.07 ON 13-13 TO 1/4 MILE OR LESS
LOWEST: 27 ON 15 3 = THUNDER
SNOW, ICE PELLETS, HAIL 4 = ICE PELLETS
TOTAL MONTH: 0.0 INCH 5 = HAIL
GRTST 24HR 0.0 6 = FREEZING RAIN OR DRIZZLE
GRTST DEPTH: 0 7 = DUSTSTORM OR SANDSTORM:
VSBY 1/2 MILE OR LESS
8 = SMOKE OR HAZE
[NO. OF DAYS WITH] [WEATHER - DAYS WITH] 9 = BLOWING SNOW
X = TORNADO
MAX 32 OR BELOW: 0 0.01 INCH OR MORE: 2
MAX 90 OR ABOVE: 0 0.10 INCH OR MORE: 0
MIN 32 OR BELOW: 6 0.50 INCH OR MORE: 0
MIN 0 OR BELOW: 0 1.00 INCH OR MORE: 0
[HDD (BASE 65) ]
TOTAL THIS MO. 355 CLEAR (SCALE 0-3) 27
DPTR FM NORMAL M PTCLDY (SCALE 4-7) 2
TOTAL FM JUL 1 4305 CLOUDY (SCALE 8-10) 1
DPTR FM NORMAL M
[CDD (BASE 65) ]
TOTAL THIS MO. 5
DPTR FM NORMAL M [PRESSURE DATA]
TOTAL FM JAN 1 5 HIGHEST SLP M ON M
DPTR FM NORMAL M LOWEST SLP M ON M
[REMARKS]
#FINAL-04-20#