000
CXUS52 KJAX 010800
CF6SSI
PRELIMINARY LOCAL CLIMATOLOGICAL DATA (WS FORM: F-6)
STATION: ST SIMONS ISLAND
MONTH: MARCH
YEAR: 2023
LATITUDE: 31 9 N
LONGITUDE: 81 23 W
TEMPERATURE IN F: :PCPN: SNOW: WIND :SUNSHINE: SKY :PK WND
================================================================================
1 2 3 4 5 6A 6B 7 8 9 10 11 12 13 14 15 16 17 18
12Z AVG MX 2MIN
DY MAX MIN AVG DEP HDD CDD WTR SNW DPTH SPD SPD DIR MIN PSBL S-S WX SPD DR
================================================================================
1 84 69 77 18 0 12 0.00 0.0 0 7.9 14 170 M M 2 23 170
2 86 66 76 17 0 11 0.00 0.0 0 10.7 21 230 M M 3 1 28 220
3 86 67 77 18 0 12 0.00 0.0 0 10.9 26 210 M M 1 41 220
4 77 65 71 12 0 6 0.08 0.0 0 7.0 16 220 M M 6 23 220
5 77 60 69 9 0 4 0.00 0.0 0 9.4 20 50 M M 0 30 40
6 80 64 72 12 0 7 0.00 0.0 0 6.3 13 90 M M 0 17 100
7 88 68 78 18 0 13 0.00 0.0 0 8.0 17 270 M M 1 26 300
8 71 54 63 3 2 0 0.00 0.0 0 12.2 24 50 M M 0 36 40
9 71 52 62 2 3 0 0.00 0.0 0 7.7 13 70 M M 7 18 50
10 79 65 72 11 0 7 0.33 0.0 0 7.4 18 330 M M 7 3 28 330
11 67 54 61 0 4 0 0.00 0.0 0 7.0 20 350 M M 0 26 350
12 75 56 66 5 0 1 0.48 0.0 0 8.3 17 250 M M 5 13 29 180
13 72 58 65 4 0 0 0.01 0.0 0 7.4 14 350 M M 6 1 21 350
14 65 47 56 -5 9 0 0.00 0.0 0 8.5 17 360 M M 0 26 360
15 59 44 52 -10 13 0 0.00 0.0 0 7.4 16 90 M M 0 22 90
16 68 42 55 -7 10 0 0.00 0.0 0 5.1 12 130 M M 0 1 18 100
17 75 60 68 6 0 3 T 0.0 0 11.2 17 220 M M 1 27 160
18 71 51 61 -1 4 0 0.59 0.0 0 8.4 16 320 M M 9 13 23 330
19 64 49 57 -5 8 0 0.00 0.0 0 8.0 16 350 M M 1 21 340
20 63 42 53 -9 12 0 0.00 0.0 0 8.1 14 350 M M 0 21 340
21 67 49 58 -5 7 0 0.00 0.0 0 12.3 22 40 M M 3 31 60
22 76 63 70 7 0 5 0.01 0.0 0 8.7 15 140 M M 4 1 23 140
23 78 64 71 8 0 6 0.00 0.0 0 7.9 17 160 M M 0 24 150
24 79 66 73 10 0 8 0.00 0.0 0 9.0 17 150 M M 0 24 150
25 86 67 77 14 0 12 0.59 0.0 0 8.9 28 270 M M 4 13 54 250
26 86 70 78 14 0 13 0.00 0.0 0 7.8 13 180 M M 5 8 20 180
27 90 71 81 17 0 16 0.00 0.0 0 9.2 20 360 M M 2 3 32 80
28 78 66 72 8 0 7 0.11 0.0 0 4.3 12 80 M M 4 13 16 80
29 69 55 62 -2 3 0 0.00 0.0 0 9.8 22 40 M M 2 30 40
30 72 52 62 -2 3 0 0.00 0.0 0 7.7 16 60 M M 0 1 23 40
31 80 59 70 6 0 5 0.00 0.0 0 6.7 15 160 M M 0 24 160
================================================================================
SM 2339 1815 78 148 2.20 0.0 259.2 M 73
================================================================================
AV 75.5 58.5 8.4 FASTST M M 2 MAX(MPH)
MISC ----> 28 270 54 250
================================================================================
NOTES:
# LAST OF SEVERAL OCCURRENCES
COLUMN 17 PEAK WIND IN M.P.H.
PRELIMINARY LOCAL CLIMATOLOGICAL DATA (WS FORM: F-6) , PAGE 2
STATION: ST SIMONS ISLAND
MONTH: MARCH
YEAR: 2023
LATITUDE: 31 9 N
LONGITUDE: 81 23 W
[TEMPERATURE DATA] [PRECIPITATION DATA] SYMBOLS USED IN COLUMN 16
AVERAGE MONTHLY: 67.0 TOTAL FOR MONTH: 2.20 1 = FOG OR MIST
DPTR FM NORMAL: 5.3 DPTR FM NORMAL: -1.07 2 = FOG REDUCING VISIBILITY
HIGHEST: 90 ON 27 GRTST 24HR 0.59 ON 25-25 TO 1/4 MILE OR LESS
LOWEST: 42 ON 20,16 3 = THUNDER
SNOW, ICE PELLETS, HAIL 4 = ICE PELLETS
TOTAL MONTH: 0.0 INCH 5 = HAIL
GRTST 24HR 0.0 6 = FREEZING RAIN OR DRIZZLE
GRTST DEPTH: 0 7 = DUSTSTORM OR SANDSTORM:
VSBY 1/2 MILE OR LESS
8 = SMOKE OR HAZE
[NO. OF DAYS WITH] [WEATHER - DAYS WITH] 9 = BLOWING SNOW
X = TORNADO
MAX 32 OR BELOW: 0 0.01 INCH OR MORE: 8
MAX 90 OR ABOVE: 1 0.10 INCH OR MORE: 5
MIN 32 OR BELOW: 0 0.50 INCH OR MORE: 2
MIN 0 OR BELOW: 0 1.00 INCH OR MORE: 0
[HDD (BASE 65) ]
TOTAL THIS MO. 78 CLEAR (SCALE 0-3) 20
DPTR FM NORMAL -74 PTCLDY (SCALE 4-7) 10
TOTAL FM JUL 1 804 CLOUDY (SCALE 8-10) 1
DPTR FM NORMAL -461
[CDD (BASE 65) ]
TOTAL THIS MO. 148
DPTR FM NORMAL 100 [PRESSURE DATA]
TOTAL FM JAN 1 283 HIGHEST SLP 30.38 ON 21
DPTR FM NORMAL 217 LOWEST SLP 29.69 ON 3
[REMARKS]
#FINAL-03-23#