000
CXUS52 KJAX 051545
CF6SSI
PRELIMINARY LOCAL CLIMATOLOGICAL DATA (WS FORM: F-6)
STATION: ST SIMONS ISLAND
MONTH: MAY
YEAR: 2023
LATITUDE: 31 9 N
LONGITUDE: 81 23 W
TEMPERATURE IN F: :PCPN: SNOW: WIND :SUNSHINE: SKY :PK WND
================================================================================
1 2 3 4 5 6A 6B 7 8 9 10 11 12 13 14 15 16 17 18
12Z AVG MX 2MIN
DY MAX MIN AVG DEP HDD CDD WTR SNW DPTH SPD SPD DIR MIN PSBL S-S WX SPD DR
================================================================================
1 85 59 72 0 0 7 0.00 0.0 0 10.6 25 260 M M 2 39 260
2 84 62 73 1 0 8 0.00 0.0 0 10.4 23 260 M M 0 37 220
3 81 62 72 -1 0 7 0.00 0.0 0 9.4 21 280 M M 0 38 280
4 80 55 68 -5 0 3 0.00 0.0 0 5.3 15 110 M M 0 22 100
5 80 62 71 -2 0 6 0.01 0.0 0 5.8 16 100 M M 3 22 100
6 78 69 74 1 0 9 0.27 0.0 0 7.1 16 110 M M 8 23 90
7 83 67 75 1 0 10 0.00 0.0 0 7.7 16 130 M M 1 22 190
8 87 69 78 4 0 13 0.00 0.0 0 8.8 16 160 M M 1 23 180
9 89 73 81 7 0 16 0.00 0.0 0 7.6 14 230 M M 0 19 240
10 84 71 78 4 0 13 0.00 0.0 0 10.7 18 50 M M 5 27 20
11 84 73 79 4 0 14 0.00 0.0 0 9.4 16 70 M M 3 22 70
12 84 69 77 2 0 12 0.41 0.0 0 9.1 17 130 M M 4 1 23 120
13 82 67 75 0 0 10 0.00 0.0 0 6.2 16 130 M M 4 12 23 130
14 85 72 79 4 0 14 0.00 0.0 0 7.7 16 130 M M 1 21 150
15 83 73 78 2 0 13 0.00 0.0 0 8.3 17 60 M M 5 26 70
16 84 70 77 1 0 12 0.00 0.0 0 7.7 17 160 M M 1 1 23 150
17 92 69 81 5 0 16 0.31 0.0 0 9.8 33 230 M M 2 13 48 230
18 85 67 76 0 0 11 0.35 0.0 0 4.7 18 20 M M 2 13 22 360
19 81 68 75 -2 0 10 0.00 0.0 0 6.0 13 360 M M 7 1 17 10
20 83 70 77 0 0 12 0.00 0.0 0 6.4 13 130 M M 4 1 16 130
21 85 72 79 2 0 14 0.58 0.0 0 6.7 20 100 M M 5 13 24 90
22 80 74 77 0 0 12 0.08 0.0 0 13.7 22 60 M M 9 1 32 50
23 82 73 78 1 0 13 0.44 0.0 0 13.2 22 40 M M 9 1 33 40
24 79 73 76 -2 0 11 0.12 0.0 0 12.4 20 60 M M 5 29 60
25 83 67 75 -3 0 10 0.03 0.0 0 12.3 23 40 M M 2 1 36 30
26 76 66 71 -7 0 6 0.02 0.0 0 18.3 25 30 M M 10 1 39 20
27 66 59 63 -15 2 0 0.29 0.0 0 13.5 22 320 M M 10 1 36 320
28 74 61 68 -10 0 3 0.00 0.0 0 6.3 14 280 M M 8 1 22 270
29 89 63 76 -2 0 11 0.00 0.0 0 7.4 15 160 M M 4 22 160
30 84 71 78 -1 0 13 0.00 0.0 0 5.8 15 100 M M 5 24 340
31 79 75 77 -2 0 12 0.10 0.0 0 10.3 20 50 M M 7 28 70
================================================================================
SM 2551 2101 2 321 3.01 0.0 278.6 M 127
================================================================================
AV 82.3 67.8 9.0 FASTST M M 4 MAX(MPH)
MISC ----> 33 230 48 230
================================================================================
NOTES:
# LAST OF SEVERAL OCCURRENCES
COLUMN 17 PEAK WIND IN M.P.H.
PRELIMINARY LOCAL CLIMATOLOGICAL DATA (WS FORM: F-6) , PAGE 2
STATION: ST SIMONS ISLAND
MONTH: MAY
YEAR: 2023
LATITUDE: 31 9 N
LONGITUDE: 81 23 W
[TEMPERATURE DATA] [PRECIPITATION DATA] SYMBOLS USED IN COLUMN 16
AVERAGE MONTHLY: 75.0 TOTAL FOR MONTH: 3.01 1 = FOG OR MIST
DPTR FM NORMAL: -0.6 DPTR FM NORMAL: 0.72 2 = FOG REDUCING VISIBILITY
HIGHEST: 92 ON 17 GRTST 24HR 0.58 ON 21-21 TO 1/4 MILE OR LESS
LOWEST: 55 ON 4 3 = THUNDER
SNOW, ICE PELLETS, HAIL 4 = ICE PELLETS
TOTAL MONTH: 0.0 INCH 5 = HAIL
GRTST 24HR 0.0 6 = FREEZING RAIN OR DRIZZLE
GRTST DEPTH: 0 7 = DUSTSTORM OR SANDSTORM:
VSBY 1/2 MILE OR LESS
8 = SMOKE OR HAZE
[NO. OF DAYS WITH] [WEATHER - DAYS WITH] 9 = BLOWING SNOW
X = TORNADO
MAX 32 OR BELOW: 0 0.01 INCH OR MORE: 13
MAX 90 OR ABOVE: 1 0.10 INCH OR MORE: 9
MIN 32 OR BELOW: 0 0.50 INCH OR MORE: 1
MIN 0 OR BELOW: 0 1.00 INCH OR MORE: 0
[HDD (BASE 65) ]
TOTAL THIS MO. 2 CLEAR (SCALE 0-3) 14
DPTR FM NORMAL -1 PTCLDY (SCALE 4-7) 12
TOTAL FM JUL 1 814 CLOUDY (SCALE 8-10) 5
DPTR FM NORMAL -493
[CDD (BASE 65) ]
TOTAL THIS MO. 321
DPTR FM NORMAL -12 [PRESSURE DATA]
TOTAL FM JAN 1 845 HIGHEST SLP 30.24 ON 7
DPTR FM NORMAL 314 LOWEST SLP 29.66 ON 1
[REMARKS]
#FINAL-05-23#