000
CXUS53 KGRB 161453
CF6STE
PRELIMINARY LOCAL CLIMATOLOGICAL DATA (WS FORM: F-6)
STATION: STEVENS POINT WI
MONTH: FEBRUARY
YEAR: 2024
LATITUDE: 44 32 N
LONGITUDE: 89 32 W
TEMPERATURE IN F: :PCPN: SNOW: WIND :SUNSHINE: SKY :PK WND
================================================================================
1 2 3 4 5 6A 6B 7 8 9 10 11 12 13 14 15 16 17 18
12Z AVG MX 2MIN
DY MAX MIN AVG DEP HDD CDD WTR SNW DPTH SPD SPD DIR MIN PSBL S-S WX SPD DR
================================================================================
1 49 28 39 M 26 0 M M M 4.8 15 30 M M 4 12 17 360
2 39 28 34 M 31 0 M M M 6.4 12 80 M M 5 16 70
3 38 23 31 M 34 0 M M M 3.7 6 150 M M 6 1 M M
4 52 21 37 M 28 0 M M M 0.9 5 60 M M 0 1 M M
5 51 23 37 M 28 0 M M M 2.2 8 40 M M 0 M M
6 50 24 37 M 28 0 M M M 2.6 7 160 M M 0 1 M M
7 47 31 39 M 26 0 M M M 5.2 12 150 M M 0 1 16 150
8 53 36 45 M 20 0 0.05 M M 9.6 21 230 M M 5 28 230
9 41 31 36 M 29 0 M M M 11.7 18 250 M M 10 30 230
10 32 26 29 M 36 0 M M M 9.8 14 280 M M 10 25 300
11 38 19 29 M 36 0 M M M 3.5 10 260 M M 7 17 250
12 45 24 35 M 30 0 M M M 6.9 13 350 M M 3 23 300
13 35 21 28 M 37 0 M M M 2.9 8 340 M M 8 M M
14 47 22 35 M 30 0 M M M 4.0 13 220 M M 10 1 17 230
15 36 21 29 M 36 0 0.12 M M 7.3 14 300 M M 7 24 270
16 23 9 16 M 49 0 M M M 6.2 16 280 M M 3 26 280
17 32 7 20 M 45 0 M M M 10.8 22 230 M M 1 31 230
18 35 17 26 M 39 0 M M M 7.0 13 280 M M 1 22 290
19 43 13 28 M 37 0 M M M 1.8 6 100 M M 0 M M
20 54 25 40 M 25 0 M M M 5.0 15 200 M M 1 1 24 190
21 55 24 40 M 25 0 M M M 1.1 7 250 M M 0 M M
22 58 24 41 M 24 0 M M M 4.1 13 290 M M 0 17 290
23 40 16 28 M 37 0 M M M 5.8 13 80 M M 4 16 100
24 34 3 19 M 46 0 M M M 6.4 16 210 M M 0 24 190
25 52 29 41 M 24 0 M M M 6.5 12 260 M M 1 20 260
26 57 23 40 M 25 0 M M M 7.2 18 150 M M 0 23 130
27 72 27 50 M 15 0 M M M 6.0 17 350 M M 2 28 350
28 29 11 20 M 45 0 M M M 11.8 17 310 M M 4 31 310
29 43 3 23 M 42 0 M M M 5.1 13 160 M M 1 18 150
================================================================================
SM 1280 609 933 0 0.17 M 166.4 M 93
================================================================================
AV 44.1 21.0 5.7 FASTST M M 3 MAX(MPH)
MISC ----> 22 230 # 31 230
================================================================================
NOTES:
# LAST OF SEVERAL OCCURRENCES
COLUMN 17 PEAK WIND IN M.P.H.
PRELIMINARY LOCAL CLIMATOLOGICAL DATA (WS FORM: F-6) , PAGE 2
STATION: STEVENS POINT WI
MONTH: FEBRUARY
YEAR: 2024
LATITUDE: 44 32 N
LONGITUDE: 89 32 W
[TEMPERATURE DATA] [PRECIPITATION DATA] SYMBOLS USED IN COLUMN 16
AVERAGE MONTHLY: 32.6 TOTAL FOR MONTH: 0.17 1 = FOG OR MIST
DPTR FM NORMAL: 14.7 DPTR FM NORMAL: M 2 = FOG REDUCING VISIBILITY
HIGHEST: 72 ON 27 GRTST 24HR 0.12 ON 15-15 TO 1/4 MILE OR LESS
LOWEST: 3 ON 29,24 3 = THUNDER
SNOW, ICE PELLETS, HAIL 4 = ICE PELLETS
TOTAL MONTH: M 5 = HAIL
GRTST 24HR M ON M 6 = FREEZING RAIN OR DRIZZLE
GRTST DEPTH: M ON M 7 = DUSTSTORM OR SANDSTORM:
VSBY 1/2 MILE OR LESS
8 = SMOKE OR HAZE
[NO. OF DAYS WITH] [WEATHER - DAYS WITH] 9 = BLOWING SNOW
X = TORNADO
MAX 32 OR BELOW: 4 0.01 INCH OR MORE: 2
MAX 90 OR ABOVE: 0 0.10 INCH OR MORE: 1
MIN 32 OR BELOW: 28 0.50 INCH OR MORE: 0
MIN 0 OR BELOW: 0 1.00 INCH OR MORE: 0
[HDD (BASE 65) ]
TOTAL THIS MO. 933 CLEAR (SCALE 0-3) 17
DPTR FM NORMAL -387 PTCLDY (SCALE 4-7) 8
TOTAL FM JUL 1 4533 CLOUDY (SCALE 8-10) 4
DPTR FM NORMAL 4275
[CDD (BASE 65) ]
TOTAL THIS MO. 0
DPTR FM NORMAL 0 [PRESSURE DATA]
TOTAL FM JAN 1 0 HIGHEST SLP M ON M
DPTR FM NORMAL 0 LOWEST SLP M ON M
[REMARKS]
#FINAL-02-24#