000
CXUS53 KGRB 171622
CF6STE
PRELIMINARY LOCAL CLIMATOLOGICAL DATA (WS FORM: F-6)
STATION: STEVENS POINT WI
MONTH: MARCH
YEAR: 2022
LATITUDE: 44 32 N
LONGITUDE: 89 32 W
TEMPERATURE IN F: :PCPN: SNOW: WIND :SUNSHINE: SKY :PK WND
================================================================================
1 2 3 4 5 6A 6B 7 8 9 10 11 12 13 14 15 16 17 18
12Z AVG MX 2MIN
DY MAX MIN AVG DEP HDD CDD WTR SNW DPTH SPD SPD DIR MIN PSBL S-S WX SPD DR
================================================================================
1 39 22 31 M 34 0 M M M 3.6 9 310 M M 1 20 320
2 37 19 28 M 37 0 M M M 5.7 13 20 M M 5 18 350
3 28 10 19 M 46 0 M M M 3.0 8 240 M M 0 M M
4 38 8 23 M 42 0 M M M 5.4 14 110 M M 4 20 110
5 38 32 35 M 30 0 0.59 M M 7.2 15 110 M M 9 1 23 110
6 43 31 37 M 28 0 M M M 8.5 16 270 M M 10 12 29 280
7 32 22 27 M 38 0 M M M 6.8 12 340 M M 8 18 320
8 41 17 29 M 36 0 M M M 8.7 15 210 M M 2 23 220
9 33 15 24 M 41 0 M M M 9.9 18 260 M M 6 24 260
10 23 9 16 M 49 0 M M M 4.6 12 270 M M 1 20 270
11 23 8 16 M 49 0 M M M 11.8 20 280 M M 4 33 280
12 20 -1 10 M 55 0 M M M 8.1 15 250 M M 2 21 290
13 43 16 30 M 35 0 M M M 8.2 18 260 M M 4 29 270
14 38 31 35 M 30 0 M M M 4.7 14 70 M M 10 16 40
15 52 28 40 M 25 0 M M M 2.6 9 250 M M 4 12 M M
16 67 30 49 M 16 0 M M M 6.5 17 190 M M 1 18 24 210
17 55 37 46 M 19 0 M M M 4.5 10 330 M M 1 M M
18 40 34 37 M 28 0 0.02 M M 8.6 14 40 M M 9 17 60
19 49 32 41 M 24 0 0.01 M M 7.2 12 290 M M 5 18 320
20 60 25 43 M 22 0 M M M 1.5 6 280 M M 1 M M
21 47 33 40 M 25 0 M M M 11.4 22 70 M M 8 29 70
22 40 36 38 M 27 0 0.23 M M 14.7 17 80 M M 10 25 90
23 37 34 36 M 29 0 0.18 M M 9.8 15 70 M M 10 1 17 70
24 40 31 36 M 29 0 M M M 5.4 12 40 M M 10 1 16 20
25 39 28 34 M 31 0 0.09 M M 8.6 20 320 M M 7 1 24 300
26 30 21 26 M 39 0 M M M 11.7 17 330 M M 7 29 310
27 29 14 22 M 43 0 M M M 9.3 15 320 M M 0 21 340
28 36 9 23 M 42 0 M M M 3.3 8 320 M M 0 M M
29 36 26 31 M 34 0 0.06 M M 11.9 22 110 M M 9 28 110
30 37 33 35 M 30 0 0.21 M M 8.2 15 110 M M 10 1 20 110
31 35 28 32 M 33 0 0.01 M M 10.0 16 340 M M 9 24 340
================================================================================
SM 1205 718 1046 0 1.40 M 231.4 M 167
================================================================================
AV 38.9 23.2 7.5 FASTST M M 5 MAX(MPH)
MISC ----> # 22 70 33 280
================================================================================
NOTES:
# LAST OF SEVERAL OCCURRENCES
COLUMN 17 PEAK WIND IN M.P.H.
PRELIMINARY LOCAL CLIMATOLOGICAL DATA (WS FORM: F-6) , PAGE 2
STATION: STEVENS POINT WI
MONTH: MARCH
YEAR: 2022
LATITUDE: 44 32 N
LONGITUDE: 89 32 W
[TEMPERATURE DATA] [PRECIPITATION DATA] SYMBOLS USED IN COLUMN 16
AVERAGE MONTHLY: 31.0 TOTAL FOR MONTH: 1.40 1 = FOG OR MIST
DPTR FM NORMAL: 1.4 DPTR FM NORMAL: M 2 = FOG REDUCING VISIBILITY
HIGHEST: 67 ON 16 GRTST 24HR 0.59 ON 5- 5 TO 1/4 MILE OR LESS
LOWEST: -1 ON 12 3 = THUNDER
SNOW, ICE PELLETS, HAIL 4 = ICE PELLETS
TOTAL MONTH: M 5 = HAIL
GRTST 24HR M ON M 6 = FREEZING RAIN OR DRIZZLE
GRTST DEPTH: M ON M 7 = DUSTSTORM OR SANDSTORM:
VSBY 1/2 MILE OR LESS
8 = SMOKE OR HAZE
[NO. OF DAYS WITH] [WEATHER - DAYS WITH] 9 = BLOWING SNOW
X = TORNADO
MAX 32 OR BELOW: 7 0.01 INCH OR MORE: 9
MAX 90 OR ABOVE: 0 0.10 INCH OR MORE: 4
MIN 32 OR BELOW: 25 0.50 INCH OR MORE: 1
MIN 0 OR BELOW: 1 1.00 INCH OR MORE: 0
[HDD (BASE 65) ]
TOTAL THIS MO. 1046 CLEAR (SCALE 0-3) 10
DPTR FM NORMAL -52 PTCLDY (SCALE 4-7) 11
TOTAL FM JUL 1 6800 CLOUDY (SCALE 8-10) 10
DPTR FM NORMAL 6542
[CDD (BASE 65) ]
TOTAL THIS MO. 0
DPTR FM NORMAL 0 [PRESSURE DATA]
TOTAL FM JAN 1 0 HIGHEST SLP M ON M
DPTR FM NORMAL 0 LOWEST SLP M ON M
[REMARKS]
#FINAL-03-22#