000
CXUS53 KGRB 171613
CF6STE
PRELIMINARY LOCAL CLIMATOLOGICAL DATA (WS FORM: F-6)
STATION: STEVENS POINT WI
MONTH: DECEMBER
YEAR: 2021
LATITUDE: 44 32 N
LONGITUDE: 89 32 W
TEMPERATURE IN F: :PCPN: SNOW: WIND :SUNSHINE: SKY :PK WND
================================================================================
1 2 3 4 5 6A 6B 7 8 9 10 11 12 13 14 15 16 17 18
12Z AVG MX 2MIN
DY MAX MIN AVG DEP HDD CDD WTR SNW DPTH SPD SPD DIR MIN PSBL S-S WX SPD DR
================================================================================
1 48 27 38 M 27 0 M M M 6.7 13 240 M M 6 18 160
2 48 32 40 M 25 0 M M M 7.1 14 320 M M 4 23 280
3 37 31 34 M 31 0 0.07 M M 1.8 7 270 M M 9 1 17 270
4 35 27 31 M 34 0 M M M 7.4 14 280 M M 5 22 290
5 33 26 30 M 35 0 0.10 M M 8.8 18 90 M M 10 24 90
6 33 2 18 M 47 0 M M M 12.9 24 270 M M 6 8 31 290
7 15 -3 6 M 59 0 M M M 3.1 7 190 M M 7 M M
8 22 6 14 M 51 0 M M M 2.0 7 250 M M 5 M M
9 34 21 28 M 37 0 0.03 M M 6.7 14 130 M M 8 23 130
10 33 26 30 M 35 0 0.05 M M 8.2 17 50 M M 9 26 50
11 35 23 29 M 36 0 0.05 M M 11.0 16 10 M M 5 26 260
12 40 15 28 M 37 0 M M M 8.0 15 210 M M 0 21 230
13 46 22 34 M 31 0 M M M 2.9 7 270 M M 0 M M
14 42 25 34 M 31 0 M M M 11.4 16 110 M M 5 23 110
15 60 39 50 M 15 0 0.30 M M 6.4 14 180 M M 10 123 24 150
16 59 20 40 M 25 0 M M M 20.9 37 220 M M 7 8 49 240
17 22 15 19 M 46 0 M M M 6.2 12 270 M M 2 21 270
18 28 14 21 M 44 0 M M M 4.9 8 310 M M 9 M M
19 29 5 17 M 48 0 M M M 6.2 15 200 M M 4 18 200
20 35 15 25 M 40 0 M M M 7.8 15 280 M M 2 23 280
21 25 14 20 M 45 0 M M M 7.8 13 290 M M 8 24 280
22 19 6 13 M 52 0 M M M 3.5 10 290 M M 5 24 290
23 37 17 27 M 38 0 0.03 M M 3.5 9 190 M M 4 1 M M
24 42 17 30 M 35 0 0.04 M M 3.3 10 140 M M 6 12 16 120
25 38 25 32 M 33 0 M M M 4.4 9 330 M M 4 1 17 330
26 31 18 25 M 40 0 M M M 8.6 17 90 M M 4 30 90
27 36 15 26 M 39 0 M M M 12.0 20 90 M M 7 1 29 270
28 26 12 19 M 46 0 0.01 M M 6.5 10 80 M M 8 16 280
29 26 5 16 M 49 0 M M M 5.8 12 280 M M 5 8 21 280
30 27 6 17 M 48 0 M M M 3.1 8 140 M M 10 18 M M
31 29 21 25 M 40 0 M M M 3.8 8 40 M M 9 1 M M
================================================================================
SM 1070 544 1199 0 0.68 M 212.5 M 183
================================================================================
AV 34.5 17.5 6.9 FASTST M M 6 MAX(MPH)
MISC ----> 37 220 49 240
================================================================================
NOTES:
# LAST OF SEVERAL OCCURRENCES
COLUMN 17 PEAK WIND IN M.P.H.
PRELIMINARY LOCAL CLIMATOLOGICAL DATA (WS FORM: F-6) , PAGE 2
STATION: STEVENS POINT WI
MONTH: DECEMBER
YEAR: 2021
LATITUDE: 44 32 N
LONGITUDE: 89 32 W
[TEMPERATURE DATA] [PRECIPITATION DATA] SYMBOLS USED IN COLUMN 16
AVERAGE MONTHLY: 26.0 TOTAL FOR MONTH: 0.68 1 = FOG OR MIST
DPTR FM NORMAL: 7.6 DPTR FM NORMAL: M 2 = FOG REDUCING VISIBILITY
HIGHEST: 60 ON 15 GRTST 24HR 0.30 ON 15-15 TO 1/4 MILE OR LESS
LOWEST: -3 ON 7 3 = THUNDER
SNOW, ICE PELLETS, HAIL 4 = ICE PELLETS
TOTAL MONTH: M 5 = HAIL
GRTST 24HR M ON M 6 = FREEZING RAIN OR DRIZZLE
GRTST DEPTH: M ON M 7 = DUSTSTORM OR SANDSTORM:
VSBY 1/2 MILE OR LESS
8 = SMOKE OR HAZE
[NO. OF DAYS WITH] [WEATHER - DAYS WITH] 9 = BLOWING SNOW
X = TORNADO
MAX 32 OR BELOW: 12 0.01 INCH OR MORE: 9
MAX 90 OR ABOVE: 0 0.10 INCH OR MORE: 2
MIN 32 OR BELOW: 30 0.50 INCH OR MORE: 0
MIN 0 OR BELOW: 1 1.00 INCH OR MORE: 0
[HDD (BASE 65) ]
TOTAL THIS MO. 1199 CLEAR (SCALE 0-3) 4
DPTR FM NORMAL -246 PTCLDY (SCALE 4-7) 19
TOTAL FM JUL 1 2782 CLOUDY (SCALE 8-10) 8
DPTR FM NORMAL M
[CDD (BASE 65) ]
TOTAL THIS MO. 0
DPTR FM NORMAL 0 [PRESSURE DATA]
TOTAL FM JAN 1 362 HIGHEST SLP M ON M
DPTR FM NORMAL -65 LOWEST SLP M ON M
[REMARKS]
#FINAL-12-21#