000
CXUS53 KGRB 010659
CF6STE
PRELIMINARY LOCAL CLIMATOLOGICAL DATA (WS FORM: F-6)
STATION: STEVENS POINT WI
MONTH: AUGUST
YEAR: 2020
LATITUDE: 44 32 N
LONGITUDE: 89 32 W
TEMPERATURE IN F: :PCPN: SNOW: WIND :SUNSHINE: SKY :PK WND
================================================================================
1 2 3 4 5 6A 6B 7 8 9 10 11 12 13 14 15 16 17 18
12Z AVG MX 2MIN
DY MAX MIN AVG DEP HDD CDD WTR SNW DPTH SPD SPD DIR MIN PSBL S-S WX SPD DR
================================================================================
1 79 53 66 M 0 1 0.00 0.0 0 1.7 6 120 M M 6 M M
2 66 55 61 M 4 0 0.27 0.0 0 6.6 12 20 M M 9 20 10
3 67 47 57 M 8 0 0.00 0.0 0 6.0 15 30 M M 8 M M
4 70 43 57 M 8 0 0.00 0.0 0 3.9 13 40 M M 2 16 40
5 75 44 60 M 5 0 0.00 0.0 0 1.2 7 250 M M 3 M M
6 79 47 63 M 2 0 0.00 0.0 0 3.4 13 190 M M 2 17 190
7 80 49 65 M 0 0 0.00 0.0 0 7.0 14 190 M M 2 21 190
8 82 65 74 M 0 9 0.07 0.0 0 7.2 14 260 M M 6 3 22 300
9 85 63 74 M 0 9 0.00 0.0 0 7.2 16 180 M M 2 1 22 180
10 83 53 68 M 0 3 0.00 0.0 0 6.3 16 150 M M 4 1 20 150
11 81 45 63 M 2 0 0.00 0.0 0 2.8 9 240 M M 0 1 9 300
12 83 53 68 M 0 3 0.00 0.0 0 3.5 9 240 M M 1 18 240
13 83 57 70 M 0 5 0.00 0.0 0 4.8 12 100 M M 3 16 140
14 85 54 70 M 0 5 0.00 0.0 0 4.7 12 180 M M 1 22 180
15 73 54 64 M 1 0 0.08 0.0 0 6.5 13 310 M M 5 21 310
16 78 50 64 M 1 0 0.00 0.0 0 3.6 12 320 M M 2 M M
17 78 52 65 M 0 0 0.00 0.0 0 4.3 10 290 M M 4 17 300
18 76 44 60 M 5 0 0.00 0.0 0 2.3 9 320 M M 1 M M
19 81 47 64 M 1 0 0.00 0.0 0 5.2 14 250 M M 1 18 250
20 80 58 69 M 0 4 0.00 0.0 0 8.5 15 230 M M 3 3 23 270
21 85 62 74 M 0 9 0.02 0.0 0 6.6 13 240 M M 3 3 16 260
22 76 61 69 M 0 4 0.04 0.0 0 4.0 17 260 M M 5 32 260
23 86 57 72 M 0 7 0.00 0.0 0 1.9 8 160 M M 2 M M
24 85 59 72 M 0 7 0.09 0.0 0 3.3 9 250 M M 3 123 M M
25 76 64 70 M 0 5 0.15 0.0 0 5.2 13 110 M M 6 13 M M
26 90 62 76 M 0 11 0.00 0.0 0 8.0 21 220 M M 0 1 27 220
27 86 69 78 M 0 13 0.00 0.0 0 3.4 7 150 M M 5 3 M M
28 78 64 71 M 0 6 0.56 0.0 0 7.5 13 290 M M 6 13 23 200
29 73 49 61 M 4 0 0.00 0.0 0 8.5 17 330 M M 3 23 330
30 72 41 57 M 8 0 0.00 0.0 0 4.2 10 160 M M 1 M M
31 69 46 58 M 7 0 0.22 M 0 5.0 12 230 M M 5 27 150
================================================================================
SM 2440 1667 56 101 1.50 0.0 154.3 M 104
================================================================================
AV 78.7 53.8 5.0 FASTST M M 3 MAX(MPH)
MISC ----> # 21 220 # 32 260
================================================================================
NOTES:
# LAST OF SEVERAL OCCURRENCES
COLUMN 17 PEAK WIND IN M.P.H.
PRELIMINARY LOCAL CLIMATOLOGICAL DATA (WS FORM: F-6) , PAGE 2
STATION: STEVENS POINT WI
MONTH: AUGUST
YEAR: 2020
LATITUDE: 44 32 N
LONGITUDE: 89 32 W
[TEMPERATURE DATA] [PRECIPITATION DATA] SYMBOLS USED IN COLUMN 16
AVERAGE MONTHLY: 66.2 TOTAL FOR MONTH: 1.50 1 = FOG OR MIST
DPTR FM NORMAL: -1.1 DPTR FM NORMAL: M 2 = FOG REDUCING VISIBILITY
HIGHEST: 90 ON 26 GRTST 24HR 0.56 ON 28-28 TO 1/4 MILE OR LESS
LOWEST: 41 ON 30 3 = THUNDER
SNOW, ICE PELLETS, HAIL 4 = ICE PELLETS
TOTAL MONTH: 0.0 INCH 5 = HAIL
GRTST 24HR 0.0 6 = FREEZING RAIN OR DRIZZLE
GRTST DEPTH: 0 7 = DUSTSTORM OR SANDSTORM:
VSBY 1/2 MILE OR LESS
8 = SMOKE OR HAZE
[NO. OF DAYS WITH] [WEATHER - DAYS WITH] 9 = BLOWING SNOW
X = TORNADO
MAX 32 OR BELOW: 0 0.01 INCH OR MORE: 9
MAX 90 OR ABOVE: 1 0.10 INCH OR MORE: 4
MIN 32 OR BELOW: 0 0.50 INCH OR MORE: 1
MIN 0 OR BELOW: 0 1.00 INCH OR MORE: 0
[HDD (BASE 65) ]
TOTAL THIS MO. 56 CLEAR (SCALE 0-3) 17
DPTR FM NORMAL 8 PTCLDY (SCALE 4-7) 13
TOTAL FM JUL 1 66 CLOUDY (SCALE 8-10) 1
DPTR FM NORMAL -1
[CDD (BASE 65) ]
TOTAL THIS MO. 101
DPTR FM NORMAL -18 [PRESSURE DATA]
TOTAL FM JAN 1 370 HIGHEST SLP M ON M
DPTR FM NORMAL -38 LOWEST SLP M ON M
[REMARKS]
#FINAL-08-20#