000
CXUS53 KGRB 310910
CF6STE
PRELIMINARY LOCAL CLIMATOLOGICAL DATA (WS FORM: F-6)
STATION: STEVENS POINT WI
MONTH: DECEMBER
YEAR: 2023
LATITUDE: 44 32 N
LONGITUDE: 89 32 W
TEMPERATURE IN F: :PCPN: SNOW: WIND :SUNSHINE: SKY :PK WND
================================================================================
1 2 3 4 5 6A 6B 7 8 9 10 11 12 13 14 15 16 17 18
12Z AVG MX 2MIN
DY MAX MIN AVG DEP HDD CDD WTR SNW DPTH SPD SPD DIR MIN PSBL S-S WX SPD DR
================================================================================
1 34 16 25 M 40 0 M M M 2.6 8 30 M M 0 M M
2 39 17 28 M 37 0 M M M 3.5 8 110 M M 6 M M
3 34 32 33 M 32 0 0.02 M M 4.1 9 60 M M 10 1 M M
4 36 31 34 M 31 0 M M M 1.2 5 210 M M 10 1 M M
5 36 31 34 M 31 0 M M M 1.9 6 290 M M 10 M M
6 38 24 31 M 34 0 M M M 6.6 13 220 M M 5 21 220
7 48 31 40 M 25 0 M M M 4.2 9 100 M M 2 M M
8 55 35 45 M 20 0 M M M 5.3 10 240 M M 4 1 18 220
9 41 33 37 M 28 0 0.02 M M 5.4 12 270 M M 9 24 250
10 34 24 29 M 36 0 M M M 6.5 13 290 M M 10 18 290
11 29 19 24 M 41 0 M M M 4.2 9 220 M M 8 M M
12 29 19 24 M 41 0 M M M 9.3 14 260 M M 3 24 270
13 37 19 28 M 37 0 M M M 4.1 9 230 M M 4 M M
14 51 21 36 M 29 0 M M M 5.7 10 240 M M 0 18 240
15 47 27 37 M 28 0 M M M 3.3 7 90 M M 4 M M
16 46 38 42 M 23 0 0.01 M M 6.1 13 90 M M 9 1 17 80
17 41 33 37 M 28 0 M M M 7.3 12 270 M M 10 1 18 280
18 33 16 25 M 40 0 M M M 10.8 18 330 M M 8 33 330
19 33 10 22 M 43 0 M M M 6.3 15 190 M M 1 18 190
20 41 23 32 M 33 0 M M M 4.8 10 70 M M 1 M M
21 41 32 37 M 28 0 M M M 6.6 9 90 M M 8 1 M M
22 42 35 39 M 26 0 M M M 2.6 6 80 M M 10 1 M M
23 44 38 41 M 24 0 M M M 3.4 7 110 M M 10 12 M M
24 50 41 46 M 19 0 0.01 M M 6.8 9 140 M M 10 12 17 130
25 52 49 51 M 14 0 0.18 M M 10.1 17 70 M M 10 1 26 80
26 49 33 41 M 24 0 0.22 M M 7.4 15 190 M M 10 1 23 80
27 40 25 33 M 32 0 M M M 2.3 7 340 M M 1 1 M M
28 39 31 35 M 30 0 0.02 M M 6.4 10 350 M M 6 M M
29 45 24 35 M 30 0 M M M 1.4 7 330 M M 0 1 M M
30 31 19 25 M 40 0 M M M 0.7 6 260 M M 6 12 M M
================================================================================
SM 1215 826 924 0 0.48 M 150.7 M 185
================================================================================
AV 40.5 27.5 5.0 FASTST M M 6 MAX(MPH)
MISC ----> 18 330 33 330
================================================================================
NOTES:
# LAST OF SEVERAL OCCURRENCES
COLUMN 17 PEAK WIND IN M.P.H.
PRELIMINARY LOCAL CLIMATOLOGICAL DATA (WS FORM: F-6) , PAGE 2
STATION: STEVENS POINT WI
MONTH: DECEMBER
YEAR: 2023
LATITUDE: 44 32 N
LONGITUDE: 89 32 W
[TEMPERATURE DATA] [PRECIPITATION DATA] SYMBOLS USED IN COLUMN 16
AVERAGE MONTHLY: 34.0 TOTAL FOR MONTH: 0.48 1 = FOG OR MIST
DPTR FM NORMAL: 0.0 DPTR FM NORMAL: 0.48 2 = FOG REDUCING VISIBILITY
HIGHEST: 55 ON 8 GRTST 24HR 0.22 ON 26-26 TO 1/4 MILE OR LESS
LOWEST: 10 ON 19 3 = THUNDER
SNOW, ICE PELLETS, HAIL 4 = ICE PELLETS
TOTAL MONTH: M 5 = HAIL
GRTST 24HR M ON M 6 = FREEZING RAIN OR DRIZZLE
GRTST DEPTH: M ON M 7 = DUSTSTORM OR SANDSTORM:
VSBY 1/2 MILE OR LESS
8 = SMOKE OR HAZE
[NO. OF DAYS WITH] [WEATHER - DAYS WITH] 9 = BLOWING SNOW
X = TORNADO
MAX 32 OR BELOW: 3 0.01 INCH OR MORE: 7
MAX 90 OR ABOVE: 0 0.10 INCH OR MORE: 2
MIN 32 OR BELOW: 21 0.50 INCH OR MORE: 0
MIN 0 OR BELOW: 0 1.00 INCH OR MORE: 0
[HDD (BASE 65) ]
TOTAL THIS MO. 924 CLEAR (SCALE 0-3) 8
DPTR FM NORMAL M PTCLDY (SCALE 4-7) 9
TOTAL FM JUL 1 2296 CLOUDY (SCALE 8-10) 13
DPTR FM NORMAL M
[CDD (BASE 65) ]
TOTAL THIS MO. 0
DPTR FM NORMAL M [PRESSURE DATA]
TOTAL FM JAN 1 631 HIGHEST SLP M ON M
DPTR FM NORMAL 631 LOWEST SLP M ON M
[REMARKS]