000
CXUS53 KEAX 010736
CF6STJ
PRELIMINARY LOCAL CLIMATOLOGICAL DATA (WS FORM: F-6)
STATION: ST. JOSEPH MO
MONTH: JUNE
YEAR: 2022
LATITUDE: 39 46 N
LONGITUDE: 94 55 W
TEMPERATURE IN F: :PCPN: SNOW: WIND :SUNSHINE: SKY :PK WND
================================================================================
1 2 3 4 5 6A 6B 7 8 9 10 11 12 13 14 15 16 17 18
12Z AVG MX 2MIN
DY MAX MIN AVG DEP HDD CDD WTR SNW DPTH SPD SPD DIR MIN PSBL S-S WX SPD DR
================================================================================
1 68 54 61 -10 4 0 0.12 M M 8.7 20 320 M M 5 1 27 30
2 77 47 62 -9 3 0 0.00 M M 5.0 16 10 M M 2 12 22 10
3 83 50 67 -4 0 2 0.00 M M 5.6 17 250 M M 1 21 240
4 79 56 68 -4 0 3 T M M 8.2 21 170 M M 2 29 160
5 81 60 71 -1 0 6 0.01 M M 7.7 18 190 M M 3 3 27 160
6 87 60 74 2 0 9 0.00 M M 5.8 20 240 M M 1 3 25 240
7 84 62 73 1 0 8 0.49 M M 7.5 31 330 M M 3 13 50 320
8 77 58 68 -5 0 3 0.14 M M 8.5 29 350 M M 4 13 38 350
9 80 54 67 -6 0 2 0.01 M M 4.1 15 340 M M 1 13 19 340
10 83 62 73 0 0 8 0.04 M M 3.7 30 150 M M 4 13 37 150
11 87 61 74 0 0 9 0.02 M M 6.7 25 330 M M 2 13 33 340
12 89 66 78 4 0 13 0.01 M M 7.3 20 140 M M 1 3 30 140
13 98 78 88 14 0 23 T M M 15.9 30 200 M M 0 3 40 190
14 93 79 86 12 0 21 0.00 M M 18.5 26 180 M M 0 38 190
15 89 69 79 5 0 14 0.00 M M 12.2 25 190 M M 2 36 180
16 93 60 77 2 0 12 0.16 M M 4.2 40 330 M M 0 13 58 340
17 89 67 78 3 0 13 0.31 M M 7.9 29 340 M M 2 13 45 360
18 90 74 82 7 0 17 0.00 M M 9.7 16 120 M M 0 24 110
19 91 70 81 6 0 16 0.00 M M 11.2 17 170 M M 0 24 170
20 91 69 80 5 0 15 0.00 M M 11.7 20 170 M M 0 27 160
21 95 65 80 4 0 15 0.45 M M 10.8 40 280 M M 2 13 51 290
22 82 64 73 -3 0 8 0.05 M M 1.9 9 260 M M 1 13 13 10
23 81 62 72 -4 0 7 0.23 M M 5.2 20 230 M M 3 12 27 240
24 82 68 75 -1 0 10 0.36 M M 8.7 21 120 M M 2 13 27 110
25 88 71 80 4 0 15 T M M 9.9 21 330 M M 1 26 320
26 78 57 68 -8 0 3 0.00 M M 8.5 21 360 M M 0 28 350
27 80 51 66 -10 0 1 0.00 M M 2.1 10 50 M M 0 1 15 70
28 83 54 69 -7 0 4 0.00 M M 5.8 16 220 M M 1 23 220
29 88 60 74 -3 0 9 0.00 M M 7.5 17 200 M M 0 22 170
30 89 57 73 -4 0 8 0.00 M M 10.0 22 200 M M 0 29 190
================================================================================
SM 2555 1865 7 274 2.40 M 240.5 M 43
================================================================================
AV 85.2 62.2 8.0 FASTST M M 1 MAX(MPH)
MISC ----> # 40 330 58 340
================================================================================
NOTES:
# LAST OF SEVERAL OCCURRENCES
COLUMN 17 PEAK WIND IN M.P.H.
PRELIMINARY LOCAL CLIMATOLOGICAL DATA (WS FORM: F-6) , PAGE 2
STATION: ST. JOSEPH MO
MONTH: JUNE
YEAR: 2022
LATITUDE: 39 46 N
LONGITUDE: 94 55 W
[TEMPERATURE DATA] [PRECIPITATION DATA] SYMBOLS USED IN COLUMN 16
AVERAGE MONTHLY: 73.7 TOTAL FOR MONTH: 2.40 1 = FOG OR MIST
DPTR FM NORMAL: -0.5 DPTR FM NORMAL: -2.35 2 = FOG REDUCING VISIBILITY
HIGHEST: 98 ON 13 GRTST 24HR 0.63 ON 7- 8 TO 1/4 MILE OR LESS
LOWEST: 47 ON 2 3 = THUNDER
SNOW, ICE PELLETS, HAIL 4 = ICE PELLETS
TOTAL MONTH: M 5 = HAIL
GRTST 24HR M ON M 6 = FREEZING RAIN OR DRIZZLE
GRTST DEPTH: M ON M 7 = DUSTSTORM OR SANDSTORM:
VSBY 1/2 MILE OR LESS
8 = SMOKE OR HAZE
[NO. OF DAYS WITH] [WEATHER - DAYS WITH] 9 = BLOWING SNOW
X = TORNADO
MAX 32 OR BELOW: 0 0.01 INCH OR MORE: 14
MAX 90 OR ABOVE: 7 0.10 INCH OR MORE: 8
MIN 32 OR BELOW: 0 0.50 INCH OR MORE: 0
MIN 0 OR BELOW: 0 1.00 INCH OR MORE: 0
[HDD (BASE 65) ]
TOTAL THIS MO. 7 CLEAR (SCALE 0-3) 26
DPTR FM NORMAL 0 PTCLDY (SCALE 4-7) 4
TOTAL FM JUL 1 5240 CLOUDY (SCALE 8-10) 0
DPTR FM NORMAL -142
[CDD (BASE 65) ]
TOTAL THIS MO. 274
DPTR FM NORMAL -10 [PRESSURE DATA]
TOTAL FM JAN 1 421 HIGHEST SLP M ON M
DPTR FM NORMAL 11 LOWEST SLP 29.55 ON 11
[REMARKS]
#FINAL-06-22#