000
CXUS53 KEAX 061725
CLSSTJ
CLIMATE REPORT
NATIONAL WEATHER SERVICE
1223 PM CDT MON JUN 06 2022
...................................
...THE ST. JOSEPH MO CLIMATE SUMMARY FOR THE SEASON, FROM
3/1/2022 TO 5/31/2022...
CLIMATE NORMAL PERIOD: 1991 TO 2020
CLIMATE RECORD PERIOD: 1892 TO 2022
WEATHER OBSERVED NORMAL DEPART LAST YEAR`S
VALUE DATE(S) VALUE FROM VALUE DATE(S)
NORMAL
................................................................
TEMPERATURE (F)
RECORD
HIGH 103 05/30/1934
LOW -13 03/04/1978
HIGHEST 94 05/12 90 4 88 05/26
LOWEST 2 03/12 14 -12 20 04/01
AVG. MAXIMUM 63.3 65.6 -2.3 66.1
AVG. MINIMUM 39.4 42.3 -2.9 43.1
MEAN 51.4 54.0 -2.6 54.6
DAYS MAX >= 90 4 2.5 1.5 0
DAYS MAX <= 32 3 1.3 1.7 0
DAYS MIN <= 32 33 22.7 10.3 19
DAYS MIN <= 0 0 0.2 -0.2 0
PRECIPITATION (INCHES)
RECORD
MAXIMUM 19.06 1944
MINIMUM 2.67 1966
TOTALS 10.79 10.64 0.15 10.00
DAILY AVG. 0.12 0.12 0.00 0.11
DAYS >= .01 34 30.6 3.4 31
DAYS >= .10 16 18.4 -2.4 21
DAYS >= .50 8 6.5 1.5 10
DAYS >= 1.00 3 2.5 0.5 1
GREATEST
24 HR. TOTAL 1.59
DEGREE DAYS
HEATING TOTAL 1376 1141 235 1036
COOLING TOTAL 147 126 21 107
................................................................
WIND (MPH)
AVERAGE WIND SPEED 11.5
HIGHEST WIND SPEED/DIRECTION 45/250 DATE 04/23
HIGHEST GUST SPEED/DIRECTION 61/180 DATE 04/12
SKY COVER
POSSIBLE SUNSHINE (PERCENT) MM
AVERAGE SKY COVER 0.29
NUMBER OF DAYS FAIR 59
NUMBER OF DAYS PC 21
NUMBER OF DAYS CLOUDY 12
AVERAGE RH (PERCENT) 67
WEATHER CONDITIONS. NUMBER OF DAYS WITH
THUNDERSTORM 16 MIXED PRECIP 0
HEAVY RAIN 9 RAIN 16
LIGHT RAIN 39 FREEZING RAIN 1
LT FREEZING RAIN 1 HAIL 0
HEAVY SNOW 0 SNOW 1
LIGHT SNOW 10 SLEET 0
FOG 40 FOG W/VIS <= 1/4 MILE 7
HAZE 6
- INDICATES NEGATIVE NUMBERS.
R INDICATES RECORD WAS SET OR TIED.
MM INDICATES DATA IS MISSING.
T INDICATES TRACE AMOUNT.
$$