000
CXUS56 KMTR 010900
CF6STS
PRELIMINARY LOCAL CLIMATOLOGICAL DATA (WS FORM: F-6)
STATION: SANTA ROSA AIRPORT
MONTH: OCTOBER
YEAR: 2021
LATITUDE: 38 30 N
LONGITUDE: 122 49 W
TEMPERATURE IN F: :PCPN: SNOW: WIND :SUNSHINE: SKY :PK WND
================================================================================
1 2 3 4 5 6A 6B 7 8 9 10 11 12 13 14 15 16 17 18
12Z AVG MX 2MIN
DY MAX MIN AVG DEP HDD CDD WTR SNW DPTH SPD SPD DIR MIN PSBL S-S WX SPD DR
================================================================================
1 91 44 68 4 0 3 0.00 M M 3.7 12 220 M M 0 16 220
2 93 46 70 6 0 5 0.00 M M 3.2 12 240 M M 0 15 250
3 93 46 70 6 0 5 0.00 M M 2.5 13 190 M M 0 16 180
4 90 43 67 3 0 2 0.00 M M 3.1 13 190 M M 0 15 190
5 72 46 59 -5 6 0 0.00 M M 4.6 13 160 M M 5 1 16 150
6 72 45 59 -5 6 0 0.00 M M 3.3 13 140 M M 5 128 17 160
7 67 43 55 -8 10 0 0.00 M M 4.2 13 140 M M 2 15 140
8 69 42 56 -7 9 0 0.00 M M 3.9 17 260 M M 2 12 21 240
9 75 44 60 -3 5 0 0.00 M M 3.1 15 250 M M 1 18 250
10 81 40 61 -2 4 0 0.00 M M 6.3 30 310 M M 0 39 320
11 71 46 59 -4 6 0 0.00 M M 16.8 31 320 M M 0 41 310
12 74 42 58 -4 7 0 0.00 M M 8.5 15 320 M M 0 20 320
13 72 41 57 -5 8 0 0.00 M M 3.9 13 160 M M 3 17 190
14 81 41 61 -1 4 0 M M M 4.6 15 280 M M 0 18 270
15 85 38 62 0 3 0 M M M 2.6 12 260 M M 0 13 260
16 86 41 64 2 1 0 0.00 M M 3.9 10 270 M M 0 14 220
17 64 37 51 -10 14 0 0.09 M M 5.5 16 230 M M 5 18 23 230
18 65 37 51 -10 14 0 T M M 2.9 12 230 M M 4 12 15 230
19 68 42 55 -6 10 0 0.76 M M 5.4 18 180 M M 8 12 26 180
20 59 52 56 -4 9 0 0.70 M M 2.7 12 150 M M 10 1 15 140
21 63 58 61 1 4 0 0.89 M M 7.4 16 150 M M 10 1 22 140
22 64 52 58 -2 7 0 0.75 M M 5.0 15 300 M M 6 1 20 250
23 60 51 56 -4 9 0 0.97 M M 4.7 14 140 M M 10 12 18 130
24 62 55 59 -1 6 0 6.09 M M 11.0 28 190 M M 10 1 42 210
25 63 49 56 -3 9 0 0.26 M M 4.7 16 280 M M 5 12 21 260
26 58 48 53 -6 12 0 0.09 M M 3.0 12 190 M M 10 1 14 190
27 73 54 64 5 1 0 0.00 M M 1.0 7 210 M M 5 1 10 140
28 81 48 65 7 0 0 0.00 M M 2.1 7 140 M M 1 12 9 270
29 77 49 63 5 2 0 0.00 M M 4.0 12 150 M M 5 12 22 160
30 63 54 59 1 6 0 0.07 M M 3.6 13 180 M M 9 128 16 180
31 60 54 57 -1 8 0 0.10 M M 1.1 9 170 M M 9 1 12 230
================================================================================
SM 2252 1428 180 15 10.77 M 142.3 M 125
================================================================================
AV 72.6 46.1 4.6 FASTST M M 4 MAX(MPH)
MISC ----> 31 320 42 210
================================================================================
NOTES:
# LAST OF SEVERAL OCCURRENCES
COLUMN 17 PEAK WIND IN M.P.H.
PRELIMINARY LOCAL CLIMATOLOGICAL DATA (WS FORM: F-6) , PAGE 2
STATION: SANTA ROSA AIRPORT
MONTH: OCTOBER
YEAR: 2021
LATITUDE: 38 30 N
LONGITUDE: 122 49 W
[TEMPERATURE DATA] [PRECIPITATION DATA] SYMBOLS USED IN COLUMN 16
AVERAGE MONTHLY: 59.4 TOTAL FOR MONTH: 10.77 1 = FOG OR MIST
DPTR FM NORMAL: -1.9 DPTR FM NORMAL: 9.12 2 = FOG REDUCING VISIBILITY
HIGHEST: 93 ON 3, 2 GRTST 24HR 6.53 ON 23-24 TO 1/4 MILE OR LESS
LOWEST: 37 ON 18,17 3 = THUNDER
SNOW, ICE PELLETS, HAIL 4 = ICE PELLETS
TOTAL MONTH: M 5 = HAIL
GRTST 24HR M ON M 6 = FREEZING RAIN OR DRIZZLE
GRTST DEPTH: M ON M 7 = DUSTSTORM OR SANDSTORM:
VSBY 1/2 MILE OR LESS
8 = SMOKE OR HAZE
[NO. OF DAYS WITH] [WEATHER - DAYS WITH] 9 = BLOWING SNOW
X = TORNADO
MAX 32 OR BELOW: 0 0.01 INCH OR MORE: 11
MAX 90 OR ABOVE: 4 0.10 INCH OR MORE: 8
MIN 32 OR BELOW: 0 0.50 INCH OR MORE: 6
MIN 0 OR BELOW: 0 1.00 INCH OR MORE: 1
[HDD (BASE 65) ]
TOTAL THIS MO. 180 CLEAR (SCALE 0-3) 15
DPTR FM NORMAL 39 PTCLDY (SCALE 4-7) 8
TOTAL FM JUL 1 231 CLOUDY (SCALE 8-10) 8
DPTR FM NORMAL 26
[CDD (BASE 65) ]
TOTAL THIS MO. 15
DPTR FM NORMAL -11 [PRESSURE DATA]
TOTAL FM JAN 1 397 HIGHEST SLP M ON M
DPTR FM NORMAL -13 LOWEST SLP 29.51 ON 24
[REMARKS]
#FINAL-10-21#