000
CXUS53 KGRB 200649
CF6SUE
PRELIMINARY LOCAL CLIMATOLOGICAL DATA (WS FORM: F-6)
STATION: STURGEON BAY WI
MONTH: OCTOBER
YEAR: 2022
LATITUDE: 44 55 N
LONGITUDE: 87 25 W
TEMPERATURE IN F: :PCPN: SNOW: WIND :SUNSHINE: SKY :PK WND
================================================================================
1 2 3 4 5 6A 6B 7 8 9 10 11 12 13 14 15 16 17 18
12Z AVG MX 2MIN
DY MAX MIN AVG DEP HDD CDD WTR SNW DPTH SPD SPD DIR MIN PSBL S-S WX SPD DR
================================================================================
1 66 41 54 M 11 0 M M M 4.2 10 60 M M 1 12 M M
2 60 42 51 M 14 0 M M M 5.0 9 60 M M 4 1 M M
3 67 41 54 M 11 0 M M M 5.5 12 190 M M 0 M M
4 73 48 61 M 4 0 M M M 6.8 10 260 M M 0 M M
5 75 50 63 M 2 0 T M M 6.8 10 240 M M 1 17 240
6 61 41 51 M 14 0 0.15 M M 14.3 24 10 M M 8 39 360
7 46 36 41 M 24 0 0.05 M M 10.5 20 360 M M 9 25 10
8 57 39 48 M 17 0 M M M 14.4 23 260 M M 1 32 260
9 59 43 51 M 14 0 M M M 6.3 12 50 M M 4 M M
10 58 43 51 M 14 0 M M M 5.7 10 170 M M 5 M M
11 68 49 59 M 6 0 0.01 M M 13.6 20 190 M M 3 30 190
12 61 47 54 M 11 0 0.46 M M 11.3 26 310 M M 8 13 39 320
13 47 40 44 M 21 0 0.19 M M 11.2 18 300 M M 10 24 300
14 42 33 38 M 27 0 0.12 M M 8.4 17 240 M M 9 1 24 240
15 46 35 41 M 24 0 T M M 10.4 21 270 M M 9 26 270
16 47 39 43 M 22 0 0.07 M M 10.5 16 320 M M 8 24 320
17 44 36 40 M 25 0 0.19 M M 24.0 31 360 M M 10 44 350
18 41 35 38 M 27 0 T M M 26.1 31 340 M M 10 44 340
19 46 36 41 M 24 0 M M M 15.4 29 360 M M 5 38 340
================================================================================
SM 1064 774 312 0 1.24 M 210.3 M 105
================================================================================
AV 56.0 40.7 11.1 FASTST M M 6 MAX(MPH)
MISC ----> # 31 360 # 44 350
================================================================================
NOTES:
# LAST OF SEVERAL OCCURRENCES
COLUMN 17 PEAK WIND IN M.P.H.
PRELIMINARY LOCAL CLIMATOLOGICAL DATA (WS FORM: F-6) , PAGE 2
STATION: STURGEON BAY WI
MONTH: OCTOBER
YEAR: 2022
LATITUDE: 44 55 N
LONGITUDE: 87 25 W
[TEMPERATURE DATA] [PRECIPITATION DATA] SYMBOLS USED IN COLUMN 16
AVERAGE MONTHLY: 48.4 TOTAL FOR MONTH: 1.24 1 = FOG OR MIST
DPTR FM NORMAL: 0.0 DPTR FM NORMAL: 1.24 2 = FOG REDUCING VISIBILITY
HIGHEST: 75 ON 5 GRTST 24HR 0.46 ON 12-12 TO 1/4 MILE OR LESS
LOWEST: 33 ON 14 3 = THUNDER
SNOW, ICE PELLETS, HAIL 4 = ICE PELLETS
TOTAL MONTH: M 5 = HAIL
GRTST 24HR M ON M 6 = FREEZING RAIN OR DRIZZLE
GRTST DEPTH: M ON M 7 = DUSTSTORM OR SANDSTORM:
VSBY 1/2 MILE OR LESS
8 = SMOKE OR HAZE
[NO. OF DAYS WITH] [WEATHER - DAYS WITH] 9 = BLOWING SNOW
X = TORNADO
MAX 32 OR BELOW: 0 0.01 INCH OR MORE: 8
MAX 90 OR ABOVE: 0 0.10 INCH OR MORE: 5
MIN 32 OR BELOW: 0 0.50 INCH OR MORE: 0
MIN 0 OR BELOW: 0 1.00 INCH OR MORE: 0
[HDD (BASE 65) ]
TOTAL THIS MO. 312 CLEAR (SCALE 0-3) 6
DPTR FM NORMAL M PTCLDY (SCALE 4-7) 6
TOTAL FM JUL 1 487 CLOUDY (SCALE 8-10) 7
DPTR FM NORMAL M
[CDD (BASE 65) ]
TOTAL THIS MO. 0
DPTR FM NORMAL M [PRESSURE DATA]
TOTAL FM JAN 1 455 HIGHEST SLP M ON M
DPTR FM NORMAL 455 LOWEST SLP M ON M
[REMARKS]