990
CXUS53 KGRB 180808
CF6SUE
PRELIMINARY LOCAL CLIMATOLOGICAL DATA (WS FORM: F-6)
STATION: STURGEON BAY WI
MONTH: MARCH
YEAR: 2021
LATITUDE: 44 55 N
LONGITUDE: 87 25 W
TEMPERATURE IN F: :PCPN: SNOW: WIND :SUNSHINE: SKY :PK WND
================================================================================
1 2 3 4 5 6A 6B 7 8 9 10 11 12 13 14 15 16 17 18
12Z AVG MX 2MIN
DY MAX MIN AVG DEP HDD CDD WTR SNW DPTH SPD SPD DIR MIN PSBL S-S WX SPD DR
================================================================================
1 28 14 21 M 44 0 T M M 10.8 20 330 M M 2 23 310
2 38 14 26 M 39 0 M M M 14.1 25 200 M M 3 38 210
3 40 24 32 M 33 0 M M M 8.7 18 10 M M 2 20 350
4 31 22 27 M 38 0 M M M 8.5 15 360 M M 2 M M
5 40 21 31 M 34 0 M M M 6.1 14 360 M M 2 M M
6 37 21 29 M 36 0 M M M 5.8 9 320 M M 0 M M
7 38 16 27 M 38 0 M M M 10.8 20 180 M M 3 26 180
8 55 33 44 M 21 0 M M M 8.6 16 180 M M 2 22 190
9 50 30 40 M 25 0 M M M 12.4 24 170 M M 3 32 150
10 52 44 48 M 17 0 0.54 M M 13.1 20 170 M M 9 1 28 180
11 53 37 45 M 20 0 0.10 M M 18.5 28 250 M M 4 1 43 230
12 38 27 33 M 32 0 M M M 9.0 16 300 M M 0 24 300
13 57 24 41 M 24 0 M M M 11.2 21 250 M M 0 33 250
14 43 24 34 M 31 0 M M M 10.7 17 10 M M 0 24 10
15 36 24 30 M 35 0 T M M 8.9 14 120 M M 3 1 21 120
16 35 25 30 M 35 0 0.05 M M 4.7 10 120 M M 10 1 17 120
17 38 24 31 M 34 0 0.01 M M 4.0 9 330 M M 4 1 M M
================================================================================
SM 709 424 536 0 0.70 M 165.9 M 49
================================================================================
AV 41.7 24.9 9.8 FASTST M M 3 MAX(MPH)
MISC ----> 28 250 43 230
================================================================================
NOTES:
# LAST OF SEVERAL OCCURRENCES
COLUMN 17 PEAK WIND IN M.P.H.
PRELIMINARY LOCAL CLIMATOLOGICAL DATA (WS FORM: F-6) , PAGE 2
STATION: STURGEON BAY WI
MONTH: MARCH
YEAR: 2021
LATITUDE: 44 55 N
LONGITUDE: 87 25 W
[TEMPERATURE DATA] [PRECIPITATION DATA] SYMBOLS USED IN COLUMN 16
AVERAGE MONTHLY: 33.3 TOTAL FOR MONTH: 0.70 1 = FOG OR MIST
DPTR FM NORMAL: 0.0 DPTR FM NORMAL: 0.70 2 = FOG REDUCING VISIBILITY
HIGHEST: 57 ON 13 GRTST 24HR 0.54 ON 10-10 TO 1/4 MILE OR LESS
LOWEST: 14 ON 2, 1 3 = THUNDER
SNOW, ICE PELLETS, HAIL 4 = ICE PELLETS
TOTAL MONTH: M 5 = HAIL
GRTST 24HR M ON M 6 = FREEZING RAIN OR DRIZZLE
GRTST DEPTH: M ON M 7 = DUSTSTORM OR SANDSTORM:
VSBY 1/2 MILE OR LESS
8 = SMOKE OR HAZE
[NO. OF DAYS WITH] [WEATHER - DAYS WITH] 9 = BLOWING SNOW
X = TORNADO
MAX 32 OR BELOW: 2 0.01 INCH OR MORE: 4
MAX 90 OR ABOVE: 0 0.10 INCH OR MORE: 2
MIN 32 OR BELOW: 14 0.50 INCH OR MORE: 1
MIN 0 OR BELOW: 0 1.00 INCH OR MORE: 0
[HDD (BASE 65) ]
TOTAL THIS MO. 536 CLEAR (SCALE 0-3) 13
DPTR FM NORMAL M PTCLDY (SCALE 4-7) 2
TOTAL FM JUL 1 5794 CLOUDY (SCALE 8-10) 2
DPTR FM NORMAL 5556
[CDD (BASE 65) ]
TOTAL THIS MO. 0
DPTR FM NORMAL M [PRESSURE DATA]
TOTAL FM JAN 1 0 HIGHEST SLP M ON M
DPTR FM NORMAL 0 LOWEST SLP M ON M
[REMARKS]