000
CXUS53 KLSX 011400
CF6SUS
PRELIMINARY LOCAL CLIMATOLOGICAL DATA (WS FORM: F-6)
STATION: SPIRIT OF ST LOUIS MO
MONTH: AUGUST
YEAR: 2021
LATITUDE: 38 39 N
LONGITUDE: 90 38 W
TEMPERATURE IN F: :PCPN: SNOW: WIND :SUNSHINE: SKY :PK WND
================================================================================
1 2 3 4 5 6A 6B 7 8 9 10 11 12 13 14 15 16 17 18
12Z AVG MX 2MIN
DY MAX MIN AVG DEP HDD CDD WTR SNW DPTH SPD SPD DIR MIN PSBL S-S WX SPD DR
================================================================================
1 86 62 74 -5 0 9 0.00 0.0 0 5.1 14 20 M M 2 18 20 10
2 81 61 71 -8 0 6 0.00 0.0 0 3.5 13 40 M M 2 128 18 60
3 83 60 72 -7 0 7 0.00 0.0 0 2.5 12 20 M M 3 128 16 70
4 84 58 71 -8 0 6 0.00 0.0 0 2.3 12 350 M M 1 1 16 360
5 84 57 71 -7 0 6 0.00 0.0 0 3.4 12 190 M M 1 1 16 200
6 88 65 77 -1 0 12 0.00 0.0 0 3.6 10 190 M M 1 8 15 200
7 91 67 79 1 0 14 0.00 0.0 0 4.6 12 190 M M 1 18 19 170
8 92 72 82 4 0 17 0.38 0.0 0 6.1 25 260 M M 2 138 36 260
9 93 72 83 5 0 18 0.10 0.0 0 5.6 15 190 M M 4 138 25 190
10 93 78 86 8 0 21 T 0.0 0 8.0 20 240 M M 1 3 28 230
11 96 77 87 9 0 22 0.00 0.0 0 8.1 17 230 M M 0 25 220
12 97 68 83 5 0 18 0.62 0.0 0 7.2 37 340 M M 1 13 56 360
13 89 67 78 0 0 13 0.00 0.0 0 4.1 13 250 M M 2 1 17 260
14 84 64 74 -4 0 9 0.00 0.0 0 3.8 12 70 M M 0 1 16 70
15 84 61 73 -4 0 8 0.00 0.0 0 4.4 15 50 M M 2 1 19 60
16 83 60 72 -5 0 7 0.00 0.0 0 2.3 12 20 M M 2 1 15 70
17 89 64 77 0 0 12 0.00 0.0 0 1.5 9 330 M M 1 18 14 360
18 88 67 78 1 0 13 0.00 0.0 0 2.3 15 220 M M 1 1 19 210
19 88 65 77 0 0 12 0.00 0.0 0 2.1 9 110 M M 2 18 14 110
20 89 69 79 3 0 14 0.00 0.0 0 4.1 12 140 M M 4 18 18 90
21 88 69 79 3 0 14 T 0.0 0 5.2 14 300 M M 4 18 20 280
22 90 66 78 2 0 13 0.00 0.0 0 2.2 9 290 M M 0 14 320
23 98 68 83 7 0 18 T 0.0 0 3.5 18 230 M M 2 3 29 220
24 98 70 84 8 0 19 0.00 0.0 0 3.8 14 200 M M 1 19 170
25 99 75 87 11 0 22 0.00 0.0 0 3.6 13 200 M M 1 1 18 190
26 94 73 84 9 0 19 0.44 0.0 0 3.5 21 60 M M 2 138 29 60
27 94 69 82 7 0 17 0.19 0.0 0 3.6 17 360 M M 2 38 28 350
28 92 71 82 7 0 17 0.14 0.0 0 4.6 21 190 M M 1 38 29 200
29 93 71 82 8 0 17 0.01 0.0 0 4.0 14 170 M M 1 13 19 170
30 90 72 81 7 0 16 1.56 0.0 0 2.6 20 180 M M 6 1238 26 150
31 86 69 78 4 0 13 0.04 0.0 0 3.2 17 330 M M 7 13 25 330
================================================================================
SM 2784 2087 0 429 3.48 0.0 124.4 M 60
================================================================================
AV 89.8 67.3 4.0 FASTST M M 2 MAX(MPH)
MISC ----> 37 340 56 360
================================================================================
NOTES:
# LAST OF SEVERAL OCCURRENCES
COLUMN 17 PEAK WIND IN M.P.H.
PRELIMINARY LOCAL CLIMATOLOGICAL DATA (WS FORM: F-6) , PAGE 2
STATION: SPIRIT OF ST LOUIS MO
MONTH: AUGUST
YEAR: 2021
LATITUDE: 38 39 N
LONGITUDE: 90 38 W
[TEMPERATURE DATA] [PRECIPITATION DATA] SYMBOLS USED IN COLUMN 16
AVERAGE MONTHLY: 78.6 TOTAL FOR MONTH: 3.48 1 = FOG OR MIST
DPTR FM NORMAL: 1.7 DPTR FM NORMAL: 0.04 2 = FOG REDUCING VISIBILITY
HIGHEST: 99 ON 25 GRTST 24HR 1.56 ON 30-30 TO 1/4 MILE OR LESS
LOWEST: 57 ON 5 3 = THUNDER
SNOW, ICE PELLETS, HAIL 4 = ICE PELLETS
TOTAL MONTH: 0.0 INCH 5 = HAIL
GRTST 24HR 0.0 6 = FREEZING RAIN OR DRIZZLE
GRTST DEPTH: 0 7 = DUSTSTORM OR SANDSTORM:
VSBY 1/2 MILE OR LESS
8 = SMOKE OR HAZE
[NO. OF DAYS WITH] [WEATHER - DAYS WITH] 9 = BLOWING SNOW
X = TORNADO
MAX 32 OR BELOW: 0 0.01 INCH OR MORE: 9
MAX 90 OR ABOVE: 15 0.10 INCH OR MORE: 7
MIN 32 OR BELOW: 0 0.50 INCH OR MORE: 2
MIN 0 OR BELOW: 0 1.00 INCH OR MORE: 1
[HDD (BASE 65) ]
TOTAL THIS MO. 0 CLEAR (SCALE 0-3) 25
DPTR FM NORMAL -2 PTCLDY (SCALE 4-7) 6
TOTAL FM JUL 1 0 CLOUDY (SCALE 8-10) 0
DPTR FM NORMAL 0
[CDD (BASE 65) ]
TOTAL THIS MO. 429
DPTR FM NORMAL 59 [PRESSURE DATA]
TOTAL FM JAN 1 1248 HIGHEST SLP 30.22 ON 14
DPTR FM NORMAL -2 LOWEST SLP 29.64 ON 31
[REMARKS]
#FINAL-08-21#