000
CXUS54 KEPZ 221306
CF6SVC
PRELIMINARY LOCAL CLIMATOLOGICAL DATA (WS FORM: F-6)
STATION: SILVER CITY
MONTH: NOVEMBER
YEAR: 2022
LATITUDE: 32 37 N
LONGITUDE: 108 10 W
TEMPERATURE IN F: :PCPN: SNOW: WIND :SUNSHINE: SKY :PK WND
================================================================================
1 2 3 4 5 6A 6B 7 8 9 10 11 12 13 14 15 16 17 18
12Z AVG MX 2MIN
DY MAX MIN AVG DEP HDD CDD WTR SNW DPTH SPD SPD DIR MIN PSBL S-S WX SPD DR
================================================================================
1 71 41 56 M 9 0 0.00 M M 7.2 10 160 M M 0 17 160
2 69 38 54 M 11 0 0.00 M M 7.3 15 220 M M 1 18 180
3 65 36 51 M 14 0 T M M 13.9 24 210 M M 4 33 300
4 52 31 42 M 23 0 0.00 M M 14.3 21 300 M M 1 29 300
5 63 32 48 M 17 0 0.00 M M 11.4 23 290 M M 0 24 290
6 72 40 56 M 9 0 0.00 M M 9.2 15 320 M M 0 17 300
7 72 38 55 M 10 0 0.00 M M 6.9 13 150 M M 0 18 160
8 75 43 59 M 6 0 0.00 M M 7.4 16 210 M M 0 22 220
9 71 42 57 M 8 0 0.00 M M 10.6 17 250 M M 0 23 230
10 60 36 48 M 17 0 0.00 M M 10.6 18 280 M M 1 27 270
11 58 31 45 M 20 0 0.00 M M 6.5 12 300 M M 0 M M
12 58 26 42 M 23 0 0.00 M M 5.9 8 10 M M 1 M M
13 65 33 49 M 16 0 T M M 9.2 21 300 M M 0 30 300
14 56 28 42 M 23 0 0.00 M M 9.7 18 270 M M 1 37 270
15 57 25 41 M 24 0 0.00 M M 6.1 12 350 M M 0 M M
16 52 25 39 M 26 0 0.00 M M 7.0 16 120 M M 5 24 130
17 54 20 37 M 28 0 0.00 M M 5.2 10 330 M M 0 M M
18 57 25 41 M 24 0 0.00 M M 6.1 10 360 M M 0 M M
19 53 26 40 M 25 0 0.00 M M 8.2 16 140 M M 4 22 120
20 51 21 36 M 29 0 0.00 M M 5.4 10 150 M M 1 M M
21 55 23 39 M 26 0 0.00 M M 5.6 9 360 M M 0 M M
22 59 27 43 M 22 0 0.00 M M 6.2 10 360 M M 0 M M
23 64 32 48 M 17 0 0.00 M M 8.9 17 310 M M 0 24 280
24 50 23 37 M 28 0 0.00 M M 10.3 24 30 M M 5 31 30
25 53 32 43 M 22 0 0.00 M M 8.1 17 80 M M 4 31 80
26 59 33 46 M 19 0 0.00 M M 15.7 28 290 M M 0 33 290
27 59 26 43 M 22 0 0.00 M M 12.0 21 310 M M 0 25 310
28 59 26 43 M 22 0 0.00 M M 11.7 24 280 M M 0 36 280
29 58 33 46 M 19 0 0.00 M M 16.6 30 280 M M 0 37 300
30 61 27 44 M 21 0 0.00 M M 7.5 12 140 M M 0 16 160
================================================================================
SM 1808 919 580 0 T M 270.6 M 28
================================================================================
AV 60.3 30.6 9.0 FASTST M M 1 MAX(MPH)
MISC ----> 30 280 37 300
================================================================================
NOTES:
# LAST OF SEVERAL OCCURRENCES
COLUMN 17 PEAK WIND IN M.P.H.
PRELIMINARY LOCAL CLIMATOLOGICAL DATA (WS FORM: F-6) , PAGE 2
STATION: SILVER CITY
MONTH: NOVEMBER
YEAR: 2022
LATITUDE: 32 37 N
LONGITUDE: 108 10 W
[TEMPERATURE DATA] [PRECIPITATION DATA] SYMBOLS USED IN COLUMN 16
AVERAGE MONTHLY: 45.5 TOTAL FOR MONTH: T 1 = FOG OR MIST
DPTR FM NORMAL: 0.0 DPTR FM NORMAL: M 2 = FOG REDUCING VISIBILITY
HIGHEST: 75 ON 8 GRTST 24HR T ON 3- 3 TO 1/4 MILE OR LESS
LOWEST: 20 ON 17 3 = THUNDER
SNOW, ICE PELLETS, HAIL 4 = ICE PELLETS
TOTAL MONTH: M 5 = HAIL
GRTST 24HR M ON M 6 = FREEZING RAIN OR DRIZZLE
GRTST DEPTH: M ON M 7 = DUSTSTORM OR SANDSTORM:
VSBY 1/2 MILE OR LESS
8 = SMOKE OR HAZE
[NO. OF DAYS WITH] [WEATHER - DAYS WITH] 9 = BLOWING SNOW
X = TORNADO
MAX 32 OR BELOW: 0 0.01 INCH OR MORE: 0
MAX 90 OR ABOVE: 0 0.10 INCH OR MORE: 0
MIN 32 OR BELOW: 19 0.50 INCH OR MORE: 0
MIN 0 OR BELOW: 0 1.00 INCH OR MORE: 0
[HDD (BASE 65) ]
TOTAL THIS MO. 580 CLEAR (SCALE 0-3) 25
DPTR FM NORMAL M PTCLDY (SCALE 4-7) 5
TOTAL FM JUL 1 799 CLOUDY (SCALE 8-10) 0
DPTR FM NORMAL M
[CDD (BASE 65) ]
TOTAL THIS MO. 0
DPTR FM NORMAL M [PRESSURE DATA]
TOTAL FM JAN 1 1522 HIGHEST SLP M ON M
DPTR FM NORMAL M LOWEST SLP M ON M
[REMARKS]
#FINAL-11-22#