000
CXUS51 KBGM 010834
CLSSYR
CLIMATE REPORT
NATIONAL WEATHER SERVICE BINGHAMTON, NY
434 AM EDT THU JUN 01 2023
...................................
...THE SYRACUSE NY CLIMATE SUMMARY FOR THE SEASON, FROM
3/1/2023 TO 5/31/2023...
CLIMATE NORMAL PERIOD 1991 TO 2020
CLIMATE RECORD PERIOD 1902 TO 2023
WEATHER OBSERVED NORMAL DEPART LAST YEAR`S
VALUE DATE(S) VALUE FROM VALUE DATE(S)
NORMAL
................................................................
TEMPERATURE (F)
RECORD
HIGH 96 05/21/1977
LOW -16 03/04/1950
HIGHEST 89 05/31 56 33 91 05/21
LOWEST 16 03/12 36 -20 11 03/04
AVG. MAXIMUM 59.0 56.0 3.0 58.8
AVG. MINIMUM 37.5 36.2 1.3 37.4
MEAN 48.3 46.1 2.2 48.1
DAYS MAX >= 90 0 0.5 -0.5 1
DAYS MAX <= 32 2 6.6 -4.6 4
DAYS MIN <= 32 35 34.6 0.4 32
DAYS MIN <= 0 0 0.6 -0.6 0
PRECIPITATION (INCHES)
RECORD
MAXIMUM 20.15 1976
MINIMUM 5.66 1981
TOTALS 9.27 9.94 -0.67 8.00
DAILY AVG. 0.10 0.11 -0.01 0.09
DAYS >= .01 35 43.2 -8.2 49
DAYS >= .10 21 23.7 -2.7 21
DAYS >= .50 8 6.0 2.0 4
DAYS >= 1.00 1 1.2 -0.2 1
GREATEST
24 HR. TOTAL 1.40 04/30 TO 05/01 1.38 04/06 TO 04/07
SNOWFALL (INCHES)
RECORDS
TOTAL 66.7 1993
24 HR TOTAL 22.1 03/13/1993 TO 03/13/1993
SNOW DEPTH 35 03/15/1993
TOTALS 13.7 22.9 -9.2 17.9
SINCE 7/1 65.6 127.8 -62.2 76.0
SNOWDEPTH AVG. 1 0
DAYS >= TRACE 25 12.7 12.3 25
DAYS >= 1.0 3 5.9 -2.9 7
GREATEST
SNOW DEPTH 9 03/15 6 03/28
03/16
03/29
03/29
24 HR TOTAL 7.4 03/14 TO 03/15 5.5 03/27 TO 03/28
DEGREE DAYS
HEATING TOTAL 1577 1776 -199 1594
SINCE 7/1 5606 6532 -926 5816
COOLING TOTAL 56 38 18 66
SINCE 1/1 56 38 18 66
FREEZE DATES
RECORD
EARLIEST 09/23/1963
LATEST 05/24/1963
EARLIEST 10/28
LATEST 05/01
................................................................
WIND (MPH)
AVERAGE WIND SPEED 8.1
RESULTANT WIND SPEED/DIRECTION 3/280
HIGHEST WIND SPEED/DIRECTION 38/270 DATE 04/11
HIGHEST GUST SPEED/DIRECTION 46/230 DATE 05/01
SKY COVER
POSSIBLE SUNSHINE (PERCENT) MM
AVERAGE SKY COVER 0.67
AVERAGE RH (PERCENT) 61
WEATHER CONDITIONS. NUMBER OF DAYS WITH
THUNDERSTORM 3 MIXED PRECIP 0
HEAVY RAIN 6 RAIN 13
LIGHT RAIN 44 FREEZING RAIN 0
LT FREEZING RAIN 3 HAIL 0
HEAVY SNOW 2 SNOW 5
LIGHT SNOW 23 SLEET 5
FOG 34 FOG W/VIS <= 1/4 MILE 2
HAZE 9
- INDICATES NEGATIVE NUMBERS.
R INDICATES RECORD WAS SET OR TIED.
MM INDICATES DATA IS MISSING.
T INDICATES TRACE AMOUNT.
$$
BJT