000
CXUS54 KEWX 011010
CF6T82
PRELIMINARY LOCAL CLIMATOLOGICAL DATA (WS FORM: F-6)
STATION: FREDERICKSBURG
MONTH: OCTOBER
YEAR: 2021
LATITUDE: 30 15 N
LONGITUDE: 98 55 W
TEMPERATURE IN F: :PCPN: SNOW: WIND :SUNSHINE: SKY :PK WND
================================================================================
1 2 3 4 5 6A 6B 7 8 9 10 11 12 13 14 15 16 17 18
12Z AVG MX 2MIN
DY MAX MIN AVG DEP HDD CDD WTR SNW DPTH SPD SPD DIR MIN PSBL S-S WX SPD DR
================================================================================
1 82 65 74 M 0 9 1.46 M M 4.9 17 330 M M 8 3 25 300
2 84 66 75 M 0 10 0.01 M M 3.5 13 360 M M 7 M M
3 86 62 74 M 0 9 0.00 M M 2.0 9 30 M M 2 M M
4 86 59 73 M 0 8 0.00 M M 2.8 12 30 M M 1 16 30
5 86 55 71 M 0 6 0.00 M M 1.7 8 30 M M 1 M M
6 85 57 71 M 0 6 0.00 M M 2.0 9 160 M M 2 M M
7 87 61 74 M 0 9 0.00 M M 5.1 15 220 M M 0 18 220
8 87 60 74 M 0 9 0.00 M M 4.4 13 220 M M 0 17 200
9 85 61 73 M 0 8 0.00 M M 6.7 13 190 M M 0 18 170
10 86 63 75 M 0 10 0.41 M M 9.5 17 180 M M 7 3 25 180
11 81 57 69 M 0 4 0.00 M M 1.9 7 70 M M 3 M M
12 83 68 76 M 0 11 0.23 M M 8.4 14 170 M M 9 13 21 170
13 84 65 75 M 0 10 0.31 M M 8.1 14 190 M M 9 24 240
14 84 65 75 M 0 10 0.00 M M 1.8 7 170 M M 5 18 M M
15 84 59 72 M 0 7 0.00 M M 8.9 21 10 M M 5 1 28 10
16 70 47 59 M 6 0 0.00 M M 6.7 13 50 M M 0 21 50
17 71 40 56 M 9 0 0.00 M M 1.5 9 70 M M 0 M M
18 75 45 60 M 5 0 0.00 M M 4.0 10 170 M M 0 16 170
19 78 57 68 M 0 3 0.00 M M 6.9 15 180 M M 4 18 180
20 78 61 70 M 0 5 0.00 M M 4.2 10 210 M M 7 M M
21 82 57 70 M 0 5 0.00 M M 0.7 3 340 M M 3 12 M M
22 83 56 70 M 0 5 0.00 M M 1.8 7 170 M M 2 1 M M
23 83 63 73 M 0 8 0.00 M M 6.4 15 190 M M 5 22 190
24 82 65 74 M 0 9 0.00 M M 6.7 10 200 M M 6 17 200
25 88 63 76 M 0 11 0.00 M M 4.3 10 180 M M 3 1 16 160
26 82 68 75 M 0 10 0.00 M M 8.0 15 180 M M 7 1 23 180
27 74 50 62 M 3 0 0.36 M M 11.6 25 320 M M 2 37 320
28 74 44 59 M 6 0 0.00 M M 8.7 24 330 M M 0 38 340
29 71 45 58 M 7 0 0.00 M M 9.8 24 350 M M 0 31 350
30 80 39 60 M 5 0 0.00 M M 2.6 9 200 M M 0 M M
31 80 42 61 M 4 0 0.00 M M 4.1 13 200 M M 0 18 200
================================================================================
SM 2521 1765 45 182 2.78 M 159.7 M 98
================================================================================
AV 81.3 56.9 5.2 FASTST M M 3 MAX(MPH)
MISC ----> 25 320 38 340
================================================================================
NOTES:
# LAST OF SEVERAL OCCURRENCES
COLUMN 17 PEAK WIND IN M.P.H.
PRELIMINARY LOCAL CLIMATOLOGICAL DATA (WS FORM: F-6) , PAGE 2
STATION: FREDERICKSBURG
MONTH: OCTOBER
YEAR: 2021
LATITUDE: 30 15 N
LONGITUDE: 98 55 W
[TEMPERATURE DATA] [PRECIPITATION DATA] SYMBOLS USED IN COLUMN 16
AVERAGE MONTHLY: 69.1 TOTAL FOR MONTH: 2.78 1 = FOG OR MIST
DPTR FM NORMAL: 0.0 DPTR FM NORMAL: M 2 = FOG REDUCING VISIBILITY
HIGHEST: 88 ON 25 GRTST 24HR 1.46 ON 1- 1 TO 1/4 MILE OR LESS
LOWEST: 39 ON 30 3 = THUNDER
SNOW, ICE PELLETS, HAIL 4 = ICE PELLETS
TOTAL MONTH: M 5 = HAIL
GRTST 24HR M ON M 6 = FREEZING RAIN OR DRIZZLE
GRTST DEPTH: M ON M 7 = DUSTSTORM OR SANDSTORM:
VSBY 1/2 MILE OR LESS
8 = SMOKE OR HAZE
[NO. OF DAYS WITH] [WEATHER - DAYS WITH] 9 = BLOWING SNOW
X = TORNADO
MAX 32 OR BELOW: 0 0.01 INCH OR MORE: 6
MAX 90 OR ABOVE: 0 0.10 INCH OR MORE: 5
MIN 32 OR BELOW: 0 0.50 INCH OR MORE: 1
MIN 0 OR BELOW: 0 1.00 INCH OR MORE: 1
[HDD (BASE 65) ]
TOTAL THIS MO. 45 CLEAR (SCALE 0-3) 17
DPTR FM NORMAL M PTCLDY (SCALE 4-7) 12
TOTAL FM JUL 1 45 CLOUDY (SCALE 8-10) 2
DPTR FM NORMAL M
[CDD (BASE 65) ]
TOTAL THIS MO. 182
DPTR FM NORMAL M [PRESSURE DATA]
TOTAL FM JAN 1 2206 HIGHEST SLP M ON M
DPTR FM NORMAL M LOWEST SLP M ON M
[REMARKS]
#FINAL-10-21#