000
CXUS52 KTBW 020021
CF6TBW
PRELIMINARY LOCAL CLIMATOLOGICAL DATA (WS FORM: F-6)
STATION: RUSKIN WFO
MONTH: AUGUST
YEAR: 2022
LATITUDE: 27 42 N
LONGITUDE: 82 24 W
TEMPERATURE IN F: :PCPN: SNOW: WIND :SUNSHINE: SKY :PK WND
================================================================================
1 2 3 4 5 6A 6B 7 8 9 10 11 12 13 14 15 16 17 18
12Z AVG MX 2MIN
DY MAX MIN AVG DEP HDD CDD WTR SNW DPTH SPD SPD DIR MIN PSBL S-S WX SPD DR
================================================================================
1 94 76 85 3 0 20 0.00 0.0 0 M M M M M M M M
2 94 76 85 3 0 20 0.00 0.0 0 M M M M M M M M
3 93 74 84 2 0 19 0.06 0.0 0 M M M M M M 3 M M
4 93 75 84 2 0 19 0.90 0.0 0 M M M M M M 13 M M
5 96 75 86 4 0 21 0.01 0.0 0 M M M M M M 3 M M
6 95 76 86 4 0 21 0.09 0.0 0 M M M M M M 3 M M
7 95 76 86 4 0 21 0.05 0.0 0 M M M M M M 3 M M
8 94 76 85 3 0 20 0.45 0.0 0 M M M M M M 13 M M
9 92 74 83 1 0 18 0.03 0.0 0 M M M M M M M M
10 95 75 85 3 0 20 0.00 0.0 0 M M M M M M M M
11 88 77 83 1 0 18 0.00 0.0 0 M M M M M M M M
12 92 75 84 2 0 19 0.00 0.0 0 M M M M M M M M
13 92 74 83 1 0 18 0.00 0.0 0 M M M M M M M M
14 87 74 81 -1 0 16 0.00 0.0 0 M M M M M M M M
15 84 74 79 -3 0 14 1.69 0.0 0 M M M M M M 13 M M
16 89 75 82 0 0 17 0.00 0.0 0 M M M M M M M M
17 91 75 83 1 0 18 0.00 0.0 0 M M M M M M M M
18 91 76 84 2 0 19 0.00 0.0 0 M M M M M M M M
19 92 74 83 1 0 18 0.00 0.0 0 M M M M M M M M
20 97 75 86 4 0 21 0.00 0.0 0 M M M M M M M M
21 96 76 86 4 0 21 0.98 0.0 0 M M M M M M 13 M M
22 93 77 85 3 0 20 0.00 0.0 0 M M M M M M M M
23 92 75 84 2 0 19 0.00 0.0 0 M M M M M M M M
24 94 75 85 3 0 20 0.04 0.0 0 M M M M M M 3 M M
25 93 74 84 2 0 19 1.93 0.0 0 M M M M M M 123 M M
26 92 74 83 1 0 18 0.20 0.0 0 M M M M M M 3 M M
27 91 75 83 1 0 18 0.03 0.0 0 M M M M M M 3 M M
28 90 75 83 1 0 18 0.15 0.0 0 M M M M M M 3 M M
29 89 74 82 0 0 17 0.01 0.0 0 M M M M M M 3 M M
30 89 76 83 1 0 18 0.42 0.0 0 M M M M M M 13 M M
31 92 75 84 2 0 19 0.02 0.0 0 M M M M M M 3 M M
================================================================================
SM 2855 2328 0 584 7.06 0.0 M M M
================================================================================
AV 92.1 75.1 M FASTST M M M MAX(MPH)
MISC ----> M M M M
================================================================================
NOTES:
# LAST OF SEVERAL OCCURRENCES
COLUMN 17 PEAK WIND IN M.P.H.
PRELIMINARY LOCAL CLIMATOLOGICAL DATA (WS FORM: F-6) , PAGE 2
STATION: RUSKIN WFO
MONTH: AUGUST
YEAR: 2022
LATITUDE: 27 42 N
LONGITUDE: 82 24 W
[TEMPERATURE DATA] [PRECIPITATION DATA] SYMBOLS USED IN COLUMN 16
AVERAGE MONTHLY: 83.6 TOTAL FOR MONTH: 7.06 1 = FOG OR MIST
DPTR FM NORMAL: 1.2 DPTR FM NORMAL: -1.73 2 = FOG REDUCING VISIBILITY
HIGHEST: 97 ON 20 GRTST 24HR 1.93 ON 25-25 TO 1/4 MILE OR LESS
LOWEST: 74 ON 26,25 3 = THUNDER
SNOW, ICE PELLETS, HAIL 4 = ICE PELLETS
TOTAL MONTH: 0.0 INCH 5 = HAIL
GRTST 24HR 0.0 6 = FREEZING RAIN OR DRIZZLE
GRTST DEPTH: 0 7 = DUSTSTORM OR SANDSTORM:
VSBY 1/2 MILE OR LESS
8 = SMOKE OR HAZE
[NO. OF DAYS WITH] [WEATHER - DAYS WITH] 9 = BLOWING SNOW
X = TORNADO
MAX 32 OR BELOW: 0 0.01 INCH OR MORE: 17
MAX 90 OR ABOVE: 25 0.10 INCH OR MORE: 8
MIN 32 OR BELOW: 0 0.50 INCH OR MORE: 4
MIN 0 OR BELOW: 0 1.00 INCH OR MORE: 2
[HDD (BASE 65) ]
TOTAL THIS MO. 0 CLEAR (SCALE 0-3) 0
DPTR FM NORMAL 0 PTCLDY (SCALE 4-7) 0
TOTAL FM JUL 1 15 CLOUDY (SCALE 8-10) 31
DPTR FM NORMAL 15
[CDD (BASE 65) ]
TOTAL THIS MO. 584
DPTR FM NORMAL 43 [PRESSURE DATA]
TOTAL FM JAN 1 2784 HIGHEST SLP M ON M
DPTR FM NORMAL 371 LOWEST SLP M ON M
[REMARKS]
#FINAL-08-22#