000
CXUS52 KMFL 011030
CF6TMB
PRELIMINARY LOCAL CLIMATOLOGICAL DATA (WS FORM: F-6)
STATION: KENDALL-TAMIAMI EXEC ARPT
MONTH: JULY
YEAR: 2021
LATITUDE: 25 38 N
LONGITUDE: 80 26 W
TEMPERATURE IN F: :PCPN: SNOW: WIND :SUNSHINE: SKY :PK WND
================================================================================
1 2 3 4 5 6A 6B 7 8 9 10 11 12 13 14 15 16 17 18
12Z AVG MX 2MIN
DY MAX MIN AVG DEP HDD CDD WTR SNW DPTH SPD SPD DIR MIN PSBL S-S WX SPD DR
================================================================================
1 88 74 81 -2 0 16 0.02 M M 2.6 14 110 M M 2 13 17 110
2 93 74 84 1 0 19 0.64 M M 4.2 21 330 M M 3 138 24 330
3 96 76 86 3 0 21 0.00 M M 6.2 15 310 M M 1 19 300
4 92 77 85 2 0 20 0.00 0.0 0 6.9 16 100 M M 1 22 120
5 91 75 83 0 0 18 1.09 M M 7.9 24 90 M M 3 13 34 80
6 85 77 81 -2 0 16 0.71 0.0 M 10.7 22 130 M M 5 13 29 120
7 90 80 85 2 0 20 0.00 M M 6.4 15 130 M M 0 19 140
8 90 76 83 0 0 18 0.07 0.0 M 4.3 24 330 M M 2 3 31 330
9 91 77 84 1 0 19 T M M 6.0 15 130 M M 1 17 130
10 89 82 86 3 0 21 0.15 0.0 0 9.0 18 80 M M 1 3 21 80
11 90 74 82 -1 0 17 0.06 0.0 0 8.8 17 100 M M 2 3 23 100
12 87 73 80 -3 0 15 1.35 0.0 0 9.2 26 100 M M 3 138 34 100
13 87 76 82 -1 0 17 0.30 0.0 0 9.0 23 100 M M 4 13 29 100
14 90 75 83 0 0 18 0.13 0.0 0 8.3 21 90 M M 3 1 27 100
15 90 77 84 1 0 19 T 0.0 0 9.8 21 70 M M 2 26 70
16 91 76 84 1 0 19 0.01 0.0 0 8.8 20 100 M M 3 24 100
17 91 76 84 1 0 19 0.00 0.0 0 6.9 20 90 M M 3 22 90
18 91 81 86 3 0 21 0.00 0.0 0 10.7 20 120 M M 1 3 24 130
19 91 78 85 2 0 20 T 0.0 0 8.6 18 110 M M 2 23 110
20 91 76 84 1 0 19 1.06 0.0 0 4.4 16 140 M M 3 138 27 80
21 94 76 85 2 0 20 T 0.0 0 4.5 13 130 M M 1 17 130
22 96 78 87 4 0 22 T M M 4.1 15 110 M M 1 3 20 130
23 95 78 87 4 0 22 0.02 M M 4.5 14 220 M M 2 13 17 230
24 91 77 84 1 0 19 0.04 M M 4.0 23 290 M M 2 3 28 300
25 92 76 84 1 0 19 0.10 M M 4.2 16 150 M M 2 3 21 150
26 91 76 84 1 0 19 T 0.0 0 4.6 17 100 M M 4 3 22 100
27 92 77 85 2 0 20 T 0.0 0 3.7 16 130 M M 3 3 22 140
28 94 76 85 2 0 20 0.03 M M 3.6 20 130 M M 1 38 24 130
29 94 76 85 1 0 20 0.38 M M 3.3 17 30 M M 3 13 21 30
30 94 75 85 1 0 20 T M M 3.4 14 280 M M 1 13 21 120
31 93 77 85 1 0 20 0.08 M M 3.8 15 130 M M 1 3 19 130
================================================================================
SM 2830 2372 0 593 6.24 0.0 192.4 M 66
================================================================================
AV 91.3 76.5 6.2 FASTST M M 2 MAX(MPH)
MISC ----> 26 100 # 34 80
================================================================================
NOTES:
# LAST OF SEVERAL OCCURRENCES
COLUMN 17 PEAK WIND IN M.P.H.
PRELIMINARY LOCAL CLIMATOLOGICAL DATA (WS FORM: F-6) , PAGE 2
STATION: KENDALL-TAMIAMI EXEC ARPT
MONTH: JULY
YEAR: 2021
LATITUDE: 25 38 N
LONGITUDE: 80 26 W
[TEMPERATURE DATA] [PRECIPITATION DATA] SYMBOLS USED IN COLUMN 16
AVERAGE MONTHLY: 83.9 TOTAL FOR MONTH: 6.24 1 = FOG OR MIST
DPTR FM NORMAL: 0.8 DPTR FM NORMAL: -0.95 2 = FOG REDUCING VISIBILITY
HIGHEST: 96 ON 22, 3 GRTST 24HR 1.73 ON 5- 6 TO 1/4 MILE OR LESS
LOWEST: 73 ON 12 3 = THUNDER
SNOW, ICE PELLETS, HAIL 4 = ICE PELLETS
TOTAL MONTH: 0.0 INCH 5 = HAIL
GRTST 24HR 0.0 6 = FREEZING RAIN OR DRIZZLE
GRTST DEPTH: 0 7 = DUSTSTORM OR SANDSTORM:
VSBY 1/2 MILE OR LESS
8 = SMOKE OR HAZE
[NO. OF DAYS WITH] [WEATHER - DAYS WITH] 9 = BLOWING SNOW
X = TORNADO
MAX 32 OR BELOW: 0 0.01 INCH OR MORE: 18
MAX 90 OR ABOVE: 26 0.10 INCH OR MORE: 10
MIN 32 OR BELOW: 0 0.50 INCH OR MORE: 5
MIN 0 OR BELOW: 0 1.00 INCH OR MORE: 3
[HDD (BASE 65) ]
TOTAL THIS MO. 0 CLEAR (SCALE 0-3) 23
DPTR FM NORMAL 0 PTCLDY (SCALE 4-7) 8
TOTAL FM JUL 1 0 CLOUDY (SCALE 8-10) 0
DPTR FM NORMAL 0
[CDD (BASE 65) ]
TOTAL THIS MO. 593
DPTR FM NORMAL 33 [PRESSURE DATA]
TOTAL FM JAN 1 2669 HIGHEST SLP 30.22 ON 12
DPTR FM NORMAL 383 LOWEST SLP 29.88 ON 25
[REMARKS]
#FINAL-07-21#