275
CXUS51 KCLE 041928
CLSTOL
CLIMATE REPORT
NATIONAL WEATHER SERVICE CLEVELAND, OH
228 PM EST THU MAR 04 2021
...................................
...THE TOLEDO OH CLIMATE SUMMARY FOR THE SEASON, FROM
12/1/2020 TO 2/28/2021...
CLIMATE NORMAL PERIOD 1981 TO 2010
CLIMATE RECORD PERIOD 1873 TO 2021
WEATHER OBSERVED NORMAL DEPART
VALUE DATE(S) VALUE FROM
NORMAL
................................................
TEMPERATURE (F)
RECORD
HIGH 71 02/24/2017
02/26/2000
02/11/1999
LOW -20 01/21/1984
HIGHEST 63 02/28
LOWEST -10 02/17
AVG. MAXIMUM 35.8 35.0 0.8
AVG. MINIMUM 22.9 20.7 2.2
MEAN 29.3 27.8 1.5
DAYS MAX >= 90 0 0.0
DAYS MAX <= 32 29 35.4
DAYS MIN <= 32 74 76.0
DAYS MIN <= 0 4 5.3
PRECIPITATION (INCHES)
RECORD
MAXIMUM 13.35 1950
MINIMUM 2.15 1920
TOTALS 4.82 6.80 -1.98
DAYS >= .01 36 36.0
DAYS >= .10 12 17.0
DAYS >= .50 2 3.8
DAYS >= 1.00 0 0.7
SNOWFALL (INCHES)
RECORDS
TOTAL 73.0 2014
TOTALS 33.7 28.4
DAYS >= TRACE 42
DAYS >= 1.0 8 8.8
DEGREE DAYS
HEATING TOTAL 3160 3344 -184
COOLING TOTAL 0 0 0
................................................
WIND (MPH)
HIGHEST GUST SPEED/DIRECTION 48/230 DATE 12/12
SKY COVER
POSSIBLE SUNSHINE (PERCENT) MM
NUMBER OF DAYS FAIR 23
NUMBER OF DAYS PC 24
NUMBER OF DAYS CLOUDY 43
WEATHER CONDITIONS. NUMBER OF DAYS WITH
THUNDERSTORM 0 MIXED PRECIP 0
HEAVY RAIN 0 RAIN 6
LIGHT RAIN 17 FREEZING RAIN 1
LT FREEZING RAIN 2 HAIL 0
HEAVY SNOW 3 SNOW 9
LIGHT SNOW 41 SLEET 0
FOG 47 FOG W/VIS <= 1/4 MILE 5
HAZE 41
- INDICATES NEGATIVE NUMBERS.
R INDICATES RECORD WAS SET OR TIED.
MM INDICATES DATA IS MISSING.
T INDICATES TRACE AMOUNT.
$$