885
CXUS51 KCLE 051859
CLSTOL
CLIMATE REPORT
NATIONAL WEATHER SERVICE CLEVELAND, OH
159 PM EST SAT DEC 05 2020
...................................
...THE TOLEDO OH CLIMATE SUMMARY FOR THE SEASON, FROM
9/1/2020 TO 11/30/2020...
CLIMATE NORMAL PERIOD 1981 TO 2010
CLIMATE RECORD PERIOD 1873 TO 2020
WEATHER OBSERVED NORMAL DEPART
VALUE DATE(S) VALUE FROM
NORMAL
................................................
TEMPERATURE (F)
RECORD
HIGH 100 09/02/1953
09/01/1953
09/15/1939
LOW 0 10/10/2008
HIGHEST 88 09/03
LOWEST 21 11/14
11/18
AVG. MAXIMUM 65.4 62.6 2.8
AVG. MINIMUM 44.7 42.6 2.1
MEAN 55.0 52.6 2.4
DAYS MAX >= 90 0 0.9
DAYS MAX <= 32 0 1.1
DAYS MIN <= 32 12 18.7
DAYS MIN <= 0 0 0.0
PRECIPITATION (INCHES)
RECORD
MAXIMUM 18.56 1881
MINIMUM 2.50 1908
TOTALS 7.31 8.24 -0.93
DAYS >= .01 29 31.1
DAYS >= .10 17 16.9
DAYS >= .50 5 5.0
DAYS >= 1.00 0 1.6
SNOWFALL (INCHES)
RECORDS
TOTAL 17.9 1996
TOTALS 1.3 2.1
DAYS >= TRACE 4
DAYS >= 1.0 1 0.8
DEGREE DAYS
HEATING TOTAL 984 1219 -235
COOLING TOTAL 96 91 5
................................................
WIND (MPH)
HIGHEST GUST SPEED/DIRECTION 64/250 DATE 11/15
SKY COVER
POSSIBLE SUNSHINE (PERCENT) MM
NUMBER OF DAYS FAIR 46
NUMBER OF DAYS PC 25
NUMBER OF DAYS CLOUDY 20
WEATHER CONDITIONS. NUMBER OF DAYS WITH
THUNDERSTORM 6 MIXED PRECIP 0
HEAVY RAIN 9 RAIN 16
LIGHT RAIN 33 FREEZING RAIN 0
LT FREEZING RAIN 0 HAIL 0
HEAVY SNOW 0 SNOW 2
LIGHT SNOW 4 SLEET 0
FOG 38 FOG W/VIS <= 1/4 MILE 4
HAZE 22
- INDICATES NEGATIVE NUMBERS.
R INDICATES RECORD WAS SET OR TIED.
MM INDICATES DATA IS MISSING.
T INDICATES TRACE AMOUNT.
$$