000
CXUS51 KCLE 031749
CLSTOL
CLIMATE REPORT
NATIONAL WEATHER SERVICE CLEVELAND, OH
149 PM EDT SAT JUN 03 2023
...................................
...THE TOLEDO OH CLIMATE SUMMARY FOR THE SEASON, FROM
3/1/2023 TO 5/31/2023...
CLIMATE NORMAL PERIOD 1991 TO 2020
CLIMATE RECORD PERIOD 1873 TO 2023
WEATHER OBSERVED NORMAL DEPART
VALUE DATE(S) VALUE FROM
NORMAL
................................................
TEMPERATURE (F)
RECORD
HIGH 98 05/28/2018
LOW -10 03/12/1948
HIGHEST 91 05/30
LOWEST 21 03/19
AVG. MAXIMUM 62.0 61.1 0.9
AVG. MINIMUM 39.8 40.4 -0.6
MEAN 50.9 50.7 0.2
DAYS MAX >= 90 1 1.3
DAYS MAX <= 32 0 3.5
DAYS MIN <= 32 24 28.8
DAYS MIN <= 0 0 0.2
PRECIPITATION (INCHES)
RECORD
MAXIMUM 17.75 1913
MINIMUM 4.11 1981
TOTALS 6.85 9.88 -3.03
DAYS >= .01 34 36.7
DAYS >= .10 20 21.8
DAYS >= .50 3 6.1
DAYS >= 1.00 1 1.7
SNOWFALL (INCHES)
RECORDS
TOTAL 20.9 1916
TOTALS 3.9 6.6
DAYS >= TRACE 9
DAYS >= 1.0 1 2.1
DEGREE DAYS
HEATING TOTAL 1327 1396 -69
COOLING TOTAL 52 81 -29
................................................
WIND (MPH)
HIGHEST GUST SPEED/DIRECTION 59/250 DATE 04/01
SKY COVER
POSSIBLE SUNSHINE (PERCENT) MM
NUMBER OF DAYS FAIR 47
NUMBER OF DAYS PC 21
NUMBER OF DAYS CLOUDY 24
WEATHER CONDITIONS. NUMBER OF DAYS WITH
THUNDERSTORM 4 MIXED PRECIP 0
HEAVY RAIN 6 RAIN 12
LIGHT RAIN 31 FREEZING RAIN 0
LT FREEZING RAIN 0 HAIL 0
HEAVY SNOW 0 SNOW 2
LIGHT SNOW 8 SLEET 0
FOG 33 FOG W/VIS <= 1/4 MILE 6
HAZE 13
- INDICATES NEGATIVE NUMBERS.
R INDICATES RECORD WAS SET OR TIED.
MM INDICATES DATA IS MISSING.
T INDICATES TRACE AMOUNT.
$$