000
CXUS55 KCYS 011652
CLMTOR
CLIMATE REPORT
NATIONAL WEATHER SERVICE CHEYENNE WY
1052 AM MDT SUN OCT 01 2023
...................................
...THE TORRINGTON WY AIRPORT CLIMATE SUMMARY FOR THE MONTH OF SEPTEMBER 2023...
CLIMATE NORMAL PERIOD 1991 TO 2020
CLIMATE RECORD PERIOD 1998 TO 2023
WEATHER OBSERVED NORMAL DEPART LAST YEAR`S
VALUE DATE(S) VALUE FROM VALUE DATE(S)
NORMAL
................................................................
TEMPERATURE (F)
RECORD
HIGH 102 09/05/2020
LOW 20 09/29/1999
HIGHEST 98 09/01 MM MM 101
LOWEST 38 09/25 MM MM 36
AVG. MAXIMUM 81.6 79.0 2.6 84.4
AVG. MINIMUM 48.8 45.4 3.4 48.4
MEAN 65.2 62.2 3.0 66.4
DAYS MAX >= 90 4 6.1 -2.1 11
DAYS MAX <= 32 0 0.0 0.0 0
DAYS MIN <= 32 0 1.3 -1.3 0
DAYS MIN <= 0 0 0.0 0.0 0
PRECIPITATION (INCHES)
RECORD
MAXIMUM 0.43 2021
TOTALS 1.60 1.10 0.50 MM
DAYS >= .01 10 6.4 3.6 0
DAYS >= .10 4 2.6 1.4 0
DAYS >= .50 1 0.6 0.4 0
DAYS >= 1.00 0 0.2 -0.2 0
GREATEST
24 HR. TOTAL 0.63 09/09 TO 09/10 MM
DEGREE DAYS
HEATING TOTAL 58 144 -86 75
SINCE 7/1 72 163 -91 MM
COOLING TOTAL 69 60 9 121
SINCE 1/1 646 724 -78 MM
................................................................
WIND (MPH)
AVERAGE WIND SPEED 7.8
HIGHEST WIND SPEED/DIRECTION 43/240 DATE 09/01
HIGHEST GUST SPEED/DIRECTION 60/240 DATE 09/01
SKY COVER
POSSIBLE SUNSHINE (PERCENT) MM
AVERAGE SKY COVER 0.14
NUMBER OF DAYS FAIR 26
NUMBER OF DAYS PC 3
NUMBER OF DAYS CLOUDY 1
AVERAGE RH (PERCENT) 61
WEATHER CONDITIONS. NUMBER OF DAYS WITH
THUNDERSTORM 12 MIXED PRECIP 0
HEAVY RAIN 4 RAIN 4
LIGHT RAIN 10 FREEZING RAIN 0
LT FREEZING RAIN 0 HAIL 0
HEAVY SNOW 0 SNOW 0
LIGHT SNOW 0 SLEET 0
FOG 10 FOG W/VIS <= 1/4 MILE 1
HAZE 8
- INDICATES NEGATIVE NUMBERS.
R INDICATES RECORD WAS SET OR TIED.
MM INDICATES DATA IS MISSING.
T INDICATES TRACE AMOUNT.
$$