000
CXUS52 KTBW 011100
CF6TPA
PRELIMINARY LOCAL CLIMATOLOGICAL DATA (WS FORM: F-6)
STATION: TAMPA
MONTH: FEBRUARY
YEAR: 2021
LATITUDE: 27 58 N
LONGITUDE: 82 32 W
TEMPERATURE IN F: :PCPN: SNOW: WIND :SUNSHINE: SKY :PK WND
================================================================================
1 2 3 4 5 6A 6B 7 8 9 10 11 12 13 14 15 16 17 18
12Z AVG MX 2MIN
DY MAX MIN AVG DEP HDD CDD WTR SNW DPTH SPD SPD DIR MIN PSBL S-S WX SPD DR
================================================================================
1 68 50 59 -3 6 0 0.91 0.0 0 16.1 26 280 M M 9 13 36 280
2 54 47 51 -11 14 0 0.00 0.0 0 14.0 24 330 M M 5 34 320
3 61 43 52 -10 13 0 0.00 0.0 0 6.7 17 280 M M 0 23 270
4 66 42 54 -8 11 0 0.00 0.0 0 4.7 10 190 M M 3 13 180
5 72 51 62 0 3 0 0.00 0.0 0 8.6 17 190 M M 3 22 180
6 79 61 70 8 0 5 T 0.0 0 7.1 16 190 M M 7 18 22 180
7 72 57 65 3 0 0 0.83 0.0 0 10.4 22 180 M M 6 13 27 190
8 79 57 68 5 0 3 0.00 0.0 0 6.0 10 120 M M 8 17 110
9 79 67 73 10 0 8 0.00 0.0 0 4.9 10 180 M M 5 18 14 190
10 82 66 74 11 0 9 0.00 0.0 0 4.6 10 350 M M 6 128 14 260
11 81 64 73 10 0 8 T 0.0 0 4.1 14 260 M M 3 16 260
12 81 67 74 11 0 9 0.00 0.0 0 5.0 13 180 M M 5 15 190
13 79 67 73 10 0 8 0.75 0.0 0 7.2 29 240 M M 8 1238 36 240
14 79 67 73 10 0 8 0.94 0.0 0 8.5 22 250 M M 9 138 29 240
15 82 70 76 12 0 11 0.12 0.0 0 10.6 22 220 M M 7 13 28 230
16 70 58 64 0 1 0 0.04 0.0 0 10.1 18 350 M M 7 13 28 280
17 74 56 65 1 0 0 0.01 0.0 0 6.9 12 100 M M 9 20 90
18 82 68 75 11 0 10 0.00 0.0 0 10.3 20 200 M M 8 1 25 200
19 77 53 65 1 0 0 0.08 0.0 0 10.8 20 180 M M 7 1 25 180
20 68 47 58 -6 7 0 0.00 0.0 0 8.4 16 350 M M 2 24 360
21 76 51 64 0 1 0 0.00 0.0 0 10.4 17 90 M M 1 27 110
22 79 62 71 7 0 6 0.06 0.0 0 7.2 14 220 M M 6 1 18 100
23 78 58 68 4 0 3 0.00 0.0 0 7.1 15 340 M M 4 19 280
24 77 54 66 1 0 1 0.00 0.0 0 3.9 13 270 M M 2 17 270
25 82 55 69 4 0 4 0.00 0.0 0 4.4 13 300 M M 2 19 280
26 83 63 73 8 0 8 0.00 0.0 0 4.5 12 290 M M 2 14 280
27 85 70 78 13 0 13 0.00 0.0 0 5.5 13 140 M M 5 17 150
28 84 70 77 12 0 12 0.00 0.0 0 7.0 16 150 M M 3 23 180
================================================================================
SM 2129 1641 56 126 3.74 0.0 215.0 M 142
================================================================================
AV 76.0 58.6 7.7 FASTST M M 5 MAX(MPH)
MISC ----> 29 240 # 36 280
================================================================================
NOTES:
# LAST OF SEVERAL OCCURRENCES
COLUMN 17 PEAK WIND IN M.P.H.
PRELIMINARY LOCAL CLIMATOLOGICAL DATA (WS FORM: F-6) , PAGE 2
STATION: TAMPA
MONTH: FEBRUARY
YEAR: 2021
LATITUDE: 27 58 N
LONGITUDE: 82 32 W
[TEMPERATURE DATA] [PRECIPITATION DATA] SYMBOLS USED IN COLUMN 16
AVERAGE MONTHLY: 67.3 TOTAL FOR MONTH: 3.74 1 = FOG OR MIST
DPTR FM NORMAL: 3.9 DPTR FM NORMAL: 0.93 2 = FOG REDUCING VISIBILITY
HIGHEST: 85 ON 27 GRTST 24HR 1.57 ON 13-14 TO 1/4 MILE OR LESS
LOWEST: 42 ON 4 3 = THUNDER
SNOW, ICE PELLETS, HAIL 4 = ICE PELLETS
TOTAL MONTH: 0.0 INCH 5 = HAIL
GRTST 24HR 0.0 6 = FREEZING RAIN OR DRIZZLE
GRTST DEPTH: 0 7 = DUSTSTORM OR SANDSTORM:
VSBY 1/2 MILE OR LESS
8 = SMOKE OR HAZE
[NO. OF DAYS WITH] [WEATHER - DAYS WITH] 9 = BLOWING SNOW
X = TORNADO
MAX 32 OR BELOW: 0 0.01 INCH OR MORE: 9
MAX 90 OR ABOVE: 0 0.10 INCH OR MORE: 5
MIN 32 OR BELOW: 0 0.50 INCH OR MORE: 4
MIN 0 OR BELOW: 0 1.00 INCH OR MORE: 0
[HDD (BASE 65) ]
TOTAL THIS MO. 56 CLEAR (SCALE 0-3) 10
DPTR FM NORMAL -50 PTCLDY (SCALE 4-7) 14
TOTAL FM JUL 1 339 CLOUDY (SCALE 8-10) 4
DPTR FM NORMAL -133
[CDD (BASE 65) ]
TOTAL THIS MO. 126
DPTR FM NORMAL 63 [PRESSURE DATA]
TOTAL FM JAN 1 171 HIGHEST SLP 30.35 ON 21
DPTR FM NORMAL 59 LOWEST SLP 29.82 ON 7
[REMARKS]
#FINAL-02-21#