784
CXUS52 KTBW 030308
CF6TPA
PRELIMINARY LOCAL CLIMATOLOGICAL DATA (WS FORM: F-6)
STATION: Tampa
MONTH: OCTOBER
YEAR: 2020
LATITUDE: 27 58 N
LONGITUDE: 82 32 W
TEMPERATURE IN F: :PCPN: SNOW: WIND :SUNSHINE: SKY :PK WND
================================================================================
1 2 3 4 5 6A 6B 7 8 9 10 11 12 13 14 15 16 17 18
12Z AVG MX 2MIN
DY MAX MIN AVG DEP HDD CDD WTR SNW DPTH SPD SPD DIR MIN PSBL S-S WX SPD DR
================================================================================
1 88 68 78 -2 0 13 0.00 0.0 0 6.9 14 20 M M 7 20 30
2 86 68 77 -2 0 12 0.00 0.0 0 6.4 13 360 M M 7 17 350
3 84 69 77 -2 0 12 0.02 0.0 0 7.7 14 30 M M 7 21 30
4 77 72 75 -4 0 10 0.23 0.0 0 7.6 15 30 M M 9 1 20 30
5 89 74 82 3 0 17 0.00 0.0 0 7.9 13 50 M M 9 22 30
6 94 77 86 7 0 21 0.00 0.0 0 6.6 13 120 M M 7 17 100
7 92 79 86 8 0 21 0.00 0.0 0 5.8 12 70 M M 7 19 80
8 95 78 87 9 0 22 0.00 0.0 0 5.0 12 320 M M 4 14 330
9 93 78 86 8 0 21 0.00 0.0 0 7.4 14 150 M M 3 20 80
10 87 78 83 5 0 18 0.02 0.0 0 8.2 16 180 M M 5 8 22 180
11 88 78 83 6 0 18 0.59 0.0 0 7.0 23 250 M M 6 8 32 240
12 87 75 81 4 0 16 T 0.0 0 5.6 16 270 M M 2 32 270
13 88 74 81 4 0 16 0.00 0.0 0 5.9 15 350 M M 3 19 290
14 92 75 84 7 0 19 0.00 0.0 0 3.9 10 100 M M 3 8 17 270
15 93 74 84 8 0 19 0.00 0.0 0 4.8 16 260 M M 2 25 270
16 92 75 84 8 0 19 0.00 0.0 0 6.0 14 340 M M 6 18 320
17 89 72 81 5 0 16 0.00 0.0 0 7.6 14 10 M M 3 22 10
18 92 73 83 7 0 18 0.00 0.0 0 9.2 24 20 M M 3 35 40
19 90 73 82 7 0 17 0.25 0.0 0 8.1 20 110 M M 6 27 120
20 88 77 83 8 0 18 0.37 0.0 0 6.9 16 120 M M 9 3 24 140
21 85 75 80 5 0 15 0.02 0.0 0 6.3 12 150 M M 8 19 70
22 90 74 82 7 0 17 0.02 0.0 0 6.0 20 120 M M 5 1 28 120
23 88 74 81 7 0 16 0.00 0.0 0 5.6 12 120 M M 8 18 70
24 89 74 82 8 0 17 0.00 0.0 0 5.9 15 100 M M 5 18 120
25 90 75 83 9 0 18 0.00 0.0 0 5.6 13 330 M M 4 21 270
26 92 76 84 10 0 19 0.22 0.0 0 6.6 17 140 M M 5 1 25 140
27 92 77 85 11 0 20 T 0.0 0 8.3 14 130 M M 7 1 22 90
28 92 79 86 13 0 21 T 0.0 0 8.1 15 180 M M 6 21 180
29 88 77 83 10 0 18 0.10 0.0 0 10.0 23 250 M M 5 18 30 260
30 80 65 73 0 0 8 0.00 0.0 0 7.6 15 290 M M 2 31 280
31 86 63 75 3 0 10 0.00 0.0 0 6.0 15 90 M M 5 16 50
================================================================================
SM 2756 2296 0 522 1.84 0.0 210.5 M 168
================================================================================
AV 88.9 74.1 6.8 FASTST M M 5 MAX(MPH)
MISC ----> # 24 20 # 35 40
================================================================================
NOTES:
# LAST OF SEVERAL OCCURRENCES
COLUMN 17 PEAK WIND IN M.P.H.
PRELIMINARY LOCAL CLIMATOLOGICAL DATA (WS FORM: F-6) , PAGE 2
STATION: Tampa
MONTH: OCTOBER
YEAR: 2020
LATITUDE: 27 58 N
LONGITUDE: 82 32 W
[TEMPERATURE DATA] [PRECIPITATION DATA] SYMBOLS USED IN COLUMN 16
AVERAGE MONTHLY: 81.5 TOTAL FOR MONTH: 1.84 1 = FOG OR MIST
DPTR FM NORMAL: 5.3 DPTR FM NORMAL: -0.42 2 = FOG REDUCING VISIBILITY
HIGHEST: 95 ON 8 GRTST 24HR 0.59 ON 11-11 TO 1/4 MILE OR LESS
LOWEST: 63 ON 31 3 = THUNDER
SNOW, ICE PELLETS, HAIL 4 = ICE PELLETS
TOTAL MONTH: 0.0 INCH 5 = HAIL
GRTST 24HR 0.0 6 = FREEZING RAIN OR DRIZZLE
GRTST DEPTH: 0 7 = DUSTSTORM OR SANDSTORM:
VSBY 1/2 MILE OR LESS
8 = SMOKE OR HAZE
[NO. OF DAYS WITH] [WEATHER - DAYS WITH] 9 = BLOWING SNOW
X = TORNADO
MAX 32 OR BELOW: 0 0.01 INCH OR MORE: 10
MAX 90 OR ABOVE: 14 0.10 INCH OR MORE: 6
MIN 32 OR BELOW: 0 0.50 INCH OR MORE: 1
MIN 0 OR BELOW: 0 1.00 INCH OR MORE: 0
[HDD (BASE 65) ]
TOTAL THIS MO. 0 CLEAR (SCALE 0-3) 6
DPTR FM NORMAL -4 PTCLDY (SCALE 4-7) 22
TOTAL FM JUL 1 0 CLOUDY (SCALE 8-10) 3
DPTR FM NORMAL -4
[CDD (BASE 65) ]
TOTAL THIS MO. 522
DPTR FM NORMAL 172 [PRESSURE DATA]
TOTAL FM JAN 1 4209 HIGHEST SLP 30.16 ON 31
DPTR FM NORMAL 843 LOWEST SLP 29.83 ON 25
[REMARKS]
#FINAL-10-20#