000
CXUS56 KLKN 011009
CF6TPH
PRELIMINARY LOCAL CLIMATOLOGICAL DATA (WS FORM: F-6)
STATION: TONOPAH AIRPORT NV
MONTH: SEPTEMBER
YEAR: 2020
LATITUDE: 38 3 N
LONGITUDE: 117 5 W
TEMPERATURE IN F: :PCPN: SNOW: WIND :SUNSHINE: SKY :PK WND
================================================================================
1 2 3 4 5 6A 6B 7 8 9 10 11 12 13 14 15 16 17 18
12Z AVG MX 2MIN
DY MAX MIN AVG DEP HDD CDD WTR SNW DPTH SPD SPD DIR MIN PSBL S-S WX SPD DR
================================================================================
1 88 56 72 3 0 7 0.00 M M 11.2 17 300 M M 0 29 340
2 93 55 74 5 0 9 0.00 M M 6.6 16 10 M M 0 20 10
3 98 57 78 9 0 13 0.00 M M 7.4 15 20 M M 0 18 30
4 99 60 80 12 0 15 0.00 M M 6.8 17 200 M M 0 22 230
5 99 57 78 10 0 13 0.00 M M 9.5 24 180 M M 0 32 160
6 98 59 79 11 0 14 0.00 M M 10.8 29 330 M M 0 36 340
7 93 62 78 10 0 13 0.00 M M 13.1 30 340 M M 1 8 38 330
8 75 49 62 -5 3 0 0.00 M M 19.0 37 360 M M 2 8 45 10
9 81 42 62 -5 3 0 0.00 M M 9.8 20 30 M M 0 29 340
10 78 39 59 -7 6 0 0.00 M M 6.6 15 190 M M 0 19 190
11 84 44 64 -2 1 0 0.00 M M 6.4 14 10 M M 0 16 10
12 87 46 67 1 0 2 0.00 M M 6.4 15 360 M M 0 19 210
13 89 50 70 4 0 5 0.00 M M 9.3 20 210 M M 0 27 190
14 86 51 69 4 0 4 0.00 M M 10.0 24 180 M M 0 8 32 170
15 87 54 71 6 0 6 0.00 M M 8.7 21 200 M M 0 8 27 210
16 88 50 69 5 0 4 0.00 M M 8.9 21 190 M M 0 8 27 180
17 88 50 69 5 0 4 0.00 M M 10.3 25 200 M M 0 8 30 180
18 84 59 72 8 0 7 0.00 M M 11.0 30 210 M M 1 8 36 210
19 79 51 65 2 0 0 0.00 M M 9.8 17 10 M M 0 8 24 280
20 83 47 65 2 0 0 0.00 M M 6.6 17 10 M M 0 19 360
21 87 49 68 5 0 3 0.00 M M 11.0 25 190 M M 0 33 180
22 85 49 67 5 0 2 0.00 M M 7.0 15 290 M M 0 23 220
23 86 47 67 5 0 2 0.00 M M 8.0 18 180 M M 0 25 350
24 86 48 67 6 0 2 0.00 M M 7.8 15 200 M M 0 18 170
25 86 48 67 6 0 2 0.00 M M 6.6 13 180 M M 0 8 17 300
26 84 49 67 6 0 2 0.00 M M 13.0 24 350 M M 0 30 350
27 83 51 67 7 0 2 0.00 M M 12.3 24 10 M M 0 33 350
28 81 48 65 5 0 0 0.00 M M 6.5 18 10 M M 0 22 20
29 83 43 63 3 2 0 0.00 M M 7.2 17 20 M M 0 20 20
30 86 48 67 8 0 2 0.00 M M 9.4 18 310 M M 0 23 310
================================================================================
SM 2604 1518 15 133 0.00 M 277.0 M 4
================================================================================
AV 86.8 50.6 9.2 FASTST M M 0 MAX(MPH)
MISC ----> # 37 360 # 45 10
================================================================================
NOTES:
# LAST OF SEVERAL OCCURRENCES
COLUMN 17 PEAK WIND IN M.P.H.
PRELIMINARY LOCAL CLIMATOLOGICAL DATA (WS FORM: F-6) , PAGE 2
STATION: TONOPAH AIRPORT NV
MONTH: SEPTEMBER
YEAR: 2020
LATITUDE: 38 3 N
LONGITUDE: 117 5 W
[TEMPERATURE DATA] [PRECIPITATION DATA] SYMBOLS USED IN COLUMN 16
AVERAGE MONTHLY: 68.7 TOTAL FOR MONTH: 0.00 1 = FOG OR MIST
DPTR FM NORMAL: 4.2 DPTR FM NORMAL: -0.38 2 = FOG REDUCING VISIBILITY
HIGHEST: 99 ON 5, 4 GRTST 24HR 0.00 ON 30-30 TO 1/4 MILE OR LESS
LOWEST: 39 ON 10 3 = THUNDER
SNOW, ICE PELLETS, HAIL 4 = ICE PELLETS
TOTAL MONTH: M 5 = HAIL
GRTST 24HR M ON M 6 = FREEZING RAIN OR DRIZZLE
GRTST DEPTH: M ON M 7 = DUSTSTORM OR SANDSTORM:
VSBY 1/2 MILE OR LESS
8 = SMOKE OR HAZE
[NO. OF DAYS WITH] [WEATHER - DAYS WITH] 9 = BLOWING SNOW
X = TORNADO
MAX 32 OR BELOW: 0 0.01 INCH OR MORE: 0
MAX 90 OR ABOVE: 6 0.10 INCH OR MORE: 0
MIN 32 OR BELOW: 0 0.50 INCH OR MORE: 0
MIN 0 OR BELOW: 0 1.00 INCH OR MORE: 0
[HDD (BASE 65) ]
TOTAL THIS MO. 15 CLEAR (SCALE 0-3) 30
DPTR FM NORMAL -70 PTCLDY (SCALE 4-7) 0
TOTAL FM JUL 1 15 CLOUDY (SCALE 8-10) 0
DPTR FM NORMAL -76
[CDD (BASE 65) ]
TOTAL THIS MO. 133
DPTR FM NORMAL 65 [PRESSURE DATA]
TOTAL FM JAN 1 1100 HIGHEST SLP M ON M
DPTR FM NORMAL 319 LOWEST SLP 29.67 ON 7
[REMARKS]
#FINAL-09-20#