000
CXUS55 KLKN 021800
CLMTPH
CLIMATE REPORT
NATIONAL WEATHER SERVICE ELKO, NV
1100 AM PDT SAT SEP 02 2023
...................................
...THE TONOPAH AIRPORT NV CLIMATE SUMMARY FOR THE MONTH OF AUGUST 2023...
CLIMATE NORMAL PERIOD 1991 TO 2020
CLIMATE RECORD PERIOD 1954 TO 2023
WEATHER OBSERVED NORMAL DEPART LAST YEAR`S
VALUE DATE(S) VALUE FROM VALUE DATE(S)
NORMAL
................................................................
TEMPERATURE (F)
RECORD
HIGH 103 08/17/2020
08/12/1971
07/18/1998
LOW 37 08/25/1963
08/24/1963
08/30/1957
HIGHEST 94 08/07 98 -4 96 08/23
08/31
LOWEST 51 08/27 46 5 59 08/26
08/28
AVG. MAXIMUM 86.0 90.4 -4.4 90.0
AVG. MINIMUM 58.1 57.0 1.1 62.8
MEAN 72.1 73.7 -1.6 76.4
DAYS MAX >= 90 14 19.9 -5.9 21
DAYS MAX <= 32 0 0.0 0.0 0
DAYS MIN <= 32 0 0.0 0.0 0
DAYS MIN <= 0 0 0.0 0.0 0
PRECIPITATION (INCHES)
RECORD
MAXIMUM 2.74 2000
MINIMUM 0.00 2006
TOTALS 3.46 0.39 3.07 1.01
DAILY AVG. 0.11 0.01 0.10 0.03
DAYS >= .01 3 2.6 0.4 7
DAYS >= .10 3 1.2 1.8 2
DAYS >= .50 2 0.1 1.9 1
DAYS >= 1.00 1 0.0 1.0 0
GREATEST
24 HR. TOTAL 2.55 08/20 TO 08/20 1.09
DEGREE DAYS
HEATING TOTAL 9 2 7 0
SINCE 7/1 9 1 8 MM
COOLING TOTAL 238 272 -34 363
SINCE 1/1 721 804 -83 MM
................................................................
WIND (MPH)
AVERAGE WIND SPEED 9.6
HIGHEST WIND SPEED/DIRECTION 98/131 DATE 08/25
HIGHEST GUST SPEED/DIRECTION 48/190 DATE 08/31
AVERAGE RH (PERCENT) 40
WEATHER CONDITIONS. NUMBER OF DAYS WITH
THUNDERSTORM 3 MIXED PRECIP 0
HEAVY RAIN 2 RAIN 3
LIGHT RAIN 5 FREEZING RAIN 0
LT FREEZING RAIN 0 HAIL 0
HEAVY SNOW 0 SNOW 0
LIGHT SNOW 0 SLEET 0
FOG 3 FOG W/VIS <= 1/4 MILE 0
HAZE 1
- INDICATES NEGATIVE NUMBERS.
R INDICATES RECORD WAS SET OR TIED.
MM INDICATES DATA IS MISSING.
T INDICATES TRACE AMOUNT.
=====================================================================
...AUGUST 2023 IN TONOPAH WAS COLDER AND DRIER THAN NORMAL...
...1ST WETTEST AUGUST ON RECORD FOR TONOPAH...
...A RECORD DAILY RAINFALL OF 2.55 INCHES WAS SET ON AUGUST 20TH...
...A RECORD DAILY RAINFALL OF 0.67 INCHES WAS SET ON AUGUST 21ST...
$$