000
CXUS54 KMRX 011305
CF6TRI
PRELIMINARY LOCAL CLIMATOLOGICAL DATA (WS FORM: F-6)
STATION: TRI-CITIES ASOS
MONTH: JULY
YEAR: 2020
LATITUDE: 36 28 N
LONGITUDE: 82 24 W
TEMPERATURE IN F: :PCPN: SNOW: WIND :SUNSHINE: SKY :PK WND
================================================================================
1 2 3 4 5 6A 6B 7 8 9 10 11 12 13 14 15 16 17 18
12Z AVG MX 2MIN
DY MAX MIN AVG DEP HDD CDD WTR SNW DPTH SPD SPD DIR MIN PSBL S-S WX SPD DR
================================================================================
1 83 67 75 1 0 10 0.10 0.0 0 1.8 10 310 M M 8 1 13 300
2 88 66 77 3 0 12 0.00 0.0 0 2.3 10 350 M M 5 12 14 310
3 92 62 77 3 0 12 0.00 0.0 0 1.1 7 350 M M 3 1 11 150
4 93 64 79 5 0 14 0.00 0.0 0 1.8 10 350 M M 4 18 14 10
5 91 66 79 4 0 14 T 0.0 0 1.8 16 280 M M 5 138 26 160
6 91 66 79 4 0 14 0.00 0.0 0 3.1 13 140 M M 5 1 18 140
7 84 64 74 -1 0 9 0.03 0.0 0 1.7 14 200 M M 7 3 21 180
8 91 65 78 3 0 13 0.06 0.0 0 2.2 10 320 M M 6 123 13 330
9 92 66 79 4 0 14 0.00 0.0 0 1.5 8 20 M M 3 1 14 40
10 89 67 78 3 0 13 0.92 0.0 0 2.7 28 340 M M 6 138 44 310
11 87 66 77 2 0 12 T 0.0 0 4.5 15 270 M M 5 12 22 300
12 85 61 73 -2 0 8 0.00 0.0 0 4.6 14 220 M M 5 1 18 220
13 89 62 76 1 0 11 0.00 0.0 0 2.4 10 300 M M 3 1 16 290
14 90 60 75 0 0 10 0.00 0.0 0 1.3 8 200 M M 2 1 11 260
15 95 62 79 4 0 14 0.00 0.0 0 2.5 12 250 M M 3 15 250
16 95 69 82 7 0 17 0.00 0.0 0 3.2 17 190 M M 5 24 160
17 93 71 82 7 0 17 1.24 0.0 0 2.7 16 270 M M 6 13 32 290
18 94 68 81 6 0 16 0.00 0.0 0 2.0 13 260 M M 3 1 20 260
19 94 68 81 6 0 16 T 0.0 0 2.8 21 330 M M 4 13 30 310
20 94 68 81 6 0 16 0.48 0.0 0 2.2 15 140 M M 5 13 25 130
21 94 70 82 7 0 17 0.00 0.0 0 3.0 12 200 M M 6 13 15 190
22 90 70 80 5 0 15 0.11 0.0 0 2.6 21 140 M M 6 3 33 150
23 89 68 79 4 0 14 1.39 0.0 0 2.2 18 190 M M 7 138 27 180
24 85 65 75 0 0 10 0.67 0.0 0 3.0 23 350 M M 7 13 31 340
25 89 63 76 1 0 11 0.17 0.0 0 2.0 14 210 M M 5 123 18 220
26 89 65 77 2 0 12 0.00 0.0 0 1.3 9 260 M M 5 12 12 270
27 88 68 78 3 0 13 0.16 0.0 0 2.7 24 310 M M 4 138 35 320
28 85 69 77 2 0 12 T 0.0 0 3.7 12 220 M M 7 138 15 280
29 89 69 79 5 0 14 0.04 0.0 0 1.8 9 350 M M 6 13 14 320
30 86 68 77 3 0 12 0.69 0.0 0 3.0 28 230 M M 6 13 36 230
31 88 70 79 5 0 14 0.56 0.0 0 7.2 28 240 M M 8 13 38 240
================================================================================
SM 2782 2053 0 406 6.62 0.0 80.7 M 160
================================================================================
AV 89.7 66.2 2.6 FASTST M M 5 MAX(MPH)
MISC ----> # 28 340 44 310
================================================================================
NOTES:
# LAST OF SEVERAL OCCURRENCES
COLUMN 17 PEAK WIND IN M.P.H.
PRELIMINARY LOCAL CLIMATOLOGICAL DATA (WS FORM: F-6) , PAGE 2
STATION: TRI-CITIES ASOS
MONTH: JULY
YEAR: 2020
LATITUDE: 36 28 N
LONGITUDE: 82 24 W
[TEMPERATURE DATA] [PRECIPITATION DATA] SYMBOLS USED IN COLUMN 16
AVERAGE MONTHLY: 78.0 TOTAL FOR MONTH: 6.62 1 = FOG OR MIST
DPTR FM NORMAL: 3.4 DPTR FM NORMAL: 1.93 2 = FOG REDUCING VISIBILITY
HIGHEST: 95 ON 16,15 GRTST 24HR 1.75 ON 23-24 TO 1/4 MILE OR LESS
LOWEST: 60 ON 14 3 = THUNDER
SNOW, ICE PELLETS, HAIL 4 = ICE PELLETS
TOTAL MONTH: 0.0 INCH 5 = HAIL
GRTST 24HR 0.0 6 = FREEZING RAIN OR DRIZZLE
GRTST DEPTH: 0 7 = DUSTSTORM OR SANDSTORM:
VSBY 1/2 MILE OR LESS
8 = SMOKE OR HAZE
[NO. OF DAYS WITH] [WEATHER - DAYS WITH] 9 = BLOWING SNOW
X = TORNADO
MAX 32 OR BELOW: 0 0.01 INCH OR MORE: 14
MAX 90 OR ABOVE: 15 0.10 INCH OR MORE: 11
MIN 32 OR BELOW: 0 0.50 INCH OR MORE: 6
MIN 0 OR BELOW: 0 1.00 INCH OR MORE: 2
[HDD (BASE 65) ]
TOTAL THIS MO. 0 CLEAR (SCALE 0-3) 4
DPTR FM NORMAL 0 PTCLDY (SCALE 4-7) 26
TOTAL FM JUL 1 0 CLOUDY (SCALE 8-10) 1
DPTR FM NORMAL 0
[CDD (BASE 65) ]
TOTAL THIS MO. 406
DPTR FM NORMAL 107 [PRESSURE DATA]
TOTAL FM JAN 1 701 HIGHEST SLP 30.20 ON 17
DPTR FM NORMAL 123 LOWEST SLP 29.76 ON 12
[REMARKS]
#FINAL-07-20#