000
CXUS56 KSGX 011045
CF6TRM
PRELIMINARY LOCAL CLIMATOLOGICAL DATA (WS FORM: F-6)
STATION: THERMAL AIRPORT CA
MONTH: JUNE
YEAR: 2022
LATITUDE: 33 37 N
LONGITUDE: 116 10 W
TEMPERATURE IN F: :PCPN: SNOW: WIND :SUNSHINE: SKY :PK WND
================================================================================
1 2 3 4 5 6A 6B 7 8 9 10 11 12 13 14 15 16 17 18
12Z AVG MX 2MIN
DY MAX MIN AVG DEP HDD CDD WTR SNW DPTH SPD SPD DIR MIN PSBL S-S WX SPD DR
================================================================================
1 104 60 82 -1 0 17 0.00 M M 4.4 13 300 M M 0 16 310
2 104 59 82 -1 0 17 0.00 M M 7.4 20 340 M M 0 8 25 330
3 101 66 84 1 0 19 0.00 M M 7.3 21 340 M M 0 8 28 340
4 102 67 85 2 0 20 0.00 M M 9.6 28 340 M M 0 36 340
5 103 74 89 5 0 24 0.00 M M 10.9 26 340 M M 0 33 330
6 104 77 91 7 0 26 0.00 M M 9.7 21 310 M M 0 30 310
7 104 67 86 2 0 21 0.00 M M 5.8 17 310 M M 0 23 310
8 103 68 86 2 0 21 0.00 M M 5.5 17 140 M M 0 22 130
9 105 68 87 2 0 22 0.00 M M 4.5 17 140 M M 0 22 150
10 110 69 90 5 0 25 0.00 M M 4.9 14 160 M M 0 18 150
11 112 69 91 6 0 26 0.00 M M 6.1 20 340 M M 0 23 340
12 114 75 95 10 0 30 0.00 M M 8.7 24 280 M M 0 8 33 270
13 106 72 89 3 0 24 T M M 11.1 30 330 M M 0 8 38 330
14 106 73 90 4 0 25 0.00 M M 8.3 22 330 M M 0 8 29 340
15 107 64 86 0 0 21 0.00 M M 5.6 15 120 M M 0 20 140
16 108 64 86 0 0 21 0.00 M M 8.1 20 340 M M 0 27 340
17 106 77 92 6 0 27 0.00 M M 9.7 22 350 M M 0 8 33 270
18 98 58 78 -9 0 13 0.00 M M 10.0 25 330 M M 0 8 35 280
19 97 69 83 -4 0 18 0.00 M M 8.6 22 340 M M 0 27 330
20 104 61 83 -4 0 18 0.00 M M 6.7 15 140 M M 0 19 120
21 106 58 82 -5 0 17 0.00 M M 7.5 22 120 M M 0 8 27 140
22 107 71 89 1 0 24 T M M 8.0 20 330 M M 0 3 27 330
23 109 80 95 7 0 30 0.00 M M 8.8 21 330 M M 0 26 340
24 108 83 96 8 0 31 0.00 M M 8.1 17 330 M M 0 24 310
25 110 81 96 8 0 31 0.00 M M 7.6 20 320 M M 0 27 310
26 107 71 89 1 0 24 0.00 M M 9.1 18 150 M M 0 25 150
27 105 80 93 4 0 28 0.00 M M 6.2 17 150 M M 0 8 25 140
28 112 75 94 5 0 29 0.00 M M 8.4 16 330 M M 0 23 330
29 113 88 101 12 0 36 0.00 M M 10.1 22 330 M M 0 27 340
30 109 76 93 4 0 28 0.00 M M 8.9 23 330 M M 0 29 340
================================================================================
SM 3184 2120 0 713 T M 235.6 M 0
================================================================================
AV106.1 70.7 7.9 FASTST M M 0 MAX(MPH)
MISC ----> 30 330 38 330
================================================================================
NOTES:
# LAST OF SEVERAL OCCURRENCES
COLUMN 17 PEAK WIND IN M.P.H.
PRELIMINARY LOCAL CLIMATOLOGICAL DATA (WS FORM: F-6) , PAGE 2
STATION: THERMAL AIRPORT CA
MONTH: JUNE
YEAR: 2022
LATITUDE: 33 37 N
LONGITUDE: 116 10 W
[TEMPERATURE DATA] [PRECIPITATION DATA] SYMBOLS USED IN COLUMN 16
AVERAGE MONTHLY: 88.4 TOTAL FOR MONTH: T 1 = FOG OR MIST
DPTR FM NORMAL: 2.3 DPTR FM NORMAL: -0.01 2 = FOG REDUCING VISIBILITY
HIGHEST: 114 ON 12 GRTST 24HR T ON 13-13 TO 1/4 MILE OR LESS
LOWEST: 58 ON 21,18 3 = THUNDER
SNOW, ICE PELLETS, HAIL 4 = ICE PELLETS
TOTAL MONTH: M 5 = HAIL
GRTST 24HR M ON M 6 = FREEZING RAIN OR DRIZZLE
GRTST DEPTH: M ON M 7 = DUSTSTORM OR SANDSTORM:
VSBY 1/2 MILE OR LESS
8 = SMOKE OR HAZE
[NO. OF DAYS WITH] [WEATHER - DAYS WITH] 9 = BLOWING SNOW
X = TORNADO
MAX 32 OR BELOW: 0 0.01 INCH OR MORE: 0
MAX 90 OR ABOVE: 30 0.10 INCH OR MORE: 0
MIN 32 OR BELOW: 0 0.50 INCH OR MORE: 0
MIN 0 OR BELOW: 0 1.00 INCH OR MORE: 0
[HDD (BASE 65) ]
TOTAL THIS MO. 0 CLEAR (SCALE 0-3) 30
DPTR FM NORMAL 0 PTCLDY (SCALE 4-7) 0
TOTAL FM JUL 1 995 CLOUDY (SCALE 8-10) 0
DPTR FM NORMAL -112
[CDD (BASE 65) ]
TOTAL THIS MO. 713
DPTR FM NORMAL 81 [PRESSURE DATA]
TOTAL FM JAN 1 1540 HIGHEST SLP 30.02 ON 27
DPTR FM NORMAL 190 LOWEST SLP 29.54 ON 16
[REMARKS]
#FINAL-06-22#