000
CXUS56 KSGX 011045
CF6TRM
PRELIMINARY LOCAL CLIMATOLOGICAL DATA (WS FORM: F-6)
STATION: THERMAL AIRPORT CA
MONTH: MAY
YEAR: 2021
LATITUDE: 33 37 N
LONGITUDE: 116 10 W
TEMPERATURE IN F: :PCPN: SNOW: WIND :SUNSHINE: SKY :PK WND
================================================================================
1 2 3 4 5 6A 6B 7 8 9 10 11 12 13 14 15 16 17 18
12Z AVG MX 2MIN
DY MAX MIN AVG DEP HDD CDD WTR SNW DPTH SPD SPD DIR MIN PSBL S-S WX SPD DR
================================================================================
1 103 59 81 6 0 16 0.00 M M 8.5 24 280 M M 0 8 32 270
2 89 65 77 2 0 12 0.00 M M 20.4 33 330 M M 1 8 43 330
3 98 65 82 7 0 17 0.00 M M 11.1 22 330 M M 0 28 10
4 99 55 77 1 0 12 0.00 M M 6.3 15 130 M M 0 20 140
5 99 56 78 2 0 13 0.00 M M 7.3 16 140 M M 0 25 140
6 99 55 77 1 0 12 0.00 M M 8.2 17 120 M M 0 8 23 330
7 96 57 77 1 0 12 0.00 M M 7.3 25 340 M M 0 32 330
8 96 67 82 5 0 17 0.00 M M 9.5 21 330 M M 0 27 310
9 95 58 77 0 0 12 0.00 M M 6.4 17 330 M M 0 24 320
10 96 68 82 5 0 17 0.00 M M 9.6 18 320 M M 0 27 320
11 99 59 79 1 0 14 0.00 M M 6.7 16 120 M M 0 20 120
12 101 56 79 1 0 14 0.00 M M 6.8 17 130 M M 0 22 130
13 100 60 80 2 0 15 0.00 M M 6.1 13 160 M M 0 18 140
14 100 71 86 8 0 21 0.00 M M 9.4 23 340 M M 0 29 340
15 96 67 82 3 0 17 0.00 M M 12.7 28 330 M M 0 35 340
16 86 64 75 -4 0 10 0.00 M M 17.5 32 340 M M 0 8 40 320
17 93 66 80 1 0 15 0.00 M M 16.4 28 330 M M 0 38 330
18 100 69 85 6 0 20 0.00 M M 11.6 23 330 M M 0 33 330
19 102 72 87 7 0 22 0.00 M M 11.5 28 330 M M 0 34 330
20 96 63 80 0 0 15 0.00 M M 12.3 25 290 M M 0 8 33 280
21 83 63 73 -7 0 8 0.00 M M 13.7 21 330 M M 0 28 280
22 83 59 71 -9 0 6 0.00 M M 11.5 23 330 M M 0 31 340
23 89 58 74 -7 0 9 0.00 M M 7.8 16 330 M M 0 21 320
24 99 63 81 0 0 16 0.00 M M 6.3 20 330 M M 0 24 330
25 102 58 80 -1 0 15 0.00 M M 8.7 21 330 M M 0 26 340
26 101 68 85 4 0 20 0.00 M M 7.6 22 340 M M 0 27 330
27 101 72 87 5 0 22 0.00 M M 9.1 20 330 M M 0 25 340
28 101 66 84 2 0 19 0.00 M M 9.9 18 320 M M 0 25 320
29 101 63 82 0 0 17 0.00 M M 9.1 24 330 M M 0 31 340
30 102 70 86 4 0 21 0.00 M M 7.6 16 310 M M 0 21 310
31 99 65 82 0 0 17 0.00 M M 5.0 14 150 M M 0 18 140
================================================================================
SM 3004 1957 0 473 0.00 M 301.9 M 1
================================================================================
AV 96.9 63.1 9.7 FASTST M M 0 MAX(MPH)
MISC ----> 33 330 43 330
================================================================================
NOTES:
# LAST OF SEVERAL OCCURRENCES
COLUMN 17 PEAK WIND IN M.P.H.
PRELIMINARY LOCAL CLIMATOLOGICAL DATA (WS FORM: F-6) , PAGE 2
STATION: THERMAL AIRPORT CA
MONTH: MAY
YEAR: 2021
LATITUDE: 33 37 N
LONGITUDE: 116 10 W
[TEMPERATURE DATA] [PRECIPITATION DATA] SYMBOLS USED IN COLUMN 16
AVERAGE MONTHLY: 80.0 TOTAL FOR MONTH: 0.00 1 = FOG OR MIST
DPTR FM NORMAL: 1.3 DPTR FM NORMAL: -0.01 2 = FOG REDUCING VISIBILITY
HIGHEST: 103 ON 1 GRTST 24HR 0.00 ON 1- 1 TO 1/4 MILE OR LESS
LOWEST: 55 ON 6, 4 3 = THUNDER
SNOW, ICE PELLETS, HAIL 4 = ICE PELLETS
TOTAL MONTH: M 5 = HAIL
GRTST 24HR M ON M 6 = FREEZING RAIN OR DRIZZLE
GRTST DEPTH: M ON M 7 = DUSTSTORM OR SANDSTORM:
VSBY 1/2 MILE OR LESS
8 = SMOKE OR HAZE
[NO. OF DAYS WITH] [WEATHER - DAYS WITH] 9 = BLOWING SNOW
X = TORNADO
MAX 32 OR BELOW: 0 0.01 INCH OR MORE: 0
MAX 90 OR ABOVE: 26 0.10 INCH OR MORE: 0
MIN 32 OR BELOW: 0 0.50 INCH OR MORE: 0
MIN 0 OR BELOW: 0 1.00 INCH OR MORE: 0
[HDD (BASE 65) ]
TOTAL THIS MO. 0 CLEAR (SCALE 0-3) 31
DPTR FM NORMAL -2 PTCLDY (SCALE 4-7) 0
TOTAL FM JUL 1 1033 CLOUDY (SCALE 8-10) 0
DPTR FM NORMAL -72
[CDD (BASE 65) ]
TOTAL THIS MO. 473
DPTR FM NORMAL 45 [PRESSURE DATA]
TOTAL FM JAN 1 872 HIGHEST SLP 30.05 ON 23
DPTR FM NORMAL 154 LOWEST SLP 29.50 ON 2
[REMARKS]
#FINAL-05-21#