000
CXUS51 KPHI 010915
CF6TTN
PRELIMINARY LOCAL CLIMATOLOGICAL DATA (WS FORM: F-6)
STATION: TRENTON NJ
MONTH: DECEMBER
YEAR: 2022
LATITUDE: 40 16 N
LONGITUDE: 74 49 W
TEMPERATURE IN F: :PCPN: SNOW: WIND :SUNSHINE: SKY :PK WND
================================================================================
1 2 3 4 5 6A 6B 7 8 9 10 11 12 13 14 15 16 17 18
12Z AVG MX 2MIN
DY MAX MIN AVG DEP HDD CDD WTR SNW DPTH SPD SPD DIR MIN PSBL S-S WX SPD DR
================================================================================
1 41 26 34 -7 31 0 0.00 0.0 0 9.9 24 290 M M 0 35 290
2 43 22 33 -8 32 0 0.00 0.0 0 3.1 12 190 M M 1 21 150
3 57 39 48 8 17 0 0.42 0.0 0 11.9 24 210 M M 7 1 37 210
4 45 28 37 -3 28 0 0.00 0.0 0 4.0 13 310 M M 0 18 300
5 46 21 34 -6 31 0 0.00 0.0 0 2.7 12 140 M M 0 13 170
6 56 29 43 4 22 0 0.46 0.0 0 7.3 17 170 M M 9 1 23 160
7 56 51 54 15 11 0 0.09 0.0 0 5.2 13 210 M M 10 1 16 200
8 52 41 47 8 18 0 0.00 0.0 0 6.7 17 340 M M 1 1 21 350
9 46 29 38 -1 27 0 0.00 0.0 0 6.2 14 350 M M 0 17 340
10 41 26 34 -4 31 0 0.00 0.0 0 7.0 13 70 M M 4 16 80
11 39 35 37 -1 28 0 0.16 T 0 7.1 13 70 M M 10 14 17 60
12 40 28 34 -4 31 0 0.00 0.0 0 8.0 14 340 M M 7 21 360
13 41 24 33 -5 32 0 0.00 0.0 0 5.4 13 340 M M 0 17 350
14 40 25 33 -4 32 0 0.00 0.0 0 5.9 15 340 M M 0 20 330
15 43 29 36 -1 29 0 1.19 0.1 0 11.5 24 70 M M 7 14 30 60
16 44 39 42 5 23 0 0.17 0.0 0 13.3 28 50 M M 10 1 37 60
17 43 35 39 3 26 0 0.00 0.0 0 6.4 18 300 M M 7 25 270
18 39 29 34 -2 31 0 0.00 0.0 0 7.6 17 300 M M 6 24 300
19 36 27 32 -4 33 0 0.00 0.0 0 9.3 20 290 M M 3 28 300
20 39 23 31 -5 34 0 0.00 0.0 0 6.6 17 340 M M 1 22 340
21 39 22 31 -5 34 0 0.00 0.0 0 2.5 8 340 M M 0 10 20
22 47 24 36 1 29 0 0.58 T 0 10.4 24 60 M M 7 14 31 60
23 57 7 32 -3 33 0 0.55 0.1 0 18.4 29 260 M M 9 1 44 250
24 14 5 10 -25 55 0 0.00 0.0 0 14.0 22 260 M M 2 32 250
25 26 12 19 -16 46 0 0.00 0.0 0 9.5 18 260 M M 2 27 260
26 28 11 20 -14 45 0 0.00 0.0 0 6.5 15 300 M M 1 20 290
27 34 23 29 -5 36 0 0.00 0.0 0 3.4 10 260 M M 9 13 260
28 46 23 35 1 30 0 0.00 0.0 0 3.6 15 210 M M 1 18 20 220
29 51 24 38 4 27 0 0.00 0.0 0 3.2 9 190 M M 0 14 240
30 58 29 44 10 21 0 0.00 0.0 0 2.4 9 210 M M 1 1 12 200
31 53 40 47 14 18 0 0.27 0.0 0 1.2 7 250 M M 9 12 11 270
================================================================================
SM 1340 826 921 0 3.89 0.2 220.2 M 124
================================================================================
AV 43.2 26.6 7.1 FASTST M M 4 MAX(MPH)
MISC ----> 29 260 44 250
================================================================================
NOTES:
# LAST OF SEVERAL OCCURRENCES
COLUMN 17 PEAK WIND IN M.P.H.
PRELIMINARY LOCAL CLIMATOLOGICAL DATA (WS FORM: F-6) , PAGE 2
STATION: TRENTON NJ
MONTH: DECEMBER
YEAR: 2022
LATITUDE: 40 16 N
LONGITUDE: 74 49 W
[TEMPERATURE DATA] [PRECIPITATION DATA] SYMBOLS USED IN COLUMN 16
AVERAGE MONTHLY: 34.9 TOTAL FOR MONTH: 3.89 1 = FOG OR MIST
DPTR FM NORMAL: -1.9 DPTR FM NORMAL: -0.15 2 = FOG REDUCING VISIBILITY
HIGHEST: 58 ON 30 GRTST 24HR 1.30 ON 15-16 TO 1/4 MILE OR LESS
LOWEST: 5 ON 24 3 = THUNDER
SNOW, ICE PELLETS, HAIL 4 = ICE PELLETS
TOTAL MONTH: 0.2 INCH 5 = HAIL
GRTST 24HR 0.1 ON 15-15 6 = FREEZING RAIN OR DRIZZLE
GRTST DEPTH: 0 7 = DUSTSTORM OR SANDSTORM:
VSBY 1/2 MILE OR LESS
8 = SMOKE OR HAZE
[NO. OF DAYS WITH] [WEATHER - DAYS WITH] 9 = BLOWING SNOW
X = TORNADO
MAX 32 OR BELOW: 3 0.01 INCH OR MORE: 9
MAX 90 OR ABOVE: 0 0.10 INCH OR MORE: 8
MIN 32 OR BELOW: 24 0.50 INCH OR MORE: 3
MIN 0 OR BELOW: 0 1.00 INCH OR MORE: 1
[HDD (BASE 65) ]
TOTAL THIS MO. 921 CLEAR (SCALE 0-3) 17
DPTR FM NORMAL 48 PTCLDY (SCALE 4-7) 7
TOTAL FM JUL 1 1857 CLOUDY (SCALE 8-10) 7
DPTR FM NORMAL 40
[CDD (BASE 65) ]
TOTAL THIS MO. 0
DPTR FM NORMAL 0 [PRESSURE DATA]
TOTAL FM JAN 1 1208 HIGHEST SLP 30.56 ON 2
DPTR FM NORMAL 158 LOWEST SLP 29.06 ON 23
[REMARKS]
#FINAL-12-22#